Apr 26 04:16:37 localhost systemd-udevd[411]: worker [430] exited
Apr 26 04:16:37 localhost systemd-udevd[411]: worker [430] cleaned up
Apr 26 04:16:37 localhost systemd-udevd[411]: worker [423] cleaned up
Apr 26 04:16:37 localhost systemd-udevd[411]: worker [418] cleaned up
Apr 26 04:16:37 localhost systemd-udevd[411]: Unload module index
Apr 26 04:16:37 localhost systemd-udevd[411]: Unloaded link configuration context.
Apr 26 04:16:37 localhost systemd[1]: Stopped udev Kernel Device Manager.
Apr 26 04:16:39 localhost systemd[1]: Stopped udev Kernel Device Manager.
Apr 26 04:16:39 localhost systemd[1]: Starting udev Kernel Device Manager...
Apr 26 04:16:39 localhost systemd-udevd[490]: ctrl=4 netlink=3
Apr 26 04:16:39 localhost systemd-udevd[490]: starting version 219
Apr 26 04:16:39 localhost systemd-udevd[490]: === trie on-disk ===
Apr 26 04:16:39 localhost systemd-udevd[490]: tool version: 219
Apr 26 04:16:39 localhost systemd-udevd[490]: file size: 6714875 bytes
Apr 26 04:16:39 localhost systemd-udevd[490]: header size 80 bytes
Apr 26 04:16:39 localhost systemd-udevd[490]: strings 1722699 bytes
Apr 26 04:16:39 localhost systemd-udevd[490]: nodes 4992096 bytes
Apr 26 04:16:39 localhost systemd-udevd[490]: Load module index
Apr 26 04:16:39 localhost systemd-udevd[490]: timestamp of '/etc/systemd/network' changed
Apr 26 04:16:39 localhost systemd-udevd[490]: timestamp of '/usr/lib/systemd/network' changed
Apr 26 04:16:39 localhost systemd-udevd[490]: Parsed configuration file /usr/lib/systemd/network/99-default.link
Apr 26 04:16:39 localhost systemd-udevd[490]: Created link configuration context.
Apr 26 04:16:39 localhost systemd-udevd[490]: timestamp of '/etc/udev/rules.d' changed
Apr 26 04:16:39 localhost systemd-udevd[490]: timestamp of '/usr/lib/udev/rules.d' changed
Apr 26 04:16:39 localhost systemd-udevd[490]: Reading rules file: /usr/lib/udev/rules.d/10-dm.rules
Apr 26 04:16:39 localhost systemd-udevd[490]: Reading rules file: /usr/lib/udev/rules.d/11-dm-lvm.rules
Apr 26 04:16:39 localhost systemd-udevd[490]: Reading rules file: /usr/lib/udev/rules.d/13-dm-disk.rules
Apr 26 04:16:39 localhost systemd-udevd[490]: Reading rules file: /usr/lib/udev/rules.d/40-hpet-permissions.rules
Apr 26 04:16:39 localhost systemd-udevd[490]: Reading rules file: /usr/lib/udev/rules.d/42-usb-hid-pm.rules
Apr 26 04:16:39 localhost systemd-udevd[490]: Reading rules file: /usr/lib/udev/rules.d/50-udev-default.rules
Apr 26 04:16:39 localhost systemd-udevd[490]: Reading rules file: /usr/lib/udev/rules.d/60-block.rules
Apr 26 04:16:39 localhost systemd-udevd[490]: Reading rules file: /usr/lib/udev/rules.d/60-cdrom_id.rules
Apr 26 04:16:39 localhost systemd-udevd[490]: Reading rules file: /usr/lib/udev/rules.d/60-drm.rules
Apr 26 04:16:39 localhost systemd-udevd[490]: Reading rules file: /usr/lib/udev/rules.d/60-evdev.rules
Apr 26 04:16:39 localhost systemd-udevd[490]: Reading rules file: /usr/lib/udev/rules.d/60-pcmcia.rules
Apr 26 04:16:39 localhost systemd-udevd[490]: Reading rules file: /usr/lib/udev/rules.d/60-persistent-alsa.rules
Apr 26 04:16:39 localhost systemd-udevd[490]: Reading rules file: /usr/lib/udev/rules.d/60-persistent-input.rules
Apr 26 04:16:39 localhost systemd-udevd[490]: Reading rules file: /usr/lib/udev/rules.d/60-persistent-storage-tape.rules
Apr 26 04:16:39 localhost systemd-udevd[490]: Reading rules file: /usr/lib/udev/rules.d/60-persistent-storage.rules
Apr 26 04:16:39 localhost systemd-udevd[490]: Reading rules file: /usr/lib/udev/rules.d/60-persistent-v4l.rules
Apr 26 04:16:39 localhost systemd-udevd[490]: Reading rules file: /usr/lib/udev/rules.d/60-serial.rules
Apr 26 04:16:39 localhost systemd-udevd[490]: Reading rules file: /usr/lib/udev/rules.d/61-accelerometer.rules
Apr 26 04:16:39 localhost systemd-udevd[490]: Reading rules file: /usr/lib/udev/rules.d/63-md-raid-arrays.rules
Apr 26 04:16:39 localhost systemd-udevd[490]: Reading rules file: /usr/lib/udev/rules.d/64-btrfs.rules
Apr 26 04:16:39 localhost systemd-udevd[490]: Reading rules file: /usr/lib/udev/rules.d/64-md-raid-assembly.rules
Apr 26 04:16:39 localhost systemd-udevd[490]: Reading rules file: /usr/lib/udev/rules.d/65-kvm.rules
Apr 26 04:16:39 localhost systemd-udevd[490]: Reading rules file: /usr/lib/udev/rules.d/69-cd-sensors.rules
Apr 26 04:16:39 localhost systemd-udevd[490]: Reading rules file: /usr/lib/udev/rules.d/69-dm-lvm-metad.rules
Apr 26 04:16:39 localhost systemd-udevd[490]: Reading rules file: /usr/lib/udev/rules.d/70-infrared.rules
Apr 26 04:16:39 localhost systemd-udevd[490]: Reading rules file: /usr/lib/udev/rules.d/70-mouse.rules
Apr 26 04:16:39 localhost systemd-udevd[490]: Reading rules file: /usr/lib/udev/rules.d/70-power-switch.rules
Apr 26 04:16:39 localhost systemd-udevd[490]: Reading rules file: /usr/lib/udev/rules.d/70-touchpad.rules
Apr 26 04:16:39 localhost systemd-udevd[490]: Reading rules file: /usr/lib/udev/rules.d/70-uaccess.rules
Apr 26 04:16:39 localhost systemd-udevd[490]: Reading rules file: /usr/lib/udev/rules.d/71-seat.rules
Apr 26 04:16:39 localhost systemd-udevd[490]: Reading rules file: /usr/lib/udev/rules.d/73-seat-late.rules
Apr 26 04:16:39 localhost systemd-udevd[490]: Reading rules file: /usr/lib/udev/rules.d/75-net-description.rules
Apr 26 04:16:39 localhost systemd-udevd[490]: Reading rules file: /usr/lib/udev/rules.d/75-probe_mtd.rules
Apr 26 04:16:39 localhost systemd-udevd[490]: Reading rules file: /usr/lib/udev/rules.d/78-sound-card.rules
Apr 26 04:16:39 localhost systemd-udevd[490]: Reading rules file: /usr/lib/udev/rules.d/80-drivers.rules
Apr 26 04:16:39 localhost systemd-udevd[490]: Reading rules file: /usr/lib/udev/rules.d/80-net-setup-link.rules
Apr 26 04:16:39 localhost systemd-udevd[490]: Reading rules file: /usr/lib/udev/rules.d/90-alsa-restore.rules
Apr 26 04:16:39 localhost systemd-udevd[490]: Reading rules file: /usr/lib/udev/rules.d/90-pulseaudio.rules
Apr 26 04:16:39 localhost systemd-udevd[490]: Reading rules file: /usr/lib/udev/rules.d/90-vconsole.rules
Apr 26 04:16:39 localhost systemd-udevd[490]: Reading rules file: /usr/lib/udev/rules.d/95-cd-devices.rules
Apr 26 04:16:39 localhost systemd-udevd[490]: Reading rules file: /usr/lib/udev/rules.d/95-dm-notify.rules
Apr 26 04:16:39 localhost systemd-udevd[490]: Reading rules file: /usr/lib/udev/rules.d/99-systemd.rules
Apr 26 04:16:39 localhost systemd-udevd[490]: Reading rules file: /etc/udev/rules.d/wakeup.rules
Apr 26 04:16:39 localhost systemd-udevd[490]: rules contain 49152 bytes tokens (4096 * 12 bytes), 13910 bytes strings
Apr 26 04:16:39 localhost systemd-udevd[490]: 2319 strings (28800 bytes), 1556 de-duplicated (15654 bytes), 764 trie nodes used
Apr 26 04:16:39 localhost systemd-udevd[490]: set children_max to 16
Apr 26 04:16:39 localhost systemd[1]: Started udev Kernel Device Manager.
Apr 26 04:16:39 localhost systemd-udevd[490]: restoring old watch on '/dev/sr0'
Apr 26 04:16:39 localhost systemd-udevd[490]: adding watch on '/dev/sr0'
Apr 26 04:16:39 localhost systemd-udevd[490]: Validate module index
Apr 26 04:16:39 localhost systemd-udevd[490]: Check if link configuration needs reloading.
Apr 26 04:16:39 localhost systemd-udevd[490]: seq 2832 queued, 'add' 'bus'
Apr 26 04:16:39 localhost systemd-udevd[490]: seq 2832 forked new worker [497]
Apr 26 04:16:39 localhost systemd-udevd[490]: seq 2833 queued, 'add' 'drivers'
Apr 26 04:16:39 localhost systemd-udevd[490]: seq 2834 queued, 'add' 'drivers'
Apr 26 04:16:39 localhost systemd-udevd[497]: seq 2832 running
Apr 26 04:16:39 localhost systemd-udevd[490]: seq 2835 queued, 'add' 'drivers'
Apr 26 04:16:39 localhost systemd-udevd[490]: seq 2836 queued, 'add' 'drivers'
Apr 26 04:16:39 localhost systemd-udevd[490]: seq 2837 queued, 'add' 'drivers'
Apr 26 04:16:39 localhost systemd-udevd[497]: sd-device: failed to read uevent file '/sys/bus/uevent': No such file or directory
Apr 26 04:16:39 localhost systemd-udevd[490]: seq 2838 queued, 'add' 'drivers'
Apr 26 04:16:39 localhost systemd-udevd[497]: passed unknown number of bytes to netlink monitor 0x7fee1741fc50
Apr 26 04:16:39 localhost systemd-udevd[497]: seq 2832 processed with 0
Apr 26 04:16:39 localhost systemd-udevd[490]: seq 2839 queued, 'add' 'drivers'
Apr 26 04:16:39 localhost systemd-udevd[490]: seq 2840 queued, 'add' 'drivers'
Apr 26 04:16:39 localhost systemd-udevd[490]: passed 158 bytes to netlink monitor 0x7fee174132e0
Apr 26 04:16:39 localhost systemd-udevd[497]: seq 2833 running
Apr 26 04:16:39 localhost systemd-udevd[490]: seq 2834 forked new worker [498]
Apr 26 04:16:39 localhost systemd-udevd[490]: seq 2835 forked new worker [499]
Apr 26 04:16:39 localhost systemd-udevd[500]: seq 2836 running
Apr 26 04:16:39 localhost systemd-udevd[499]: seq 2835 running
Apr 26 04:16:39 localhost systemd-udevd[499]: sd-device: failed to read uevent file '/sys/bus/acpi/drivers/uevent': No such file or directory
Apr 26 04:16:39 localhost systemd-udevd[499]: passed unknown number of bytes to netlink monitor 0x7fee17422ac0
Apr 26 04:16:39 localhost systemd-udevd[499]: seq 2835 processed with 0
Apr 26 04:16:39 localhost systemd-udevd[500]: sd-device: failed to read uevent file '/sys/bus/acpi/drivers/uevent': No such file or directory
Apr 26 04:16:39 localhost systemd-udevd[500]: passed unknown number of bytes to netlink monitor 0x7fee17422d20
Apr 26 04:16:39 localhost systemd-udevd[500]: seq 2836 processed with 0
Apr 26 04:16:39 localhost systemd-udevd[490]: seq 2836 forked new worker [500]
Apr 26 04:16:39 localhost systemd-udevd[490]: seq 2837 forked new worker [503]
Apr 26 04:16:39 localhost systemd-udevd[490]: seq 2838 forked new worker [504]
Apr 26 04:16:39 localhost systemd-udevd[503]: seq 2837 running
Apr 26 04:16:39 localhost systemd-udevd[490]: seq 2839 forked new worker [505]
Apr 26 04:16:39 localhost systemd-udevd[503]: sd-device: failed to read uevent file '/sys/bus/acpi/drivers/uevent': No such file or directory
Apr 26 04:16:39 localhost systemd-udevd[490]: seq 2840 forked new worker [506]
Apr 26 04:16:39 localhost systemd-udevd[490]: seq 2841 queued, 'add' 'drivers'
Apr 26 04:16:39 localhost systemd-udevd[490]: passed 137 bytes to netlink monitor 0x7fee174132e0
Apr 26 04:16:39 localhost systemd-udevd[506]: seq 2840 running
Apr 26 04:16:39 localhost systemd-udevd[506]: sd-device: failed to read uevent file '/sys/bus/acpi/drivers/uevent': No such file or directory
Apr 26 04:16:39 localhost systemd-udevd[499]: seq 2841 running
Apr 26 04:16:39 localhost systemd-udevd[503]: passed unknown number of bytes to netlink monitor 0x7fee17422f80
Apr 26 04:16:39 localhost systemd-udevd[505]: seq 2839 running
Apr 26 04:16:39 localhost systemd-udevd[490]: seq 2842 queued, 'add' 'bus'
Apr 26 04:16:39 localhost systemd-udevd[497]: sd-device: failed to read uevent file '/sys/bus/acpi/drivers/uevent': No such file or directory
Apr 26 04:16:39 localhost systemd-udevd[498]: seq 2834 running
Apr 26 04:16:39 localhost systemd-udevd[506]: passed unknown number of bytes to netlink monitor 0x7fee174236a0
Apr 26 04:16:39 localhost systemd-udevd[499]: sd-device: failed to read uevent file '/sys/bus/acpi/drivers/uevent': No such file or directory
Apr 26 04:16:39 localhost systemd-udevd[503]: seq 2837 processed with 0
Apr 26 04:16:39 localhost systemd-udevd[504]: seq 2838 running
Apr 26 04:16:39 localhost systemd-udevd[505]: sd-device: failed to read uevent file '/sys/bus/acpi/drivers/uevent': No such file or directory
Apr 26 04:16:39 localhost systemd-udevd[490]: passed 128 bytes to netlink monitor 0x7fee174132e0
Apr 26 04:16:39 localhost systemd-udevd[500]: seq 2842 running
Apr 26 04:16:39 localhost systemd-udevd[497]: passed unknown number of bytes to netlink monitor 0x7fee1741fc50
Apr 26 04:16:39 localhost systemd-udevd[498]: sd-device: failed to read uevent file '/sys/bus/acpi/drivers/uevent': No such file or directory
Apr 26 04:16:39 localhost systemd-udevd[506]: seq 2840 processed with 0
Apr 26 04:16:39 localhost systemd-udevd[499]: passed unknown number of bytes to netlink monitor 0x7fee17422ac0
Apr 26 04:16:39 localhost systemd-udevd[504]: sd-device: failed to read uevent file '/sys/bus/acpi/drivers/uevent': No such file or directory
Apr 26 04:16:39 localhost systemd-udevd[505]: passed unknown number of bytes to netlink monitor 0x7fee17423440
Apr 26 04:16:39 localhost systemd-udevd[490]: seq 2843 queued, 'add' 'bus'
Apr 26 04:16:39 localhost systemd-udevd[500]: sd-device: failed to read uevent file '/sys/bus/uevent': No such file or directory
Apr 26 04:16:39 localhost systemd-udevd[497]: seq 2833 processed with 0
Apr 26 04:16:39 localhost systemd-udevd[498]: passed unknown number of bytes to netlink monitor 0x7fee17422860
Apr 26 04:16:39 localhost systemd-udevd[499]: seq 2841 processed with 0
Apr 26 04:16:39 localhost systemd-udevd[504]: passed unknown number of bytes to netlink monitor 0x7fee174231e0
Apr 26 04:16:39 localhost systemd-udevd[505]: seq 2839 processed with 0
Apr 26 04:16:39 localhost systemd-udevd[490]: passed 128 bytes to netlink monitor 0x7fee174132e0
Apr 26 04:16:39 localhost systemd-udevd[503]: seq 2843 running
Apr 26 04:16:39 localhost systemd-udevd[500]: passed unknown number of bytes to netlink monitor 0x7fee17422d20
Apr 26 04:16:39 localhost systemd-udevd[498]: seq 2834 processed with 0
Apr 26 04:16:39 localhost systemd-udevd[504]: seq 2838 processed with 0
Apr 26 04:16:39 localhost systemd-udevd[490]: seq 2844 queued, 'add' 'bus'
Apr 26 04:16:39 localhost systemd-udevd[503]: sd-device: failed to read uevent file '/sys/bus/uevent': No such file or directory
Apr 26 04:16:39 localhost systemd-udevd[500]: seq 2842 processed with 0
Apr 26 04:16:39 localhost systemd-udevd[490]: passed 126 bytes to netlink monitor 0x7fee174132e0
Apr 26 04:16:39 localhost systemd-udevd[497]: seq 2844 running
Apr 26 04:16:39 localhost systemd-udevd[503]: passed unknown number of bytes to netlink monitor 0x7fee17422f80
Apr 26 04:16:39 localhost systemd-udevd[490]: seq 2845 queued, 'add' 'bus'
Apr 26 04:16:39 localhost systemd-udevd[497]: sd-device: failed to read uevent file '/sys/bus/uevent': No such file or directory
Apr 26 04:16:39 localhost systemd-udevd[503]: seq 2843 processed with 0
Apr 26 04:16:39 localhost systemd-udevd[490]: passed 120 bytes to netlink monitor 0x7fee174132e0
Apr 26 04:16:39 localhost systemd-udevd[498]: seq 2845 running
Apr 26 04:16:39 localhost systemd-udevd[497]: passed unknown number of bytes to netlink monitor 0x7fee1741fc50
Apr 26 04:16:39 localhost systemd-udevd[490]: seq 2846 queued, 'add' 'drivers'
Apr 26 04:16:39 localhost systemd-udevd[498]: sd-device: failed to read uevent file '/sys/bus/uevent': No such file or directory
Apr 26 04:16:39 localhost systemd-udevd[497]: seq 2844 processed with 0
Apr 26 04:16:39 localhost systemd-udevd[490]: seq 2847 queued, 'add' 'bus'
Apr 26 04:16:39 localhost systemd-udevd[498]: passed unknown number of bytes to netlink monitor 0x7fee17422860
Apr 26 04:16:39 localhost systemd-udevd[490]: passed 129 bytes to netlink monitor 0x7fee174132e0
Apr 26 04:16:39 localhost systemd-udevd[499]: seq 2847 running
Apr 26 04:16:39 localhost systemd-udevd[498]: seq 2845 processed with 0
Apr 26 04:16:39 localhost systemd-udevd[490]: seq 2848 queued, 'add' 'bus'
Apr 26 04:16:39 localhost systemd-udevd[499]: IMPORT builtin 'hwdb' /usr/lib/udev/rules.d/60-evdev.rules:8
Apr 26 04:16:39 localhost systemd-udevd[490]: passed 120 bytes to netlink monitor 0x7fee174132e0
Apr 26 04:16:39 localhost systemd-udevd[497]: seq 2848 running
Apr 26 04:16:39 localhost systemd-udevd[499]: IMPORT builtin 'hwdb' returned non-zero
Apr 26 04:16:39 localhost systemd-udevd[490]: seq 2849 queued, 'add' 'drivers'
Apr 26 04:16:39 localhost systemd-udevd[497]: sd-device: failed to read uevent file '/sys/bus/uevent': No such file or directory
Apr 26 04:16:39 localhost systemd-udevd[499]: sd-device: failed to read uevent file '/sys/bus/uevent': No such file or directory
Apr 26 04:16:39 localhost systemd-udevd[490]: passed 142 bytes to netlink monitor 0x7fee174132e0
Apr 26 04:16:39 localhost systemd-udevd[498]: seq 2846 running
Apr 26 04:16:39 localhost systemd-udevd[497]: passed unknown number of bytes to netlink monitor 0x7fee1741fc50
Apr 26 04:16:39 localhost systemd-udevd[499]: passed unknown number of bytes to netlink monitor 0x7fee17422ac0
Apr 26 04:16:39 localhost systemd-udevd[490]: seq 2850 queued, 'add' 'drivers'
Apr 26 04:16:39 localhost systemd-udevd[498]: sd-device: failed to read uevent file '/sys/bus/cpu/drivers/uevent': No such file or directory
Apr 26 04:16:39 localhost systemd-udevd[497]: seq 2848 processed with 0
Apr 26 04:16:39 localhost systemd-udevd[499]: seq 2847 processed with 0
Apr 26 04:16:39 localhost systemd-udevd[490]: seq 2851 queued, 'add' 'drivers'
Apr 26 04:16:39 localhost systemd-udevd[498]: passed unknown number of bytes to netlink monitor 0x7fee17422860
Apr 26 04:16:39 localhost systemd-udevd[490]: seq 2852 queued, 'add' 'bus'
Apr 26 04:16:39 localhost systemd-udevd[498]: seq 2846 processed with 0
Apr 26 04:16:39 localhost systemd-udevd[490]: passed 144 bytes to netlink monitor 0x7fee174132e0
Apr 26 04:16:39 localhost systemd-udevd[497]: seq 2849 running
Apr 26 04:16:39 localhost systemd-udevd[490]: passed 152 bytes to netlink monitor 0x7fee174132e0
Apr 26 04:16:39 localhost systemd-udevd[499]: seq 2850 running
Apr 26 04:16:39 localhost systemd-udevd[497]: sd-device: failed to read uevent file '/sys/bus/hid/drivers/uevent': No such file or directory
Apr 26 04:16:39 localhost systemd-udevd[490]: passed 154 bytes to netlink monitor 0x7fee174132e0
Apr 26 04:16:39 localhost systemd-udevd[500]: seq 2851 running
Apr 26 04:16:39 localhost systemd-udevd[499]: sd-device: failed to read uevent file '/sys/bus/hid/drivers/uevent': No such file or directory
Apr 26 04:16:39 localhost systemd-udevd[497]: passed unknown number of bytes to netlink monitor 0x7fee1741fc50
Apr 26 04:16:39 localhost systemd-udevd[490]: passed 120 bytes to netlink monitor 0x7fee174132e0
Apr 26 04:16:39 localhost systemd-udevd[503]: seq 2852 running
Apr 26 04:16:39 localhost systemd-udevd[500]: sd-device: failed to read uevent file '/sys/bus/hid/drivers/uevent': No such file or directory
Apr 26 04:16:39 localhost systemd-udevd[499]: passed unknown number of bytes to netlink monitor 0x7fee17422ac0
Apr 26 04:16:39 localhost systemd-udevd[497]: seq 2849 processed with 0
Apr 26 04:16:39 localhost systemd-udevd[490]: seq 2853 queued, 'add' 'drivers'
Apr 26 04:16:39 localhost systemd-udevd[503]: sd-device: failed to read uevent file '/sys/bus/uevent': No such file or directory
Apr 26 04:16:39 localhost systemd-udevd[500]: passed unknown number of bytes to netlink monitor 0x7fee17422d20
Apr 26 04:16:39 localhost systemd-udevd[499]: seq 2850 processed with 0
Apr 26 04:16:39 localhost systemd-udevd[490]: seq 2854 queued, 'add' 'bus'
Apr 26 04:16:39 localhost systemd-udevd[503]: passed unknown number of bytes to netlink monitor 0x7fee17422f80
Apr 26 04:16:39 localhost systemd-udevd[500]: seq 2851 processed with 0
Apr 26 04:16:39 localhost systemd-udevd[490]: passed 129 bytes to netlink monitor 0x7fee174132e0
Apr 26 04:16:39 localhost systemd-udevd[497]: seq 2854 running
Apr 26 04:16:39 localhost systemd-udevd[503]: seq 2852 processed with 0
Apr 26 04:16:39 localhost systemd-udevd[490]: seq 2855 queued, 'add' 'bus'
Apr 26 04:16:39 localhost systemd-udevd[497]: sd-device: failed to read uevent file '/sys/bus/uevent': No such file or directory
Apr 26 04:16:39 localhost systemd-udevd[498]: seq 2855 running
Apr 26 04:16:39 localhost systemd-udevd[498]: sd-device: failed to read uevent file '/sys/bus/uevent': No such file or directory
Apr 26 04:16:39 localhost systemd-udevd[497]: passed unknown number of bytes to netlink monitor 0x7fee1741fc50
Apr 26 04:16:39 localhost systemd-udevd[490]: passed 120 bytes to netlink monitor 0x7fee174132e0
Apr 26 04:16:39 localhost systemd-udevd[498]: passed unknown number of bytes to netlink monitor 0x7fee17422860
Apr 26 04:16:39 localhost systemd-udevd[497]: seq 2854 processed with 0
Apr 26 04:16:39 localhost systemd-udevd[490]: seq 2856 queued, 'add' 'bus'
Apr 26 04:16:39 localhost systemd-udevd[498]: seq 2855 processed with 0
Apr 26 04:16:39 localhost systemd-udevd[490]: passed 138 bytes to netlink monitor 0x7fee174132e0
Apr 26 04:16:39 localhost systemd-udevd[499]: seq 2853 running
Apr 26 04:16:39 localhost systemd-udevd[490]: passed 123 bytes to netlink monitor 0x7fee174132e0
Apr 26 04:16:39 localhost systemd-udevd[500]: seq 2856 running
Apr 26 04:16:39 localhost systemd-udevd[499]: sd-device: failed to read uevent file '/sys/bus/i2c/drivers/uevent': No such file or directory
Apr 26 04:16:39 localhost systemd-udevd[490]: seq 2857 queued, 'add' 'bus'
Apr 26 04:16:39 localhost systemd-udevd[500]: sd-device: failed to read uevent file '/sys/bus/uevent': No such file or directory
Apr 26 04:16:39 localhost systemd-udevd[499]: passed unknown number of bytes to netlink monitor 0x7fee17422ac0
Apr 26 04:16:39 localhost systemd-udevd[490]: passed 121 bytes to netlink monitor 0x7fee174132e0
Apr 26 04:16:39 localhost systemd-udevd[497]: seq 2857 running
Apr 26 04:16:39 localhost systemd-udevd[500]: passed unknown number of bytes to netlink monitor 0x7fee17422d20
Apr 26 04:16:39 localhost systemd-udevd[499]: seq 2853 processed with 0
Apr 26 04:16:39 localhost systemd-udevd[490]: seq 2858 queued, 'add' 'bus'
Apr 26 04:16:39 localhost systemd-udevd[497]: sd-device: failed to read uevent file '/sys/bus/uevent': No such file or directory
Apr 26 04:16:39 localhost systemd-udevd[500]: seq 2856 processed with 0
Apr 26 04:16:39 localhost systemd-udevd[490]: passed 120 bytes to netlink monitor 0x7fee174132e0
Apr 26 04:16:39 localhost systemd-udevd[498]: seq 2858 running
Apr 26 04:16:39 localhost systemd-udevd[497]: passed unknown number of bytes to netlink monitor 0x7fee1741fc50
Apr 26 04:16:39 localhost systemd-udevd[490]: seq 2859 queued, 'add' 'drivers'
Apr 26 04:16:39 localhost systemd-udevd[498]: sd-device: failed to read uevent file '/sys/bus/uevent': No such file or directory
Apr 26 04:16:39 localhost systemd-udevd[497]: seq 2857 processed with 0
Apr 26 04:16:39 localhost systemd-udevd[490]: seq 2860 queued, 'add' 'drivers'
Apr 26 04:16:39 localhost systemd-udevd[498]: passed unknown number of bytes to netlink monitor 0x7fee17422860
Apr 26 04:16:39 localhost systemd-udevd[490]: seq 2861 queued, 'add' 'drivers'
Apr 26 04:16:39 localhost systemd-udevd[498]: seq 2858 processed with 0
Apr 26 04:16:39 localhost systemd-udevd[490]: seq 2862 queued, 'add' 'drivers'
Apr 26 04:16:39 localhost systemd-udevd[490]: seq 2863 queued, 'add' 'drivers'
Apr 26 04:16:39 localhost systemd-udevd[490]: passed 137 bytes to netlink monitor 0x7fee174132e0
Apr 26 04:16:39 localhost systemd-udevd[497]: seq 2859 running
Apr 26 04:16:39 localhost systemd-udevd[490]: passed 141 bytes to netlink monitor 0x7fee174132e0
Apr 26 04:16:39 localhost systemd-udevd[498]: seq 2860 running
Apr 26 04:16:39 localhost systemd-udevd[497]: sd-device: failed to read uevent file '/sys/bus/pci/drivers/uevent': No such file or directory
Apr 26 04:16:39 localhost systemd-udevd[490]: passed 143 bytes to netlink monitor 0x7fee174132e0
Apr 26 04:16:39 localhost systemd-udevd[499]: seq 2861 running
Apr 26 04:16:39 localhost systemd-udevd[498]: sd-device: failed to read uevent file '/sys/bus/pci/drivers/uevent': No such file or directory
Apr 26 04:16:39 localhost systemd-udevd[497]: passed unknown number of bytes to netlink monitor 0x7fee1741fc50
Apr 26 04:16:39 localhost systemd-udevd[490]: passed 143 bytes to netlink monitor 0x7fee174132e0
Apr 26 04:16:39 localhost systemd-udevd[500]: seq 2862 running
Apr 26 04:16:39 localhost systemd-udevd[499]: sd-device: failed to read uevent file '/sys/bus/pci/drivers/uevent': No such file or directory
Apr 26 04:16:39 localhost systemd-udevd[498]: passed unknown number of bytes to netlink monitor 0x7fee17422860
Apr 26 04:16:39 localhost systemd-udevd[497]: seq 2859 processed with 0
Apr 26 04:16:39 localhost systemd-udevd[490]: passed 145 bytes to netlink monitor 0x7fee174132e0
Apr 26 04:16:39 localhost systemd-udevd[503]: seq 2863 running
Apr 26 04:16:39 localhost systemd-udevd[500]: sd-device: failed to read uevent file '/sys/bus/pci/drivers/uevent': No such file or directory
Apr 26 04:16:39 localhost systemd-udevd[499]: passed unknown number of bytes to netlink monitor 0x7fee17422ac0
Apr 26 04:16:39 localhost systemd-udevd[498]: seq 2860 processed with 0
Apr 26 04:16:39 localhost systemd-udevd[490]: seq 2864 queued, 'add' 'drivers'
Apr 26 04:16:39 localhost systemd-udevd[503]: sd-device: failed to read uevent file '/sys/bus/pci/drivers/uevent': No such file or directory
Apr 26 04:16:39 localhost systemd-udevd[500]: passed unknown number of bytes to netlink monitor 0x7fee17422d20
Apr 26 04:16:39 localhost systemd-udevd[499]: seq 2861 processed with 0
Apr 26 04:16:39 localhost systemd-udevd[490]: passed 140 bytes to netlink monitor 0x7fee174132e0
Apr 26 04:16:39 localhost systemd-udevd[497]: seq 2864 running
Apr 26 04:16:39 localhost systemd-udevd[503]: passed unknown number of bytes to netlink monitor 0x7fee17422f80
Apr 26 04:16:39 localhost systemd-udevd[500]: seq 2862 processed with 0
Apr 26 04:16:39 localhost systemd-udevd[490]: seq 2865 queued, 'add' 'drivers'
Apr 26 04:16:39 localhost systemd-udevd[497]: sd-device: failed to read uevent file '/sys/bus/pci/drivers/uevent': No such file or directory
Apr 26 04:16:39 localhost systemd-udevd[503]: seq 2863 processed with 0
Apr 26 04:16:39 localhost systemd-udevd[490]: passed 139 bytes to netlink monitor 0x7fee174132e0
Apr 26 04:16:39 localhost systemd-udevd[498]: seq 2865 running
Apr 26 04:16:39 localhost systemd-udevd[497]: passed unknown number of bytes to netlink monitor 0x7fee1741fc50
Apr 26 04:16:39 localhost systemd-udevd[490]: seq 2866 queued, 'add' 'drivers'
Apr 26 04:16:39 localhost systemd-udevd[498]: sd-device: failed to read uevent file '/sys/bus/pci/drivers/uevent': No such file or directory
Apr 26 04:16:39 localhost systemd-udevd[497]: seq 2864 processed with 0
Apr 26 04:16:39 localhost systemd-udevd[490]: passed 139 bytes to netlink monitor 0x7fee174132e0
Apr 26 04:16:39 localhost systemd-udevd[499]: seq 2866 running
Apr 26 04:16:39 localhost systemd-udevd[498]: passed unknown number of bytes to netlink monitor 0x7fee17422860
Apr 26 04:16:39 localhost systemd-udevd[490]: seq 2867 queued, 'add' 'drivers'
Apr 26 04:16:39 localhost systemd-udevd[499]: sd-device: failed to read uevent file '/sys/bus/pci/drivers/uevent': No such file or directory
Apr 26 04:16:39 localhost systemd-udevd[498]: seq 2865 processed with 0
Apr 26 04:16:39 localhost systemd-udevd[490]: passed 139 bytes to netlink monitor 0x7fee174132e0
Apr 26 04:16:39 localhost systemd-udevd[497]: seq 2867 running
Apr 26 04:16:39 localhost systemd-udevd[499]: passed unknown number of bytes to netlink monitor 0x7fee17422ac0
Apr 26 04:16:39 localhost systemd-udevd[490]: seq 2868 queued, 'add' 'drivers'
Apr 26 04:16:39 localhost systemd-udevd[497]: sd-device: failed to read uevent file '/sys/bus/pci/drivers/uevent': No such file or directory
Apr 26 04:16:39 localhost systemd-udevd[499]: seq 2866 processed with 0
Apr 26 04:16:39 localhost systemd-udevd[490]: passed 141 bytes to netlink monitor 0x7fee174132e0
Apr 26 04:16:39 localhost systemd-udevd[498]: seq 2868 running
Apr 26 04:16:39 localhost systemd-udevd[497]: passed unknown number of bytes to netlink monitor 0x7fee1741fc50
Apr 26 04:16:39 localhost systemd-udevd[490]: seq 2869 queued, 'add' 'drivers'
Apr 26 04:16:39 localhost systemd-udevd[498]: sd-device: failed to read uevent file '/sys/bus/pci/drivers/uevent': No such file or directory
Apr 26 04:16:39 localhost systemd-udevd[497]: seq 2867 processed with 0
Apr 26 04:16:39 localhost systemd-udevd[490]: passed 138 bytes to netlink monitor 0x7fee174132e0
Apr 26 04:16:39 localhost systemd-udevd[499]: seq 2869 running
Apr 26 04:16:39 localhost systemd-udevd[498]: passed unknown number of bytes to netlink monitor 0x7fee17422860
Apr 26 04:16:39 localhost systemd-udevd[490]: seq 2870 queued, 'add' 'drivers'
Apr 26 04:16:39 localhost systemd-udevd[499]: sd-device: failed to read uevent file '/sys/bus/pci/drivers/uevent': No such file or directory
Apr 26 04:16:39 localhost systemd-udevd[498]: seq 2868 processed with 0
Apr 26 04:16:39 localhost systemd-udevd[490]: passed 139 bytes to netlink monitor 0x7fee174132e0
Apr 26 04:16:39 localhost systemd-udevd[497]: seq 2870 running
Apr 26 04:16:39 localhost systemd-udevd[499]: passed unknown number of bytes to netlink monitor 0x7fee17422ac0
Apr 26 04:16:39 localhost systemd-udevd[490]: seq 2871 queued, 'add' 'drivers'
Apr 26 04:16:39 localhost systemd-udevd[497]: sd-device: failed to read uevent file '/sys/bus/pci/drivers/uevent': No such file or directory
Apr 26 04:16:39 localhost systemd-udevd[499]: seq 2869 processed with 0
Apr 26 04:16:39 localhost systemd-udevd[490]: passed 139 bytes to netlink monitor 0x7fee174132e0
Apr 26 04:16:39 localhost systemd-udevd[498]: seq 2871 running
Apr 26 04:16:39 localhost systemd-udevd[497]: passed unknown number of bytes to netlink monitor 0x7fee1741fc50
Apr 26 04:16:39 localhost systemd-udevd[490]: seq 2872 queued, 'add' 'drivers'
Apr 26 04:16:39 localhost systemd-udevd[498]: sd-device: failed to read uevent file '/sys/bus/pci/drivers/uevent': No such file or directory
Apr 26 04:16:39 localhost systemd-udevd[497]: seq 2870 processed with 0
Apr 26 04:16:39 localhost systemd-udevd[490]: passed 146 bytes to netlink monitor 0x7fee174132e0
Apr 26 04:16:39 localhost systemd-udevd[499]: seq 2872 running
Apr 26 04:16:39 localhost systemd-udevd[498]: passed unknown number of bytes to netlink monitor 0x7fee17422860
Apr 26 04:16:39 localhost systemd-udevd[490]: seq 2873 queued, 'add' 'drivers'
Apr 26 04:16:39 localhost systemd-udevd[499]: sd-device: failed to read uevent file '/sys/bus/pci/drivers/uevent': No such file or directory
Apr 26 04:16:39 localhost systemd-udevd[498]: seq 2871 processed with 0
Apr 26 04:16:39 localhost systemd-udevd[490]: passed 145 bytes to netlink monitor 0x7fee174132e0
Apr 26 04:16:39 localhost systemd-udevd[497]: seq 2873 running
Apr 26 04:16:39 localhost systemd-udevd[490]: seq 2874 queued, 'add' 'drivers'
Apr 26 04:16:39 localhost systemd-udevd[490]: passed 149 bytes to netlink monitor 0x7fee174132e0
Apr 26 04:16:39 localhost systemd-udevd[499]: passed unknown number of bytes to netlink monitor 0x7fee17422ac0
Apr 26 04:16:39 localhost systemd-udevd[498]: seq 2874 running
Apr 26 04:16:39 localhost systemd-udevd[490]: seq 2875 queued, 'add' 'drivers'
Apr 26 04:16:39 localhost systemd-udevd[497]: sd-device: failed to read uevent file '/sys/bus/pci/drivers/uevent': No such file or directory
Apr 26 04:16:39 localhost systemd-udevd[498]: sd-device: failed to read uevent file '/sys/bus/pci/drivers/uevent': No such file or directory
Apr 26 04:16:39 localhost systemd-udevd[498]: passed unknown number of bytes to netlink monitor 0x7fee17422860
Apr 26 04:16:39 localhost systemd-udevd[490]: passed 141 bytes to netlink monitor 0x7fee174132e0
Apr 26 04:16:39 localhost systemd-udevd[497]: passed unknown number of bytes to netlink monitor 0x7fee1741fc50
Apr 26 04:16:39 localhost systemd-udevd[497]: seq 2873 processed with 0
Apr 26 04:16:39 localhost systemd-udevd[498]: seq 2874 processed with 0
Apr 26 04:16:39 localhost systemd-udevd[490]: seq 2876 queued, 'add' 'bus'
Apr 26 04:16:39 localhost systemd-udevd[499]: seq 2872 processed with 0
Apr 26 04:16:39 localhost systemd-udevd[490]: passed 128 bytes to netlink monitor 0x7fee174132e0
Apr 26 04:16:39 localhost systemd-udevd[490]: seq 2877 queued, 'add' 'drivers'
Apr 26 04:16:39 localhost systemd-udevd[503]: seq 2876 running
Apr 26 04:16:39 localhost systemd-udevd[490]: seq 2878 queued, 'add' 'drivers'
Apr 26 04:16:39 localhost systemd-udevd[503]: sd-device: failed to read uevent file '/sys/bus/uevent': No such file or directory
Apr 26 04:16:39 localhost systemd-udevd[490]: seq 2879 queued, 'add' 'drivers'
Apr 26 04:16:39 localhost systemd-udevd[503]: passed unknown number of bytes to netlink monitor 0x7fee17422f80
Apr 26 04:16:39 localhost systemd-udevd[490]: seq 2880 queued, 'add' 'bus'
Apr 26 04:16:39 localhost systemd-udevd[500]: seq 2875 running
Apr 26 04:16:39 localhost systemd-udevd[490]: passed 125 bytes to netlink monitor 0x7fee174132e0
Apr 26 04:16:39 localhost systemd-udevd[497]: seq 2880 running
Apr 26 04:16:39 localhost systemd-udevd[500]: sd-device: failed to read uevent file '/sys/bus/pci/drivers/uevent': No such file or directory
Apr 26 04:16:39 localhost systemd-udevd[503]: seq 2876 processed with 0
Apr 26 04:16:39 localhost systemd-udevd[490]: seq 2881 queued, 'add' 'drivers'
Apr 26 04:16:39 localhost systemd-udevd[497]: sd-device: failed to read uevent file '/sys/bus/uevent': No such file or directory
Apr 26 04:16:39 localhost systemd-udevd[500]: passed unknown number of bytes to netlink monitor 0x7fee17422d20
Apr 26 04:16:39 localhost systemd-udevd[490]: seq 2882 queued, 'add' 'drivers'
Apr 26 04:16:39 localhost systemd-udevd[497]: passed unknown number of bytes to netlink monitor 0x7fee1741fc50
Apr 26 04:16:39 localhost systemd-udevd[500]: seq 2875 processed with 0
Apr 26 04:16:39 localhost systemd-udevd[490]: passed 144 bytes to netlink monitor 0x7fee174132e0
Apr 26 04:16:39 localhost systemd-udevd[498]: seq 2877 running
Apr 26 04:16:39 localhost systemd-udevd[497]: seq 2880 processed with 0
Apr 26 04:16:39 localhost systemd-udevd[490]: passed 149 bytes to netlink monitor 0x7fee174132e0
Apr 26 04:16:39 localhost systemd-udevd[499]: seq 2878 running
Apr 26 04:16:39 localhost systemd-udevd[498]: sd-device: failed to read uevent file '/sys/bus/pci_express/drivers/uevent': No such file or directory
Apr 26 04:16:39 localhost systemd-udevd[490]: passed 147 bytes to netlink monitor 0x7fee174132e0
Apr 26 04:16:39 localhost systemd-udevd[503]: seq 2879 running
Apr 26 04:16:39 localhost systemd-udevd[499]: sd-device: failed to read uevent file '/sys/bus/pci_express/drivers/uevent': No such file or directory
Apr 26 04:16:39 localhost systemd-udevd[498]: passed unknown number of bytes to netlink monitor 0x7fee17422860
Apr 26 04:16:39 localhost systemd-udevd[490]: seq 2883 queued, 'add' 'drivers'
Apr 26 04:16:39 localhost systemd-udevd[503]: sd-device: failed to read uevent file '/sys/bus/pci_express/drivers/uevent': No such file or directory
Apr 26 04:16:39 localhost systemd-udevd[499]: passed unknown number of bytes to netlink monitor 0x7fee17422ac0
Apr 26 04:16:39 localhost systemd-udevd[498]: seq 2877 processed with 0
Apr 26 04:16:39 localhost systemd-udevd[490]: passed 146 bytes to netlink monitor 0x7fee174132e0
Apr 26 04:16:39 localhost systemd-udevd[497]: seq 2881 running
Apr 26 04:16:39 localhost systemd-udevd[503]: passed unknown number of bytes to netlink monitor 0x7fee17422f80
Apr 26 04:16:39 localhost systemd-udevd[499]: seq 2878 processed with 0
Apr 26 04:16:39 localhost systemd-udevd[490]: passed 148 bytes to netlink monitor 0x7fee174132e0
Apr 26 04:16:39 localhost systemd-udevd[500]: seq 2882 running
Apr 26 04:16:39 localhost systemd-udevd[497]: sd-device: failed to read uevent file '/sys/bus/platform/drivers/uevent': No such file or directory
Apr 26 04:16:39 localhost systemd-udevd[503]: seq 2879 processed with 0
Apr 26 04:16:39 localhost systemd-udevd[490]: passed 146 bytes to netlink monitor 0x7fee174132e0
Apr 26 04:16:39 localhost systemd-udevd[504]: seq 2883 running
Apr 26 04:16:39 localhost systemd-udevd[500]: sd-device: failed to read uevent file '/sys/bus/platform/drivers/uevent': No such file or directory
Apr 26 04:16:39 localhost systemd-udevd[497]: passed unknown number of bytes to netlink monitor 0x7fee1741fc50
Apr 26 04:16:39 localhost systemd-udevd[490]: seq 2884 queued, 'add' 'drivers'
Apr 26 04:16:39 localhost systemd-udevd[504]: sd-device: failed to read uevent file '/sys/bus/platform/drivers/uevent': No such file or directory
Apr 26 04:16:39 localhost systemd-udevd[500]: passed unknown number of bytes to netlink monitor 0x7fee17422d20
Apr 26 04:16:39 localhost systemd-udevd[497]: seq 2881 processed with 0
Apr 26 04:16:39 localhost systemd-udevd[490]: passed 145 bytes to netlink monitor 0x7fee174132e0
Apr 26 04:16:39 localhost systemd-udevd[498]: seq 2884 running
Apr 26 04:16:39 localhost systemd-udevd[504]: passed unknown number of bytes to netlink monitor 0x7fee174231e0
Apr 26 04:16:39 localhost systemd-udevd[500]: seq 2882 processed with 0
Apr 26 04:16:39 localhost systemd-udevd[498]: sd-device: failed to read uevent file '/sys/bus/platform/drivers/uevent': No such file or directory
Apr 26 04:16:39 localhost systemd-udevd[498]: passed unknown number of bytes to netlink monitor 0x7fee17422860
Apr 26 04:16:39 localhost systemd-udevd[490]: seq 2885 queued, 'add' 'drivers'
Apr 26 04:16:39 localhost systemd-udevd[498]: seq 2884 processed with 0
Apr 26 04:16:39 localhost systemd-udevd[490]: passed 146 bytes to netlink monitor 0x7fee174132e0
Apr 26 04:16:39 localhost systemd-udevd[504]: seq 2883 processed with 0
Apr 26 04:16:39 localhost systemd-udevd[497]: seq 2885 running
Apr 26 04:16:39 localhost systemd-udevd[490]: seq 2886 queued, 'add' 'drivers'
Apr 26 04:16:39 localhost systemd-udevd[497]: sd-device: failed to read uevent file '/sys/bus/platform/drivers/uevent': No such file or directory
Apr 26 04:16:39 localhost systemd-udevd[490]: passed 147 bytes to netlink monitor 0x7fee174132e0
Apr 26 04:16:39 localhost systemd-udevd[498]: seq 2886 running
Apr 26 04:16:39 localhost systemd-udevd[497]: passed unknown number of bytes to netlink monitor 0x7fee1741fc50
Apr 26 04:16:39 localhost systemd-udevd[490]: seq 2887 queued, 'add' 'drivers'
Apr 26 04:16:39 localhost systemd-udevd[498]: sd-device: failed to read uevent file '/sys/bus/platform/drivers/uevent': No such file or directory
Apr 26 04:16:39 localhost systemd-udevd[497]: seq 2885 processed with 0
Apr 26 04:16:39 localhost systemd-udevd[490]: passed 153 bytes to netlink monitor 0x7fee174132e0
Apr 26 04:16:39 localhost systemd-udevd[499]: seq 2887 running
Apr 26 04:16:39 localhost systemd-udevd[498]: passed unknown number of bytes to netlink monitor 0x7fee17422860
Apr 26 04:16:39 localhost systemd-udevd[490]: seq 2888 queued, 'add' 'drivers'
Apr 26 04:16:39 localhost systemd-udevd[499]: sd-device: failed to read uevent file '/sys/bus/platform/drivers/uevent': No such file or directory
Apr 26 04:16:39 localhost systemd-udevd[498]: seq 2886 processed with 0
Apr 26 04:16:39 localhost systemd-udevd[490]: passed 143 bytes to netlink monitor 0x7fee174132e0
Apr 26 04:16:39 localhost systemd-udevd[499]: passed unknown number of bytes to netlink monitor 0x7fee17422ac0
Apr 26 04:16:39 localhost systemd-udevd[490]: seq 2889 queued, 'add' 'drivers'
Apr 26 04:16:39 localhost systemd-udevd[497]: seq 2888 running
Apr 26 04:16:39 localhost systemd-udevd[499]: seq 2887 processed with 0
Apr 26 04:16:39 localhost systemd-udevd[490]: passed 146 bytes to netlink monitor 0x7fee174132e0
Apr 26 04:16:39 localhost systemd-udevd[498]: seq 2889 running
Apr 26 04:16:39 localhost systemd-udevd[497]: sd-device: failed to read uevent file '/sys/bus/platform/drivers/uevent': No such file or directory
Apr 26 04:16:39 localhost systemd-udevd[490]: seq 2890 queued, 'add' 'drivers'
Apr 26 04:16:39 localhost systemd-udevd[498]: sd-device: failed to read uevent file '/sys/bus/platform/drivers/uevent': No such file or directory
Apr 26 04:16:39 localhost systemd-udevd[497]: passed unknown number of bytes to netlink monitor 0x7fee1741fc50
Apr 26 04:16:39 localhost systemd-udevd[490]: passed 148 bytes to netlink monitor 0x7fee174132e0
Apr 26 04:16:39 localhost systemd-udevd[499]: seq 2890 running
Apr 26 04:16:39 localhost systemd-udevd[499]: sd-device: failed to read uevent file '/sys/bus/platform/drivers/uevent': No such file or directory
Apr 26 04:16:39 localhost systemd-udevd[497]: seq 2888 processed with 0
Apr 26 04:16:39 localhost systemd-udevd[490]: seq 2891 queued, 'add' 'drivers'
Apr 26 04:16:39 localhost systemd-udevd[499]: passed unknown number of bytes to netlink monitor 0x7fee17422ac0
Apr 26 04:16:39 localhost systemd-udevd[498]: passed unknown number of bytes to netlink monitor 0x7fee17422860
Apr 26 04:16:39 localhost systemd-udevd[490]: passed 144 bytes to netlink monitor 0x7fee174132e0
Apr 26 04:16:39 localhost systemd-udevd[500]: seq 2891 running
Apr 26 04:16:39 localhost systemd-udevd[499]: seq 2890 processed with 0
Apr 26 04:16:39 localhost systemd-udevd[498]: seq 2889 processed with 0
Apr 26 04:16:39 localhost systemd-udevd[490]: seq 2892 queued, 'add' 'drivers'
Apr 26 04:16:39 localhost systemd-udevd[500]: sd-device: failed to read uevent file '/sys/bus/platform/drivers/uevent': No such file or directory
Apr 26 04:16:39 localhost systemd-udevd[490]: passed 154 bytes to netlink monitor 0x7fee174132e0
Apr 26 04:16:39 localhost systemd-udevd[497]: seq 2892 running
Apr 26 04:16:39 localhost systemd-udevd[500]: passed unknown number of bytes to netlink monitor 0x7fee17422d20
Apr 26 04:16:39 localhost systemd-udevd[490]: seq 2893 queued, 'add' 'bus'
Apr 26 04:16:39 localhost systemd-udevd[497]: sd-device: failed to read uevent file '/sys/bus/platform/drivers/uevent': No such file or directory
Apr 26 04:16:39 localhost systemd-udevd[500]: seq 2891 processed with 0
Apr 26 04:16:39 localhost systemd-udevd[490]: passed 120 bytes to netlink monitor 0x7fee174132e0
Apr 26 04:16:39 localhost systemd-udevd[497]: passed unknown number of bytes to netlink monitor 0x7fee1741fc50
Apr 26 04:16:39 localhost systemd-udevd[490]: seq 2894 queued, 'add' 'drivers'
Apr 26 04:16:39 localhost systemd-udevd[498]: seq 2893 running
Apr 26 04:16:39 localhost systemd-udevd[497]: seq 2892 processed with 0
Apr 26 04:16:39 localhost systemd-udevd[490]: seq 2895 queued, 'add' 'drivers'
Apr 26 04:16:39 localhost systemd-udevd[498]: sd-device: failed to read uevent file '/sys/bus/uevent': No such file or directory
Apr 26 04:16:39 localhost systemd-udevd[490]: seq 2896 queued, 'add' 'drivers'
Apr 26 04:16:39 localhost systemd-udevd[498]: passed unknown number of bytes to netlink monitor 0x7fee17422860
Apr 26 04:16:39 localhost systemd-udevd[498]: seq 2893 processed with 0
Apr 26 04:16:39 localhost systemd-udevd[490]: seq 2897 queued, 'add' 'bus'
Apr 26 04:16:39 localhost systemd-udevd[490]: passed 121 bytes to netlink monitor 0x7fee174132e0
Apr 26 04:16:39 localhost systemd-udevd[497]: seq 2897 running
Apr 26 04:16:39 localhost systemd-udevd[490]: seq 2898 queued, 'add' 'drivers'
Apr 26 04:16:39 localhost systemd-udevd[490]: passed 141 bytes to netlink monitor 0x7fee174132e0
Apr 26 04:16:39 localhost systemd-udevd[490]: passed 139 bytes to netlink monitor 0x7fee174132e0
Apr 26 04:16:39 localhost systemd-udevd[497]: sd-device: failed to read uevent file '/sys/bus/uevent': No such file or directory
Apr 26 04:16:39 localhost systemd-udevd[490]: passed 139 bytes to netlink monitor 0x7fee174132e0
Apr 26 04:16:39 localhost systemd-udevd[497]: passed unknown number of bytes to netlink monitor 0x7fee1741fc50
Apr 26 04:16:39 localhost systemd-udevd[500]: seq 2896 running
Apr 26 04:16:39 localhost systemd-udevd[497]: seq 2897 processed with 0
Apr 26 04:16:39 localhost systemd-udevd[490]: seq 2899 queued, 'add' 'drivers'
Apr 26 04:16:39 localhost systemd-udevd[500]: sd-device: failed to read uevent file '/sys/bus/pnp/drivers/uevent': No such file or directory
Apr 26 04:16:39 localhost systemd-udevd[499]: seq 2895 running
Apr 26 04:16:39 localhost systemd-udevd[490]: seq 2900 queued, 'add' 'bus'
Apr 26 04:16:39 localhost systemd-udevd[498]: seq 2894 running
Apr 26 04:16:39 localhost systemd-udevd[500]: passed unknown number of bytes to netlink monitor 0x7fee17422d20
Apr 26 04:16:39 localhost systemd-udevd[499]: sd-device: failed to read uevent file '/sys/bus/pnp/drivers/uevent': No such file or directory
Apr 26 04:16:39 localhost systemd-udevd[490]: passed 136 bytes to netlink monitor 0x7fee174132e0
Apr 26 04:16:39 localhost systemd-udevd[497]: seq 2898 running
Apr 26 04:16:39 localhost systemd-udevd[498]: sd-device: failed to read uevent file '/sys/bus/pnp/drivers/uevent': No such file or directory
Apr 26 04:16:39 localhost systemd-udevd[500]: seq 2896 processed with 0
Apr 26 04:16:39 localhost systemd-udevd[499]: passed unknown number of bytes to netlink monitor 0x7fee17422ac0
Apr 26 04:16:39 localhost systemd-udevd[490]: passed 136 bytes to netlink monitor 0x7fee174132e0
Apr 26 04:16:39 localhost systemd-udevd[503]: seq 2899 running
Apr 26 04:16:39 localhost systemd-udevd[497]: sd-device: failed to read uevent file '/sys/bus/scsi/drivers/uevent': No such file or directory
Apr 26 04:16:39 localhost systemd-udevd[498]: passed unknown number of bytes to netlink monitor 0x7fee17422860
Apr 26 04:16:39 localhost systemd-udevd[499]: seq 2895 processed with 0
Apr 26 04:16:39 localhost systemd-udevd[490]: passed 122 bytes to netlink monitor 0x7fee174132e0
Apr 26 04:16:39 localhost systemd-udevd[504]: seq 2900 running
Apr 26 04:16:39 localhost systemd-udevd[503]: sd-device: failed to read uevent file '/sys/bus/scsi/drivers/uevent': No such file or directory
Apr 26 04:16:39 localhost systemd-udevd[497]: passed unknown number of bytes to netlink monitor 0x7fee1741fc50
Apr 26 04:16:39 localhost systemd-udevd[498]: seq 2894 processed with 0
Apr 26 04:16:39 localhost systemd-udevd[504]: sd-device: failed to read uevent file '/sys/bus/uevent': No such file or directory
Apr 26 04:16:39 localhost systemd-udevd[504]: passed unknown number of bytes to netlink monitor 0x7fee174231e0
Apr 26 04:16:39 localhost systemd-udevd[503]: passed unknown number of bytes to netlink monitor 0x7fee17422f80
Apr 26 04:16:39 localhost systemd-udevd[497]: seq 2898 processed with 0
Apr 26 04:16:39 localhost systemd-udevd[504]: seq 2900 processed with 0
Apr 26 04:16:39 localhost systemd-udevd[503]: seq 2899 processed with 0
Apr 26 04:16:39 localhost systemd[1]: Stopping udev Kernel Device Manager...
Apr 26 04:16:39 localhost systemd-udevd[490]: seq 2901 queued, 'add' 'drivers'
Apr 26 04:16:39 localhost systemd-udevd[490]: seq 2902 queued, 'add' 'drivers'
Apr 26 04:16:39 localhost systemd-udevd[490]: worker [497] did not accept message -111 (Connection refused), kill it
Apr 26 04:16:39 localhost systemd-udevd[490]: worker [498] did not accept message -111 (Connection refused), kill it
Apr 26 04:16:39 localhost systemd-udevd[490]: worker [499] did not accept message -111 (Connection refused), kill it
Apr 26 04:16:39 localhost systemd-udevd[490]: worker [500] did not accept message -111 (Connection refused), kill it
Apr 26 04:16:39 localhost systemd-udevd[490]: worker [503] did not accept message -111 (Connection refused), kill it
Apr 26 04:16:39 localhost systemd-udevd[490]: worker [504] did not accept message -111 (Connection refused), kill it
Apr 26 04:16:39 localhost systemd-udevd[490]: worker [505] did not accept message -111 (Connection refused), kill it
Apr 26 04:16:39 localhost systemd-udevd[490]: worker [506] did not accept message -111 (Connection refused), kill it
Apr 26 04:16:39 localhost systemd-udevd[490]: seq 2901 forked new worker [523]
Apr 26 04:16:39 localhost systemd-udevd[490]: seq 2902 forked new worker [524]
Apr 26 04:16:39 localhost systemd-udevd[490]: worker [497] exited
Apr 26 04:16:39 localhost systemd-udevd[523]: seq 2901 running
Apr 26 04:16:39 localhost systemd-udevd[490]: worker [497] cleaned up
Apr 26 04:16:39 localhost systemd-udevd[523]: sd-device: failed to read uevent file '/sys/bus/serio/drivers/uevent': No such file or directory
Apr 26 04:16:39 localhost systemd-udevd[524]: seq 2902 running
Apr 26 04:16:39 localhost systemd-udevd[490]: worker [498] exited
Apr 26 04:16:39 localhost systemd-udevd[524]: sd-device: failed to read uevent file '/sys/bus/serio/drivers/uevent': No such file or directory
Apr 26 04:16:39 localhost systemd-udevd[490]: worker [498] cleaned up
Apr 26 04:16:39 localhost systemd-udevd[490]: worker [499] exited
Apr 26 04:16:39 localhost systemd-udevd[490]: worker [499] cleaned up
Apr 26 04:16:39 localhost systemd-udevd[490]: worker [500] exited
Apr 26 04:16:39 localhost systemd-udevd[490]: worker [500] cleaned up
Apr 26 04:16:39 localhost systemd-udevd[490]: worker [503] exited
Apr 26 04:16:39 localhost systemd-udevd[490]: worker [503] cleaned up
Apr 26 04:16:39 localhost systemd-udevd[490]: worker [504] exited
Apr 26 04:16:39 localhost systemd-udevd[490]: worker [504] cleaned up
Apr 26 04:16:39 localhost systemd-udevd[490]: worker [505] exited
Apr 26 04:16:39 localhost systemd-udevd[490]: worker [505] cleaned up
Apr 26 04:16:39 localhost systemd-udevd[490]: worker [506] exited
Apr 26 04:16:39 localhost systemd-udevd[490]: worker [506] cleaned up
Apr 26 04:16:39 localhost systemd-udevd[490]: worker [523] exited
Apr 26 04:16:39 localhost systemd-udevd[490]: worker [524] exited
Apr 26 04:16:39 localhost systemd-udevd[490]: worker [523] cleaned up
Apr 26 04:16:39 localhost systemd-udevd[490]: worker [524] cleaned up
Apr 26 04:16:39 localhost systemd-udevd[490]: Unload module index
Apr 26 04:16:39 localhost systemd-udevd[490]: Unloaded link configuration context.
Apr 26 04:16:39 localhost systemd[1]: Stopped udev Kernel Device Manager.
Apr 26 04:16:40 localhost systemd[1]: Stopped udev Kernel Device Manager.
Apr 26 04:16:40 localhost systemd[1]: Starting udev Kernel Device Manager...
Apr 26 04:16:40 localhost systemd-udevd[568]: ctrl=4 netlink=3
Apr 26 04:16:40 localhost systemd-udevd[568]: starting version 219
Apr 26 04:16:40 localhost systemd-udevd[568]: === trie on-disk ===
Apr 26 04:16:40 localhost systemd-udevd[568]: tool version: 219
Apr 26 04:16:40 localhost systemd-udevd[568]: file size: 6714875 bytes
Apr 26 04:16:40 localhost systemd-udevd[568]: header size 80 bytes
Apr 26 04:16:40 localhost systemd-udevd[568]: strings 1722699 bytes
Apr 26 04:16:40 localhost systemd-udevd[568]: nodes 4992096 bytes
Apr 26 04:16:40 localhost systemd-udevd[568]: Load module index
Apr 26 04:16:40 localhost systemd-udevd[568]: timestamp of '/etc/systemd/network' changed
