Apr 26 04:16:40 localhost systemd-udevd[568]: timestamp of '/usr/lib/systemd/network' changed
Apr 26 04:16:40 localhost systemd-udevd[568]: Parsed configuration file /usr/lib/systemd/network/99-default.link
Apr 26 04:16:40 localhost systemd-udevd[568]: Created link configuration context.
Apr 26 04:16:40 localhost systemd-udevd[568]: timestamp of '/etc/udev/rules.d' changed
Apr 26 04:16:40 localhost systemd-udevd[568]: timestamp of '/usr/lib/udev/rules.d' changed
Apr 26 04:16:40 localhost systemd-udevd[568]: Reading rules file: /usr/lib/udev/rules.d/10-dm.rules
Apr 26 04:16:40 localhost systemd-udevd[568]: Reading rules file: /usr/lib/udev/rules.d/11-dm-lvm.rules
Apr 26 04:16:40 localhost systemd-udevd[568]: Reading rules file: /usr/lib/udev/rules.d/13-dm-disk.rules
Apr 26 04:16:40 localhost systemd-udevd[568]: Reading rules file: /usr/lib/udev/rules.d/40-hpet-permissions.rules
Apr 26 04:16:40 localhost systemd-udevd[568]: Reading rules file: /usr/lib/udev/rules.d/42-usb-hid-pm.rules
Apr 26 04:16:40 localhost systemd-udevd[568]: Reading rules file: /usr/lib/udev/rules.d/50-udev-default.rules
Apr 26 04:16:40 localhost systemd-udevd[568]: Reading rules file: /usr/lib/udev/rules.d/60-block.rules
Apr 26 04:16:40 localhost systemd-udevd[568]: Reading rules file: /usr/lib/udev/rules.d/60-cdrom_id.rules
Apr 26 04:16:40 localhost systemd-udevd[568]: Reading rules file: /usr/lib/udev/rules.d/60-drm.rules
Apr 26 04:16:40 localhost systemd-udevd[568]: Reading rules file: /usr/lib/udev/rules.d/60-evdev.rules
Apr 26 04:16:40 localhost systemd-udevd[568]: Reading rules file: /usr/lib/udev/rules.d/60-pcmcia.rules
Apr 26 04:16:40 localhost systemd-udevd[568]: Reading rules file: /usr/lib/udev/rules.d/60-persistent-alsa.rules
Apr 26 04:16:40 localhost systemd-udevd[568]: Reading rules file: /usr/lib/udev/rules.d/60-persistent-input.rules
Apr 26 04:16:40 localhost systemd-udevd[568]: Reading rules file: /usr/lib/udev/rules.d/60-persistent-storage-tape.rules
Apr 26 04:16:40 localhost systemd-udevd[568]: Reading rules file: /usr/lib/udev/rules.d/60-persistent-storage.rules
Apr 26 04:16:40 localhost systemd-udevd[568]: Reading rules file: /usr/lib/udev/rules.d/60-persistent-v4l.rules
Apr 26 04:16:40 localhost systemd-udevd[568]: Reading rules file: /usr/lib/udev/rules.d/60-serial.rules
Apr 26 04:16:40 localhost systemd-udevd[568]: Reading rules file: /usr/lib/udev/rules.d/61-accelerometer.rules
Apr 26 04:16:40 localhost systemd-udevd[568]: Reading rules file: /usr/lib/udev/rules.d/63-md-raid-arrays.rules
Apr 26 04:16:40 localhost systemd-udevd[568]: Reading rules file: /usr/lib/udev/rules.d/64-btrfs.rules
Apr 26 04:16:40 localhost systemd-udevd[568]: Reading rules file: /usr/lib/udev/rules.d/64-md-raid-assembly.rules
Apr 26 04:16:40 localhost systemd-udevd[568]: Reading rules file: /usr/lib/udev/rules.d/65-kvm.rules
Apr 26 04:16:40 localhost systemd-udevd[568]: Reading rules file: /usr/lib/udev/rules.d/69-cd-sensors.rules
Apr 26 04:16:40 localhost systemd-udevd[568]: Reading rules file: /usr/lib/udev/rules.d/69-dm-lvm-metad.rules
Apr 26 04:16:40 localhost systemd-udevd[568]: Reading rules file: /usr/lib/udev/rules.d/70-infrared.rules
Apr 26 04:16:40 localhost systemd-udevd[568]: Reading rules file: /usr/lib/udev/rules.d/70-mouse.rules
Apr 26 04:16:40 localhost systemd-udevd[568]: Reading rules file: /usr/lib/udev/rules.d/70-power-switch.rules
Apr 26 04:16:40 localhost systemd-udevd[568]: Reading rules file: /usr/lib/udev/rules.d/70-touchpad.rules
Apr 26 04:16:40 localhost systemd-udevd[568]: Reading rules file: /usr/lib/udev/rules.d/70-uaccess.rules
Apr 26 04:16:40 localhost systemd-udevd[568]: Reading rules file: /usr/lib/udev/rules.d/71-seat.rules
Apr 26 04:16:40 localhost systemd-udevd[568]: Reading rules file: /usr/lib/udev/rules.d/73-seat-late.rules
Apr 26 04:16:40 localhost systemd-udevd[568]: Reading rules file: /usr/lib/udev/rules.d/75-net-description.rules
Apr 26 04:16:40 localhost systemd-udevd[568]: Reading rules file: /usr/lib/udev/rules.d/75-probe_mtd.rules
Apr 26 04:16:40 localhost systemd-udevd[568]: Reading rules file: /usr/lib/udev/rules.d/78-sound-card.rules
Apr 26 04:16:40 localhost systemd-udevd[568]: Reading rules file: /usr/lib/udev/rules.d/80-drivers.rules
Apr 26 04:16:40 localhost systemd-udevd[568]: Reading rules file: /usr/lib/udev/rules.d/80-net-setup-link.rules
Apr 26 04:16:40 localhost systemd-udevd[568]: Reading rules file: /usr/lib/udev/rules.d/90-alsa-restore.rules
Apr 26 04:16:40 localhost systemd-udevd[568]: Reading rules file: /usr/lib/udev/rules.d/90-pulseaudio.rules
Apr 26 04:16:40 localhost systemd-udevd[568]: Reading rules file: /usr/lib/udev/rules.d/90-vconsole.rules
Apr 26 04:16:40 localhost systemd-udevd[568]: Reading rules file: /usr/lib/udev/rules.d/95-cd-devices.rules
Apr 26 04:16:40 localhost systemd-udevd[568]: Reading rules file: /usr/lib/udev/rules.d/95-dm-notify.rules
Apr 26 04:16:40 localhost systemd-udevd[568]: Reading rules file: /usr/lib/udev/rules.d/99-systemd.rules
Apr 26 04:16:40 localhost systemd-udevd[568]: Reading rules file: /etc/udev/rules.d/wakeup.rules
Apr 26 04:16:40 localhost systemd-udevd[568]: rules contain 49152 bytes tokens (4096 * 12 bytes), 13910 bytes strings
Apr 26 04:16:40 localhost systemd-udevd[568]: 2319 strings (28800 bytes), 1556 de-duplicated (15654 bytes), 764 trie nodes used
Apr 26 04:16:40 localhost systemd-udevd[568]: set children_max to 16
Apr 26 04:16:40 localhost systemd[1]: Started udev Kernel Device Manager.
Apr 26 04:16:40 localhost systemd-udevd[568]: restoring old watch on '/dev/sr0'
Apr 26 04:16:40 localhost systemd-udevd[568]: adding watch on '/dev/sr0'
Apr 26 04:16:40 localhost systemd-udevd[568]: Validate module index
Apr 26 04:16:40 localhost systemd-udevd[568]: Check if link configuration needs reloading.
Apr 26 04:16:40 localhost systemd-udevd[568]: seq 3606 queued, 'add' 'bus'
Apr 26 04:16:40 localhost systemd-udevd[568]: seq 3606 forked new worker [575]
Apr 26 04:16:40 localhost systemd-udevd[568]: seq 3607 queued, 'add' 'drivers'
Apr 26 04:16:40 localhost systemd-udevd[568]: seq 3608 queued, 'add' 'drivers'
Apr 26 04:16:40 localhost systemd-udevd[575]: seq 3606 running
Apr 26 04:16:40 localhost systemd-udevd[568]: seq 3609 queued, 'add' 'drivers'
Apr 26 04:16:40 localhost systemd-udevd[568]: seq 3610 queued, 'add' 'drivers'
Apr 26 04:16:40 localhost systemd-udevd[575]: sd-device: failed to read uevent file '/sys/bus/uevent': No such file or directory
Apr 26 04:16:40 localhost systemd-udevd[568]: seq 3611 queued, 'add' 'drivers'
Apr 26 04:16:40 localhost systemd-udevd[575]: passed unknown number of bytes to netlink monitor 0x7f2ad3544c50
Apr 26 04:16:40 localhost systemd-udevd[568]: seq 3612 queued, 'add' 'drivers'
Apr 26 04:16:40 localhost systemd-udevd[575]: seq 3606 processed with 0
Apr 26 04:16:40 localhost systemd-udevd[568]: seq 3613 queued, 'add' 'drivers'
Apr 26 04:16:40 localhost systemd-udevd[568]: passed 158 bytes to netlink monitor 0x7f2ad35382e0
Apr 26 04:16:40 localhost systemd-udevd[568]: seq 3608 forked new worker [576]
Apr 26 04:16:40 localhost systemd-udevd[577]: seq 3609 running
Apr 26 04:16:40 localhost systemd-udevd[568]: seq 3609 forked new worker [577]
Apr 26 04:16:40 localhost systemd-udevd[568]: seq 3610 forked new worker [578]
Apr 26 04:16:40 localhost systemd-udevd[579]: seq 3611 running
Apr 26 04:16:40 localhost systemd-udevd[577]: sd-device: failed to read uevent file '/sys/bus/acpi/drivers/uevent': No such file or directory
Apr 26 04:16:40 localhost systemd-udevd[575]: seq 3607 running
Apr 26 04:16:40 localhost systemd-udevd[575]: sd-device: failed to read uevent file '/sys/bus/acpi/drivers/uevent': No such file or directory
Apr 26 04:16:40 localhost systemd-udevd[568]: seq 3611 forked new worker [579]
Apr 26 04:16:40 localhost systemd-udevd[579]: sd-device: failed to read uevent file '/sys/bus/acpi/drivers/uevent': No such file or directory
Apr 26 04:16:40 localhost systemd-udevd[577]: passed unknown number of bytes to netlink monitor 0x7f2ad3546bc0
Apr 26 04:16:40 localhost systemd-udevd[575]: passed unknown number of bytes to netlink monitor 0x7f2ad3544c50
Apr 26 04:16:40 localhost systemd-udevd[578]: seq 3610 running
Apr 26 04:16:40 localhost systemd-udevd[576]: seq 3608 running
Apr 26 04:16:40 localhost systemd-udevd[568]: seq 3612 forked new worker [582]
Apr 26 04:16:40 localhost systemd-udevd[579]: passed unknown number of bytes to netlink monitor 0x7f2ad3547030
Apr 26 04:16:40 localhost systemd-udevd[582]: seq 3612 running
Apr 26 04:16:40 localhost systemd-udevd[577]: seq 3609 processed with 0
Apr 26 04:16:40 localhost systemd-udevd[575]: seq 3607 processed with 0
Apr 26 04:16:40 localhost systemd-udevd[578]: sd-device: failed to read uevent file '/sys/bus/acpi/drivers/uevent': No such file or directory
Apr 26 04:16:40 localhost systemd-udevd[576]: sd-device: failed to read uevent file '/sys/bus/acpi/drivers/uevent': No such file or directory
Apr 26 04:16:40 localhost systemd-udevd[568]: seq 3613 forked new worker [583]
Apr 26 04:16:40 localhost systemd-udevd[583]: seq 3613 running
Apr 26 04:16:40 localhost systemd-udevd[579]: seq 3611 processed with 0
Apr 26 04:16:40 localhost systemd-udevd[582]: sd-device: failed to read uevent file '/sys/bus/acpi/drivers/uevent': No such file or directory
Apr 26 04:16:40 localhost systemd-udevd[578]: passed unknown number of bytes to netlink monitor 0x7f2ad3546dd0
Apr 26 04:16:40 localhost systemd-udevd[576]: passed unknown number of bytes to netlink monitor 0x7f2ad35469b0
Apr 26 04:16:40 localhost systemd-udevd[568]: seq 3614 queued, 'add' 'drivers'
Apr 26 04:16:40 localhost systemd-udevd[583]: sd-device: failed to read uevent file '/sys/bus/acpi/drivers/uevent': No such file or directory
Apr 26 04:16:40 localhost systemd-udevd[582]: passed unknown number of bytes to netlink monitor 0x7f2ad3547290
Apr 26 04:16:40 localhost systemd-udevd[578]: seq 3610 processed with 0
Apr 26 04:16:40 localhost systemd-udevd[576]: seq 3608 processed with 0
Apr 26 04:16:40 localhost systemd-udevd[568]: passed 141 bytes to netlink monitor 0x7f2ad35382e0
Apr 26 04:16:40 localhost systemd-udevd[575]: seq 3614 running
Apr 26 04:16:40 localhost systemd-udevd[583]: passed unknown number of bytes to netlink monitor 0x7f2ad35474f0
Apr 26 04:16:40 localhost systemd-udevd[582]: seq 3612 processed with 0
Apr 26 04:16:40 localhost systemd-udevd[568]: seq 3615 queued, 'add' 'drivers'
Apr 26 04:16:40 localhost systemd-udevd[575]: sd-device: failed to read uevent file '/sys/bus/acpi/drivers/uevent': No such file or directory
Apr 26 04:16:40 localhost systemd-udevd[583]: seq 3613 processed with 0
Apr 26 04:16:40 localhost systemd-udevd[568]: passed 137 bytes to netlink monitor 0x7f2ad35382e0
Apr 26 04:16:40 localhost systemd-udevd[576]: seq 3615 running
Apr 26 04:16:40 localhost systemd-udevd[575]: passed unknown number of bytes to netlink monitor 0x7f2ad3544c50
Apr 26 04:16:40 localhost systemd-udevd[568]: seq 3616 queued, 'add' 'bus'
Apr 26 04:16:40 localhost systemd-udevd[576]: sd-device: failed to read uevent file '/sys/bus/acpi/drivers/uevent': No such file or directory
Apr 26 04:16:40 localhost systemd-udevd[575]: seq 3614 processed with 0
Apr 26 04:16:40 localhost systemd-udevd[568]: passed 128 bytes to netlink monitor 0x7f2ad35382e0
Apr 26 04:16:40 localhost systemd-udevd[577]: seq 3616 running
Apr 26 04:16:40 localhost systemd-udevd[576]: passed unknown number of bytes to netlink monitor 0x7f2ad35469b0
Apr 26 04:16:40 localhost systemd-udevd[568]: seq 3617 queued, 'add' 'bus'
Apr 26 04:16:40 localhost systemd-udevd[577]: sd-device: failed to read uevent file '/sys/bus/uevent': No such file or directory
Apr 26 04:16:40 localhost systemd-udevd[576]: seq 3615 processed with 0
Apr 26 04:16:40 localhost systemd-udevd[568]: passed 128 bytes to netlink monitor 0x7f2ad35382e0
Apr 26 04:16:40 localhost systemd-udevd[575]: seq 3617 running
Apr 26 04:16:40 localhost systemd-udevd[577]: passed unknown number of bytes to netlink monitor 0x7f2ad3546bc0
Apr 26 04:16:40 localhost systemd-udevd[568]: seq 3618 queued, 'add' 'bus'
Apr 26 04:16:40 localhost systemd-udevd[575]: sd-device: failed to read uevent file '/sys/bus/uevent': No such file or directory
Apr 26 04:16:40 localhost systemd-udevd[577]: seq 3616 processed with 0
Apr 26 04:16:40 localhost systemd-udevd[568]: passed 126 bytes to netlink monitor 0x7f2ad35382e0
Apr 26 04:16:40 localhost systemd-udevd[576]: seq 3618 running
Apr 26 04:16:40 localhost systemd-udevd[575]: passed unknown number of bytes to netlink monitor 0x7f2ad3544c50
Apr 26 04:16:40 localhost systemd-udevd[568]: seq 3619 queued, 'add' 'bus'
Apr 26 04:16:40 localhost systemd-udevd[576]: sd-device: failed to read uevent file '/sys/bus/uevent': No such file or directory
Apr 26 04:16:40 localhost systemd-udevd[575]: seq 3617 processed with 0
Apr 26 04:16:40 localhost systemd-udevd[568]: passed 120 bytes to netlink monitor 0x7f2ad35382e0
Apr 26 04:16:40 localhost systemd-udevd[577]: seq 3619 running
Apr 26 04:16:40 localhost systemd-udevd[576]: passed unknown number of bytes to netlink monitor 0x7f2ad35469b0
Apr 26 04:16:40 localhost systemd-udevd[568]: seq 3620 queued, 'add' 'drivers'
Apr 26 04:16:40 localhost systemd-udevd[577]: sd-device: failed to read uevent file '/sys/bus/uevent': No such file or directory
Apr 26 04:16:40 localhost systemd-udevd[576]: seq 3618 processed with 0
Apr 26 04:16:40 localhost systemd-udevd[568]: seq 3621 queued, 'add' 'bus'
Apr 26 04:16:40 localhost systemd-udevd[577]: passed unknown number of bytes to netlink monitor 0x7f2ad3546bc0
Apr 26 04:16:40 localhost systemd-udevd[568]: passed 129 bytes to netlink monitor 0x7f2ad35382e0
Apr 26 04:16:40 localhost systemd-udevd[575]: seq 3621 running
Apr 26 04:16:40 localhost systemd-udevd[577]: seq 3619 processed with 0
Apr 26 04:16:40 localhost systemd-udevd[568]: seq 3622 queued, 'add' 'bus'
Apr 26 04:16:40 localhost systemd-udevd[575]: IMPORT builtin 'hwdb' /usr/lib/udev/rules.d/60-evdev.rules:8
Apr 26 04:16:40 localhost systemd-udevd[568]: passed 120 bytes to netlink monitor 0x7f2ad35382e0
Apr 26 04:16:40 localhost systemd-udevd[576]: seq 3622 running
Apr 26 04:16:40 localhost systemd-udevd[575]: IMPORT builtin 'hwdb' returned non-zero
Apr 26 04:16:40 localhost systemd-udevd[568]: seq 3623 queued, 'add' 'drivers'
Apr 26 04:16:40 localhost systemd-udevd[576]: sd-device: failed to read uevent file '/sys/bus/uevent': No such file or directory
Apr 26 04:16:40 localhost systemd-udevd[575]: sd-device: failed to read uevent file '/sys/bus/uevent': No such file or directory
Apr 26 04:16:40 localhost systemd-udevd[568]: passed 142 bytes to netlink monitor 0x7f2ad35382e0
Apr 26 04:16:40 localhost systemd-udevd[577]: seq 3620 running
Apr 26 04:16:40 localhost systemd-udevd[576]: passed unknown number of bytes to netlink monitor 0x7f2ad35469b0
Apr 26 04:16:40 localhost systemd-udevd[575]: passed unknown number of bytes to netlink monitor 0x7f2ad3544c50
Apr 26 04:16:40 localhost systemd-udevd[568]: seq 3624 queued, 'add' 'drivers'
Apr 26 04:16:40 localhost systemd-udevd[577]: sd-device: failed to read uevent file '/sys/bus/cpu/drivers/uevent': No such file or directory
Apr 26 04:16:40 localhost systemd-udevd[576]: seq 3622 processed with 0
Apr 26 04:16:40 localhost systemd-udevd[575]: seq 3621 processed with 0
Apr 26 04:16:40 localhost systemd-udevd[568]: seq 3625 queued, 'add' 'drivers'
Apr 26 04:16:40 localhost systemd-udevd[577]: passed unknown number of bytes to netlink monitor 0x7f2ad3546bc0
Apr 26 04:16:40 localhost systemd-udevd[568]: seq 3626 queued, 'add' 'bus'
Apr 26 04:16:40 localhost systemd-udevd[577]: seq 3620 processed with 0
Apr 26 04:16:40 localhost systemd-udevd[568]: passed 144 bytes to netlink monitor 0x7f2ad35382e0
Apr 26 04:16:40 localhost systemd-udevd[575]: seq 3623 running
Apr 26 04:16:40 localhost systemd-udevd[568]: passed 152 bytes to netlink monitor 0x7f2ad35382e0
Apr 26 04:16:40 localhost systemd-udevd[576]: seq 3624 running
Apr 26 04:16:40 localhost systemd-udevd[575]: sd-device: failed to read uevent file '/sys/bus/hid/drivers/uevent': No such file or directory
Apr 26 04:16:40 localhost systemd-udevd[568]: passed 154 bytes to netlink monitor 0x7f2ad35382e0
Apr 26 04:16:40 localhost systemd-udevd[578]: seq 3625 running
Apr 26 04:16:40 localhost systemd-udevd[576]: sd-device: failed to read uevent file '/sys/bus/hid/drivers/uevent': No such file or directory
Apr 26 04:16:40 localhost systemd-udevd[575]: passed unknown number of bytes to netlink monitor 0x7f2ad3544c50
Apr 26 04:16:40 localhost systemd-udevd[568]: passed 120 bytes to netlink monitor 0x7f2ad35382e0
Apr 26 04:16:40 localhost systemd-udevd[579]: seq 3626 running
Apr 26 04:16:40 localhost systemd-udevd[578]: sd-device: failed to read uevent file '/sys/bus/hid/drivers/uevent': No such file or directory
Apr 26 04:16:40 localhost systemd-udevd[576]: passed unknown number of bytes to netlink monitor 0x7f2ad35469b0
Apr 26 04:16:40 localhost systemd-udevd[575]: seq 3623 processed with 0
Apr 26 04:16:40 localhost systemd-udevd[568]: seq 3627 queued, 'add' 'drivers'
Apr 26 04:16:40 localhost systemd-udevd[579]: sd-device: failed to read uevent file '/sys/bus/uevent': No such file or directory
Apr 26 04:16:40 localhost systemd-udevd[578]: passed unknown number of bytes to netlink monitor 0x7f2ad3546dd0
Apr 26 04:16:40 localhost systemd-udevd[576]: seq 3624 processed with 0
Apr 26 04:16:40 localhost systemd-udevd[568]: seq 3628 queued, 'add' 'bus'
Apr 26 04:16:40 localhost systemd-udevd[579]: passed unknown number of bytes to netlink monitor 0x7f2ad3547030
Apr 26 04:16:40 localhost systemd-udevd[578]: seq 3625 processed with 0
Apr 26 04:16:40 localhost systemd-udevd[568]: passed 129 bytes to netlink monitor 0x7f2ad35382e0
Apr 26 04:16:40 localhost systemd-udevd[575]: seq 3628 running
Apr 26 04:16:40 localhost systemd-udevd[579]: seq 3626 processed with 0
Apr 26 04:16:40 localhost systemd-udevd[568]: seq 3629 queued, 'add' 'bus'
Apr 26 04:16:40 localhost systemd-udevd[575]: sd-device: failed to read uevent file '/sys/bus/uevent': No such file or directory
Apr 26 04:16:40 localhost systemd-udevd[568]: passed 120 bytes to netlink monitor 0x7f2ad35382e0
Apr 26 04:16:40 localhost systemd-udevd[576]: seq 3629 running
Apr 26 04:16:40 localhost systemd-udevd[575]: passed unknown number of bytes to netlink monitor 0x7f2ad3544c50
Apr 26 04:16:40 localhost systemd-udevd[568]: seq 3630 queued, 'add' 'bus'
Apr 26 04:16:40 localhost systemd-udevd[576]: sd-device: failed to read uevent file '/sys/bus/uevent': No such file or directory
Apr 26 04:16:40 localhost systemd-udevd[575]: seq 3628 processed with 0
Apr 26 04:16:40 localhost systemd-udevd[568]: passed 138 bytes to netlink monitor 0x7f2ad35382e0
Apr 26 04:16:40 localhost systemd-udevd[577]: seq 3627 running
Apr 26 04:16:40 localhost systemd-udevd[576]: passed unknown number of bytes to netlink monitor 0x7f2ad35469b0
Apr 26 04:16:40 localhost systemd-udevd[568]: passed 123 bytes to netlink monitor 0x7f2ad35382e0
Apr 26 04:16:40 localhost systemd-udevd[578]: seq 3630 running
Apr 26 04:16:40 localhost systemd-udevd[577]: sd-device: failed to read uevent file '/sys/bus/i2c/drivers/uevent': No such file or directory
Apr 26 04:16:40 localhost systemd-udevd[576]: seq 3629 processed with 0
Apr 26 04:16:40 localhost systemd-udevd[568]: seq 3631 queued, 'add' 'bus'
Apr 26 04:16:40 localhost systemd-udevd[578]: sd-device: failed to read uevent file '/sys/bus/uevent': No such file or directory
Apr 26 04:16:40 localhost systemd-udevd[577]: passed unknown number of bytes to netlink monitor 0x7f2ad3546bc0
Apr 26 04:16:40 localhost systemd-udevd[568]: passed 121 bytes to netlink monitor 0x7f2ad35382e0
Apr 26 04:16:40 localhost systemd-udevd[575]: seq 3631 running
Apr 26 04:16:40 localhost systemd-udevd[578]: passed unknown number of bytes to netlink monitor 0x7f2ad3546dd0
Apr 26 04:16:40 localhost systemd-udevd[577]: seq 3627 processed with 0
Apr 26 04:16:40 localhost systemd-udevd[568]: seq 3632 queued, 'add' 'bus'
Apr 26 04:16:40 localhost systemd-udevd[575]: sd-device: failed to read uevent file '/sys/bus/uevent': No such file or directory
Apr 26 04:16:40 localhost systemd-udevd[578]: seq 3630 processed with 0
Apr 26 04:16:40 localhost systemd-udevd[568]: passed 120 bytes to netlink monitor 0x7f2ad35382e0
Apr 26 04:16:40 localhost systemd-udevd[576]: seq 3632 running
Apr 26 04:16:40 localhost systemd-udevd[575]: passed unknown number of bytes to netlink monitor 0x7f2ad3544c50
Apr 26 04:16:40 localhost systemd-udevd[568]: seq 3633 queued, 'add' 'drivers'
Apr 26 04:16:40 localhost systemd-udevd[576]: sd-device: failed to read uevent file '/sys/bus/uevent': No such file or directory
Apr 26 04:16:40 localhost systemd-udevd[575]: seq 3631 processed with 0
Apr 26 04:16:40 localhost systemd-udevd[568]: seq 3634 queued, 'add' 'drivers'
Apr 26 04:16:40 localhost systemd-udevd[576]: passed unknown number of bytes to netlink monitor 0x7f2ad35469b0
Apr 26 04:16:40 localhost systemd-udevd[568]: seq 3635 queued, 'add' 'drivers'
Apr 26 04:16:40 localhost systemd-udevd[576]: seq 3632 processed with 0
Apr 26 04:16:40 localhost systemd-udevd[568]: seq 3636 queued, 'add' 'drivers'
Apr 26 04:16:40 localhost systemd-udevd[568]: seq 3637 queued, 'add' 'drivers'
Apr 26 04:16:40 localhost systemd-udevd[568]: passed 137 bytes to netlink monitor 0x7f2ad35382e0
Apr 26 04:16:40 localhost systemd-udevd[575]: seq 3633 running
Apr 26 04:16:40 localhost systemd-udevd[568]: passed 141 bytes to netlink monitor 0x7f2ad35382e0
Apr 26 04:16:40 localhost systemd-udevd[576]: seq 3634 running
Apr 26 04:16:40 localhost systemd-udevd[575]: sd-device: failed to read uevent file '/sys/bus/pci/drivers/uevent': No such file or directory
Apr 26 04:16:40 localhost systemd-udevd[568]: passed 143 bytes to netlink monitor 0x7f2ad35382e0
Apr 26 04:16:40 localhost systemd-udevd[577]: seq 3635 running
Apr 26 04:16:40 localhost systemd-udevd[576]: sd-device: failed to read uevent file '/sys/bus/pci/drivers/uevent': No such file or directory
Apr 26 04:16:40 localhost systemd-udevd[575]: passed unknown number of bytes to netlink monitor 0x7f2ad3544c50
Apr 26 04:16:40 localhost systemd-udevd[568]: passed 143 bytes to netlink monitor 0x7f2ad35382e0
Apr 26 04:16:40 localhost systemd-udevd[578]: seq 3636 running
Apr 26 04:16:40 localhost systemd-udevd[577]: sd-device: failed to read uevent file '/sys/bus/pci/drivers/uevent': No such file or directory
Apr 26 04:16:40 localhost systemd-udevd[576]: passed unknown number of bytes to netlink monitor 0x7f2ad35469b0
Apr 26 04:16:40 localhost systemd-udevd[575]: seq 3633 processed with 0
Apr 26 04:16:40 localhost systemd-udevd[568]: passed 145 bytes to netlink monitor 0x7f2ad35382e0
Apr 26 04:16:40 localhost systemd-udevd[579]: seq 3637 running
Apr 26 04:16:40 localhost systemd-udevd[578]: sd-device: failed to read uevent file '/sys/bus/pci/drivers/uevent': No such file or directory
Apr 26 04:16:40 localhost systemd-udevd[577]: passed unknown number of bytes to netlink monitor 0x7f2ad3546bc0
Apr 26 04:16:40 localhost systemd-udevd[576]: seq 3634 processed with 0
Apr 26 04:16:40 localhost systemd-udevd[568]: seq 3638 queued, 'add' 'drivers'
Apr 26 04:16:40 localhost systemd-udevd[579]: sd-device: failed to read uevent file '/sys/bus/pci/drivers/uevent': No such file or directory
Apr 26 04:16:40 localhost systemd-udevd[578]: passed unknown number of bytes to netlink monitor 0x7f2ad3546dd0
Apr 26 04:16:40 localhost systemd-udevd[577]: seq 3635 processed with 0
Apr 26 04:16:40 localhost systemd-udevd[575]: seq 3638 running
Apr 26 04:16:40 localhost systemd-udevd[568]: passed 140 bytes to netlink monitor 0x7f2ad35382e0
Apr 26 04:16:40 localhost systemd-udevd[579]: passed unknown number of bytes to netlink monitor 0x7f2ad3547030
Apr 26 04:16:40 localhost systemd-udevd[578]: seq 3636 processed with 0
Apr 26 04:16:40 localhost systemd-udevd[575]: sd-device: failed to read uevent file '/sys/bus/pci/drivers/uevent': No such file or directory
Apr 26 04:16:40 localhost systemd-udevd[568]: seq 3639 queued, 'add' 'drivers'
Apr 26 04:16:40 localhost systemd-udevd[579]: seq 3637 processed with 0
Apr 26 04:16:40 localhost systemd-udevd[575]: passed unknown number of bytes to netlink monitor 0x7f2ad3544c50
Apr 26 04:16:40 localhost systemd-udevd[568]: passed 139 bytes to netlink monitor 0x7f2ad35382e0
Apr 26 04:16:40 localhost systemd-udevd[576]: seq 3639 running
Apr 26 04:16:40 localhost systemd-udevd[575]: seq 3638 processed with 0
Apr 26 04:16:40 localhost systemd-udevd[568]: seq 3640 queued, 'add' 'drivers'
Apr 26 04:16:40 localhost systemd-udevd[576]: sd-device: failed to read uevent file '/sys/bus/pci/drivers/uevent': No such file or directory
Apr 26 04:16:40 localhost systemd-udevd[568]: passed 139 bytes to netlink monitor 0x7f2ad35382e0
Apr 26 04:16:40 localhost systemd-udevd[577]: seq 3640 running
Apr 26 04:16:40 localhost systemd-udevd[576]: passed unknown number of bytes to netlink monitor 0x7f2ad35469b0
Apr 26 04:16:40 localhost systemd-udevd[568]: seq 3641 queued, 'add' 'drivers'
Apr 26 04:16:40 localhost systemd-udevd[577]: sd-device: failed to read uevent file '/sys/bus/pci/drivers/uevent': No such file or directory
Apr 26 04:16:40 localhost systemd-udevd[576]: seq 3639 processed with 0
Apr 26 04:16:40 localhost systemd-udevd[568]: passed 139 bytes to netlink monitor 0x7f2ad35382e0
Apr 26 04:16:40 localhost systemd-udevd[575]: seq 3641 running
Apr 26 04:16:40 localhost systemd-udevd[577]: passed unknown number of bytes to netlink monitor 0x7f2ad3546bc0
Apr 26 04:16:40 localhost systemd-udevd[568]: seq 3642 queued, 'add' 'drivers'
Apr 26 04:16:40 localhost systemd-udevd[575]: sd-device: failed to read uevent file '/sys/bus/pci/drivers/uevent': No such file or directory
Apr 26 04:16:40 localhost systemd-udevd[577]: seq 3640 processed with 0
Apr 26 04:16:40 localhost systemd-udevd[568]: passed 141 bytes to netlink monitor 0x7f2ad35382e0
Apr 26 04:16:40 localhost systemd-udevd[576]: seq 3642 running
Apr 26 04:16:40 localhost systemd-udevd[575]: passed unknown number of bytes to netlink monitor 0x7f2ad3544c50
Apr 26 04:16:40 localhost systemd-udevd[568]: seq 3643 queued, 'add' 'drivers'
Apr 26 04:16:40 localhost systemd-udevd[576]: sd-device: failed to read uevent file '/sys/bus/pci/drivers/uevent': No such file or directory
Apr 26 04:16:40 localhost systemd-udevd[575]: seq 3641 processed with 0
Apr 26 04:16:40 localhost systemd-udevd[568]: passed 138 bytes to netlink monitor 0x7f2ad35382e0
Apr 26 04:16:40 localhost systemd-udevd[577]: seq 3643 running
Apr 26 04:16:40 localhost systemd-udevd[576]: passed unknown number of bytes to netlink monitor 0x7f2ad35469b0
Apr 26 04:16:40 localhost systemd-udevd[568]: seq 3644 queued, 'add' 'drivers'
Apr 26 04:16:40 localhost systemd-udevd[577]: sd-device: failed to read uevent file '/sys/bus/pci/drivers/uevent': No such file or directory
Apr 26 04:16:40 localhost systemd-udevd[576]: seq 3642 processed with 0
Apr 26 04:16:40 localhost systemd-udevd[568]: passed 139 bytes to netlink monitor 0x7f2ad35382e0
Apr 26 04:16:40 localhost systemd-udevd[575]: seq 3644 running
Apr 26 04:16:40 localhost systemd-udevd[577]: passed unknown number of bytes to netlink monitor 0x7f2ad3546bc0
Apr 26 04:16:40 localhost systemd-udevd[568]: seq 3645 queued, 'add' 'drivers'
Apr 26 04:16:40 localhost systemd-udevd[575]: sd-device: failed to read uevent file '/sys/bus/pci/drivers/uevent': No such file or directory
Apr 26 04:16:40 localhost systemd-udevd[577]: seq 3643 processed with 0
Apr 26 04:16:40 localhost systemd-udevd[568]: passed 139 bytes to netlink monitor 0x7f2ad35382e0
Apr 26 04:16:40 localhost systemd-udevd[576]: seq 3645 running
Apr 26 04:16:40 localhost systemd-udevd[575]: passed unknown number of bytes to netlink monitor 0x7f2ad3544c50
Apr 26 04:16:40 localhost systemd-udevd[568]: seq 3646 queued, 'add' 'drivers'
Apr 26 04:16:40 localhost systemd-udevd[576]: sd-device: failed to read uevent file '/sys/bus/pci/drivers/uevent': No such file or directory
Apr 26 04:16:40 localhost systemd-udevd[575]: seq 3644 processed with 0
Apr 26 04:16:40 localhost systemd-udevd[568]: passed 146 bytes to netlink monitor 0x7f2ad35382e0
Apr 26 04:16:40 localhost systemd-udevd[577]: seq 3646 running
Apr 26 04:16:40 localhost systemd-udevd[576]: passed unknown number of bytes to netlink monitor 0x7f2ad35469b0
Apr 26 04:16:40 localhost systemd-udevd[568]: seq 3647 queued, 'add' 'drivers'
Apr 26 04:16:40 localhost systemd-udevd[577]: sd-device: failed to read uevent file '/sys/bus/pci/drivers/uevent': No such file or directory
Apr 26 04:16:40 localhost systemd-udevd[576]: seq 3645 processed with 0
Apr 26 04:16:40 localhost systemd-udevd[568]: passed 145 bytes to netlink monitor 0x7f2ad35382e0
Apr 26 04:16:40 localhost systemd-udevd[575]: seq 3647 running
Apr 26 04:16:40 localhost systemd-udevd[577]: passed unknown number of bytes to netlink monitor 0x7f2ad3546bc0
Apr 26 04:16:40 localhost systemd-udevd[568]: seq 3648 queued, 'add' 'drivers'
Apr 26 04:16:40 localhost systemd-udevd[575]: sd-device: failed to read uevent file '/sys/bus/pci/drivers/uevent': No such file or directory
Apr 26 04:16:40 localhost systemd-udevd[577]: seq 3646 processed with 0
Apr 26 04:16:40 localhost systemd-udevd[568]: passed 149 bytes to netlink monitor 0x7f2ad35382e0
Apr 26 04:16:40 localhost systemd-udevd[576]: seq 3648 running
Apr 26 04:16:40 localhost systemd-udevd[575]: passed unknown number of bytes to netlink monitor 0x7f2ad3544c50
Apr 26 04:16:40 localhost systemd-udevd[568]: seq 3649 queued, 'add' 'drivers'
Apr 26 04:16:40 localhost systemd-udevd[576]: sd-device: failed to read uevent file '/sys/bus/pci/drivers/uevent': No such file or directory
Apr 26 04:16:40 localhost systemd-udevd[575]: seq 3647 processed with 0
Apr 26 04:16:40 localhost systemd-udevd[568]: passed 141 bytes to netlink monitor 0x7f2ad35382e0
Apr 26 04:16:40 localhost systemd-udevd[577]: seq 3649 running
Apr 26 04:16:40 localhost systemd-udevd[576]: passed unknown number of bytes to netlink monitor 0x7f2ad35469b0
Apr 26 04:16:40 localhost systemd-udevd[568]: seq 3650 queued, 'add' 'bus'
Apr 26 04:16:40 localhost systemd-udevd[577]: sd-device: failed to read uevent file '/sys/bus/pci/drivers/uevent': No such file or directory
Apr 26 04:16:40 localhost systemd-udevd[576]: seq 3648 processed with 0
Apr 26 04:16:40 localhost systemd-udevd[568]: passed 128 bytes to netlink monitor 0x7f2ad35382e0
Apr 26 04:16:40 localhost systemd-udevd[577]: passed unknown number of bytes to netlink monitor 0x7f2ad3546bc0
Apr 26 04:16:40 localhost systemd-udevd[577]: seq 3649 processed with 0
Apr 26 04:16:40 localhost systemd-udevd[568]: seq 3651 queued, 'add' 'drivers'
Apr 26 04:16:40 localhost systemd-udevd[568]: seq 3652 queued, 'add' 'drivers'
Apr 26 04:16:40 localhost systemd-udevd[568]: seq 3653 queued, 'add' 'drivers'
Apr 26 04:16:40 localhost systemd-udevd[568]: seq 3654 queued, 'add' 'bus'
Apr 26 04:16:40 localhost systemd-udevd[568]: passed 125 bytes to netlink monitor 0x7f2ad35382e0
Apr 26 04:16:40 localhost systemd-udevd[576]: seq 3654 running
Apr 26 04:16:40 localhost systemd-udevd[576]: sd-device: failed to read uevent file '/sys/bus/uevent': No such file or directory
Apr 26 04:16:40 localhost systemd-udevd[576]: passed unknown number of bytes to netlink monitor 0x7f2ad35469b0
Apr 26 04:16:40 localhost systemd-udevd[576]: seq 3654 processed with 0
Apr 26 04:16:40 localhost systemd-udevd[575]: seq 3650 running
Apr 26 04:16:40 localhost systemd-udevd[575]: sd-device: failed to read uevent file '/sys/bus/uevent': No such file or directory
Apr 26 04:16:40 localhost systemd-udevd[575]: passed unknown number of bytes to netlink monitor 0x7f2ad3544c50
Apr 26 04:16:40 localhost systemd-udevd[575]: seq 3650 processed with 0
Apr 26 04:16:40 localhost systemd-udevd[568]: seq 3655 queued, 'add' 'drivers'
Apr 26 04:16:40 localhost systemd-udevd[568]: seq 3656 queued, 'add' 'drivers'
Apr 26 04:16:40 localhost systemd-udevd[568]: passed 144 bytes to netlink monitor 0x7f2ad35382e0
Apr 26 04:16:40 localhost systemd-udevd[568]: passed 149 bytes to netlink monitor 0x7f2ad35382e0
Apr 26 04:16:40 localhost systemd-udevd[568]: passed 147 bytes to netlink monitor 0x7f2ad35382e0
Apr 26 04:16:40 localhost systemd-udevd[568]: passed 146 bytes to netlink monitor 0x7f2ad35382e0
Apr 26 04:16:40 localhost systemd-udevd[568]: passed 148 bytes to netlink monitor 0x7f2ad35382e0
Apr 26 04:16:40 localhost systemd-udevd[575]: seq 3651 running
Apr 26 04:16:40 localhost systemd-udevd[568]: seq 3657 queued, 'add' 'drivers'
Apr 26 04:16:40 localhost systemd-udevd[568]: passed 146 bytes to netlink monitor 0x7f2ad35382e0
Apr 26 04:16:40 localhost systemd-udevd[575]: sd-device: failed to read uevent file '/sys/bus/pci_express/drivers/uevent': No such file or directory
Apr 26 04:16:40 localhost systemd-udevd[568]: seq 3658 queued, 'add' 'drivers'
Apr 26 04:16:40 localhost systemd-udevd[575]: passed unknown number of bytes to netlink monitor 0x7f2ad3544c50
Apr 26 04:16:40 localhost systemd-udevd[568]: passed 145 bytes to netlink monitor 0x7f2ad35382e0
Apr 26 04:16:40 localhost systemd-udevd[575]: seq 3651 processed with 0
Apr 26 04:16:40 localhost systemd-udevd[578]: seq 3655 running
Apr 26 04:16:40 localhost systemd-udevd[576]: seq 3652 running
Apr 26 04:16:40 localhost systemd-udevd[579]: seq 3656 running
Apr 26 04:16:40 localhost systemd-udevd[583]: seq 3658 running
Apr 26 04:16:40 localhost systemd-udevd[582]: seq 3657 running
Apr 26 04:16:40 localhost systemd-udevd[582]: sd-device: failed to read uevent file '/sys/bus/platform/drivers/uevent': No such file or directory
Apr 26 04:16:40 localhost systemd-udevd[578]: sd-device: failed to read uevent file '/sys/bus/platform/drivers/uevent': No such file or directory
Apr 26 04:16:40 localhost systemd-udevd[577]: seq 3653 running
Apr 26 04:16:40 localhost systemd-udevd[576]: sd-device: failed to read uevent file '/sys/bus/pci_express/drivers/uevent': No such file or directory
Apr 26 04:16:40 localhost systemd-udevd[579]: sd-device: failed to read uevent file '/sys/bus/platform/drivers/uevent': No such file or directory
Apr 26 04:16:40 localhost systemd-udevd[583]: sd-device: failed to read uevent file '/sys/bus/platform/drivers/uevent': No such file or directory
Apr 26 04:16:40 localhost systemd-udevd[582]: passed unknown number of bytes to netlink monitor 0x7f2ad3547290
Apr 26 04:16:40 localhost systemd-udevd[578]: passed unknown number of bytes to netlink monitor 0x7f2ad3546dd0
Apr 26 04:16:40 localhost systemd-udevd[577]: sd-device: failed to read uevent file '/sys/bus/pci_express/drivers/uevent': No such file or directory
Apr 26 04:16:40 localhost systemd-udevd[576]: passed unknown number of bytes to netlink monitor 0x7f2ad35469b0
Apr 26 04:16:40 localhost systemd-udevd[579]: passed unknown number of bytes to netlink monitor 0x7f2ad3547030
Apr 26 04:16:40 localhost systemd-udevd[583]: passed unknown number of bytes to netlink monitor 0x7f2ad35474f0
Apr 26 04:16:40 localhost systemd-udevd[582]: seq 3657 processed with 0
Apr 26 04:16:40 localhost systemd-udevd[578]: seq 3655 processed with 0
Apr 26 04:16:40 localhost systemd-udevd[577]: passed unknown number of bytes to netlink monitor 0x7f2ad3546bc0
Apr 26 04:16:40 localhost systemd-udevd[576]: seq 3652 processed with 0
Apr 26 04:16:40 localhost systemd-udevd[579]: seq 3656 processed with 0
Apr 26 04:16:40 localhost systemd-udevd[583]: seq 3658 processed with 0
Apr 26 04:16:40 localhost systemd-udevd[577]: seq 3653 processed with 0
Apr 26 04:16:40 localhost systemd-udevd[568]: seq 3659 queued, 'add' 'drivers'
Apr 26 04:16:40 localhost systemd-udevd[568]: seq 3659 forked new worker [593]
Apr 26 04:16:40 localhost systemd-udevd[568]: seq 3660 queued, 'add' 'drivers'
Apr 26 04:16:40 localhost systemd-udevd[568]: passed 147 bytes to netlink monitor 0x7f2ad35382e0
Apr 26 04:16:40 localhost systemd-udevd[568]: seq 3661 queued, 'add' 'drivers'
Apr 26 04:16:40 localhost systemd-udevd[575]: seq 3660 running
Apr 26 04:16:40 localhost systemd-udevd[568]: passed 153 bytes to netlink monitor 0x7f2ad35382e0
Apr 26 04:16:40 localhost systemd-udevd[568]: seq 3662 queued, 'add' 'drivers'
Apr 26 04:16:40 localhost systemd-udevd[575]: sd-device: failed to read uevent file '/sys/bus/platform/drivers/uevent': No such file or directory
Apr 26 04:16:40 localhost systemd-udevd[577]: seq 3662 running
Apr 26 04:16:40 localhost systemd-udevd[575]: passed unknown number of bytes to netlink monitor 0x7f2ad3544c50
Apr 26 04:16:40 localhost systemd-udevd[575]: seq 3660 processed with 0
Apr 26 04:16:40 localhost systemd-udevd[577]: sd-device: failed to read uevent file '/sys/bus/platform/drivers/uevent': No such file or directory
Apr 26 04:16:40 localhost systemd-udevd[577]: passed unknown number of bytes to netlink monitor 0x7f2ad3546bc0
Apr 26 04:16:40 localhost systemd-udevd[593]: seq 3659 running
Apr 26 04:16:40 localhost systemd-udevd[568]: passed 143 bytes to netlink monitor 0x7f2ad35382e0
Apr 26 04:16:40 localhost systemd-udevd[576]: seq 3661 running
Apr 26 04:16:40 localhost systemd-udevd[577]: seq 3662 processed with 0
Apr 26 04:16:40 localhost systemd-udevd[593]: sd-device: failed to read uevent file '/sys/bus/platform/drivers/uevent': No such file or directory
Apr 26 04:16:40 localhost systemd-udevd[568]: seq 3663 queued, 'add' 'drivers'
Apr 26 04:16:40 localhost systemd-udevd[576]: sd-device: failed to read uevent file '/sys/bus/platform/drivers/uevent': No such file or directory
Apr 26 04:16:40 localhost systemd-udevd[593]: passed unknown number of bytes to netlink monitor 0x7f2ad3548d60
Apr 26 04:16:40 localhost systemd-udevd[568]: passed 146 bytes to netlink monitor 0x7f2ad35382e0
Apr 26 04:16:40 localhost systemd-udevd[575]: seq 3663 running
Apr 26 04:16:40 localhost systemd-udevd[576]: passed unknown number of bytes to netlink monitor 0x7f2ad35469b0
Apr 26 04:16:40 localhost systemd-udevd[593]: seq 3659 processed with 0
Apr 26 04:16:40 localhost systemd-udevd[568]: seq 3664 queued, 'add' 'drivers'
Apr 26 04:16:40 localhost systemd-udevd[575]: sd-device: failed to read uevent file '/sys/bus/platform/drivers/uevent': No such file or directory
Apr 26 04:16:40 localhost systemd-udevd[576]: seq 3661 processed with 0
Apr 26 04:16:40 localhost systemd-udevd[568]: passed 148 bytes to netlink monitor 0x7f2ad35382e0
Apr 26 04:16:40 localhost systemd-udevd[577]: seq 3664 running
Apr 26 04:16:40 localhost systemd-udevd[575]: passed unknown number of bytes to netlink monitor 0x7f2ad3544c50
Apr 26 04:16:40 localhost systemd-udevd[568]: seq 3665 queued, 'add' 'drivers'
Apr 26 04:16:40 localhost systemd-udevd[577]: sd-device: failed to read uevent file '/sys/bus/platform/drivers/uevent': No such file or directory
Apr 26 04:16:40 localhost systemd-udevd[575]: seq 3663 processed with 0
Apr 26 04:16:40 localhost systemd-udevd[568]: passed 144 bytes to netlink monitor 0x7f2ad35382e0
Apr 26 04:16:40 localhost systemd-udevd[576]: seq 3665 running
Apr 26 04:16:40 localhost systemd-udevd[577]: passed unknown number of bytes to netlink monitor 0x7f2ad3546bc0
Apr 26 04:16:40 localhost systemd-udevd[568]: seq 3666 queued, 'add' 'drivers'
Apr 26 04:16:40 localhost systemd-udevd[576]: sd-device: failed to read uevent file '/sys/bus/platform/drivers/uevent': No such file or directory
Apr 26 04:16:40 localhost systemd-udevd[577]: seq 3664 processed with 0
Apr 26 04:16:40 localhost systemd-udevd[568]: passed 154 bytes to netlink monitor 0x7f2ad35382e0
Apr 26 04:16:40 localhost systemd-udevd[575]: seq 3666 running
Apr 26 04:16:40 localhost systemd-udevd[576]: passed unknown number of bytes to netlink monitor 0x7f2ad35469b0
Apr 26 04:16:40 localhost systemd-udevd[568]: seq 3667 queued, 'add' 'bus'
Apr 26 04:16:40 localhost systemd-udevd[575]: sd-device: failed to read uevent file '/sys/bus/platform/drivers/uevent': No such file or directory
Apr 26 04:16:40 localhost systemd-udevd[576]: seq 3665 processed with 0
Apr 26 04:16:40 localhost systemd-udevd[568]: passed 120 bytes to netlink monitor 0x7f2ad35382e0
Apr 26 04:16:40 localhost systemd-udevd[577]: seq 3667 running
Apr 26 04:16:40 localhost systemd-udevd[575]: passed unknown number of bytes to netlink monitor 0x7f2ad3544c50
Apr 26 04:16:40 localhost systemd-udevd[568]: seq 3668 queued, 'add' 'drivers'
Apr 26 04:16:40 localhost systemd-udevd[577]: sd-device: failed to read uevent file '/sys/bus/uevent': No such file or directory
Apr 26 04:16:40 localhost systemd-udevd[575]: seq 3666 processed with 0
Apr 26 04:16:40 localhost systemd-udevd[568]: seq 3669 queued, 'add' 'drivers'
Apr 26 04:16:40 localhost systemd-udevd[577]: passed unknown number of bytes to netlink monitor 0x7f2ad3546bc0
Apr 26 04:16:40 localhost systemd-udevd[568]: seq 3670 queued, 'add' 'drivers'
Apr 26 04:16:40 localhost systemd-udevd[577]: seq 3667 processed with 0
Apr 26 04:16:40 localhost systemd-udevd[568]: seq 3671 queued, 'add' 'bus'
Apr 26 04:16:40 localhost systemd-udevd[568]: passed 121 bytes to netlink monitor 0x7f2ad35382e0
Apr 26 04:16:40 localhost systemd-udevd[575]: seq 3671 running
Apr 26 04:16:40 localhost systemd-udevd[568]: seq 3672 queued, 'add' 'drivers'
Apr 26 04:16:40 localhost systemd-udevd[575]: sd-device: failed to read uevent file '/sys/bus/uevent': No such file or directory
Apr 26 04:16:40 localhost systemd-udevd[568]: passed 141 bytes to netlink monitor 0x7f2ad35382e0
Apr 26 04:16:40 localhost systemd-udevd[576]: seq 3668 running
Apr 26 04:16:40 localhost systemd-udevd[575]: passed unknown number of bytes to netlink monitor 0x7f2ad3544c50
Apr 26 04:16:40 localhost systemd-udevd[568]: passed 139 bytes to netlink monitor 0x7f2ad35382e0
Apr 26 04:16:40 localhost systemd-udevd[577]: seq 3669 running
Apr 26 04:16:40 localhost systemd-udevd[576]: sd-device: failed to read uevent file '/sys/bus/pnp/drivers/uevent': No such file or directory
Apr 26 04:16:40 localhost systemd-udevd[575]: seq 3671 processed with 0
Apr 26 04:16:40 localhost systemd-udevd[568]: passed 139 bytes to netlink monitor 0x7f2ad35382e0
Apr 26 04:16:40 localhost systemd-udevd[578]: seq 3670 running
Apr 26 04:16:40 localhost systemd-udevd[577]: sd-device: failed to read uevent file '/sys/bus/pnp/drivers/uevent': No such file or directory
Apr 26 04:16:40 localhost systemd-udevd[576]: passed unknown number of bytes to netlink monitor 0x7f2ad35469b0
Apr 26 04:16:40 localhost systemd-udevd[568]: seq 3673 queued, 'add' 'drivers'
Apr 26 04:16:40 localhost systemd-udevd[578]: sd-device: failed to read uevent file '/sys/bus/pnp/drivers/uevent': No such file or directory
Apr 26 04:16:40 localhost systemd-udevd[577]: passed unknown number of bytes to netlink monitor 0x7f2ad3546bc0
Apr 26 04:16:40 localhost systemd-udevd[576]: seq 3668 processed with 0
Apr 26 04:16:40 localhost systemd-udevd[568]: passed 136 bytes to netlink monitor 0x7f2ad35382e0
Apr 26 04:16:40 localhost systemd-udevd[575]: seq 3672 running
Apr 26 04:16:40 localhost systemd-udevd[578]: passed unknown number of bytes to netlink monitor 0x7f2ad3546dd0
Apr 26 04:16:40 localhost systemd-udevd[577]: seq 3669 processed with 0
Apr 26 04:16:40 localhost systemd-udevd[568]: passed 136 bytes to netlink monitor 0x7f2ad35382e0
Apr 26 04:16:40 localhost systemd-udevd[579]: seq 3673 running
Apr 26 04:16:40 localhost systemd-udevd[575]: sd-device: failed to read uevent file '/sys/bus/scsi/drivers/uevent': No such file or directory
Apr 26 04:16:40 localhost systemd-udevd[578]: seq 3670 processed with 0
Apr 26 04:16:40 localhost systemd-udevd[568]: seq 3674 queued, 'add' 'bus'
Apr 26 04:16:40 localhost systemd-udevd[579]: sd-device: failed to read uevent file '/sys/bus/scsi/drivers/uevent': No such file or directory
Apr 26 04:16:40 localhost systemd-udevd[575]: passed unknown number of bytes to netlink monitor 0x7f2ad3544c50
Apr 26 04:16:40 localhost systemd-udevd[568]: passed 122 bytes to netlink monitor 0x7f2ad35382e0
Apr 26 04:16:40 localhost systemd-udevd[576]: seq 3674 running
Apr 26 04:16:40 localhost systemd-udevd[579]: passed unknown number of bytes to netlink monitor 0x7f2ad3547030
Apr 26 04:16:40 localhost systemd-udevd[575]: seq 3672 processed with 0
Apr 26 04:16:40 localhost systemd-udevd[568]: seq 3675 queued, 'add' 'drivers'
Apr 26 04:16:40 localhost systemd-udevd[576]: sd-device: failed to read uevent file '/sys/bus/uevent': No such file or directory
Apr 26 04:16:40 localhost systemd-udevd[579]: seq 3673 processed with 0
Apr 26 04:16:40 localhost systemd-udevd[568]: seq 3676 queued, 'add' 'drivers'
Apr 26 04:16:40 localhost systemd-udevd[576]: passed unknown number of bytes to netlink monitor 0x7f2ad35469b0
Apr 26 04:16:40 localhost systemd-udevd[568]: seq 3677 queued, 'add' 'drivers'
Apr 26 04:16:40 localhost systemd-udevd[576]: seq 3674 processed with 0
Apr 26 04:16:40 localhost systemd-udevd[568]: seq 3678 queued, 'add' 'bus'
Apr 26 04:16:40 localhost systemd-udevd[575]: seq 3678 running
Apr 26 04:16:40 localhost systemd-udevd[575]: sd-device: failed to read uevent file '/sys/bus/uevent': No such file or directory
Apr 26 04:16:40 localhost systemd-udevd[575]: passed unknown number of bytes to netlink monitor 0x7f2ad3544c50
Apr 26 04:16:40 localhost systemd-udevd[575]: seq 3678 processed with 0
Apr 26 04:16:40 localhost systemd-udevd[568]: passed 120 bytes to netlink monitor 0x7f2ad35382e0
Apr 26 04:16:40 localhost systemd-udevd[568]: seq 3679 queued, 'add' 'bus'
Apr 26 04:16:40 localhost systemd-udevd[568]: passed 140 bytes to netlink monitor 0x7f2ad35382e0
Apr 26 04:16:40 localhost systemd-udevd[568]: passed 142 bytes to netlink monitor 0x7f2ad35382e0
Apr 26 04:16:40 localhost systemd-udevd[575]: seq 3675 running
Apr 26 04:16:40 localhost systemd-udevd[577]: seq 3677 running
Apr 26 04:16:40 localhost systemd-udevd[575]: sd-device: failed to read uevent file '/sys/bus/serio/drivers/uevent': No such file or directory
Apr 26 04:16:40 localhost systemd-udevd[577]: sd-device: failed to read uevent file '/sys/bus/serio/drivers/uevent': No such file or directory
Apr 26 04:16:40 localhost systemd-udevd[575]: passed unknown number of bytes to netlink monitor 0x7f2ad3544c50
Apr 26 04:16:40 localhost systemd-udevd[575]: seq 3675 processed with 0
Apr 26 04:16:40 localhost systemd-udevd[577]: passed unknown number of bytes to netlink monitor 0x7f2ad3546bc0
Apr 26 04:16:40 localhost systemd-udevd[577]: seq 3677 processed with 0
Apr 26 04:16:40 localhost systemd-udevd[568]: passed 144 bytes to netlink monitor 0x7f2ad35382e0
Apr 26 04:16:40 localhost systemd-udevd[568]: passed 120 bytes to netlink monitor 0x7f2ad35382e0
Apr 26 04:16:40 localhost systemd-udevd[576]: seq 3676 running
Apr 26 04:16:40 localhost systemd-udevd[578]: seq 3679 running
Apr 26 04:16:40 localhost systemd-udevd[568]: seq 3680 queued, 'add' 'drivers'
Apr 26 04:16:40 localhost systemd-udevd[576]: sd-device: failed to read uevent file '/sys/bus/serio/drivers/uevent': No such file or directory
Apr 26 04:16:40 localhost systemd-udevd[578]: sd-device: failed to read uevent file '/sys/bus/uevent': No such file or directory
Apr 26 04:16:40 localhost systemd-udevd[568]: seq 3681 queued, 'add' 'drivers'
Apr 26 04:16:40 localhost systemd-udevd[576]: passed unknown number of bytes to netlink monitor 0x7f2ad35469b0
Apr 26 04:16:40 localhost systemd-udevd[578]: passed unknown number of bytes to netlink monitor 0x7f2ad3546dd0
Apr 26 04:16:40 localhost systemd-udevd[568]: seq 3682 queued, 'add' 'drivers'
Apr 26 04:16:40 localhost systemd-udevd[576]: seq 3676 processed with 0
Apr 26 04:16:40 localhost systemd-udevd[578]: seq 3679 processed with 0
Apr 26 04:16:40 localhost systemd-udevd[568]: seq 3683 queued, 'add' 'drivers'
Apr 26 04:16:40 localhost systemd-udevd[568]: seq 3684 queued, 'add' 'bus'
Apr 26 04:16:40 localhost systemd-udevd[568]: passed 136 bytes to netlink monitor 0x7f2ad35382e0
Apr 26 04:16:40 localhost systemd-udevd[575]: seq 3680 running
Apr 26 04:16:40 localhost systemd-udevd[568]: passed 136 bytes to netlink monitor 0x7f2ad35382e0
Apr 26 04:16:40 localhost systemd-udevd[576]: seq 3681 running
Apr 26 04:16:40 localhost systemd-udevd[575]: sd-device: failed to read uevent file '/sys/bus/usb/drivers/uevent': No such file or directory
Apr 26 04:16:40 localhost systemd-udevd[577]: seq 3682 running
Apr 26 04:16:40 localhost systemd-udevd[568]: passed 138 bytes to netlink monitor 0x7f2ad35382e0
Apr 26 04:16:40 localhost systemd-udevd[576]: sd-device: failed to read uevent file '/sys/bus/usb/drivers/uevent': No such file or directory
Apr 26 04:16:40 localhost systemd-udevd[575]: passed unknown number of bytes to netlink monitor 0x7f2ad3544c50
Apr 26 04:16:40 localhost systemd-udevd[577]: sd-device: failed to read uevent file '/sys/bus/usb/drivers/uevent': No such file or directory
Apr 26 04:16:40 localhost systemd-udevd[568]: passed 139 bytes to netlink monitor 0x7f2ad35382e0
Apr 26 04:16:40 localhost systemd-udevd[578]: seq 3683 running
Apr 26 04:16:40 localhost systemd-udevd[576]: passed unknown number of bytes to netlink monitor 0x7f2ad35469b0
Apr 26 04:16:40 localhost systemd-udevd[575]: seq 3680 processed with 0
Apr 26 04:16:40 localhost systemd-udevd[577]: passed unknown number of bytes to netlink monitor 0x7f2ad3546bc0
Apr 26 04:16:40 localhost systemd-udevd[568]: passed 126 bytes to netlink monitor 0x7f2ad35382e0
Apr 26 04:16:40 localhost systemd-udevd[579]: seq 3684 running
Apr 26 04:16:40 localhost systemd-udevd[578]: sd-device: failed to read uevent file '/sys/bus/usb/drivers/uevent': No such file or directory
Apr 26 04:16:40 localhost systemd-udevd[576]: seq 3681 processed with 0
Apr 26 04:16:40 localhost systemd-udevd[577]: seq 3682 processed with 0
Apr 26 04:16:40 localhost systemd-udevd[568]: seq 3685 queued, 'add' 'bus'
Apr 26 04:16:40 localhost systemd-udevd[579]: sd-device: failed to read uevent file '/sys/bus/uevent': No such file or directory
Apr 26 04:16:40 localhost systemd-udevd[578]: passed unknown number of bytes to netlink monitor 0x7f2ad3546dd0
Apr 26 04:16:40 localhost systemd-udevd[568]: passed 120 bytes to netlink monitor 0x7f2ad35382e0
