Apr 26 04:17:45 localhost systemd-udevd[1015]: sd-device: failed to read uevent file '/sys/bus/platform/drivers/uevent': No such file or directory
Apr 26 04:17:45 localhost systemd-udevd[1008]: seq 5211 queued, 'add' 'drivers'
Apr 26 04:17:45 localhost systemd-udevd[1016]: seq 5209 processed with 0
Apr 26 04:17:45 localhost systemd-udevd[1015]: passed unknown number of bytes to netlink monitor 0x7fdf8aa0bc50
Apr 26 04:17:45 localhost systemd-udevd[1008]: passed 147 bytes to netlink monitor 0x7fdf8a9ff2e0
Apr 26 04:17:45 localhost systemd-udevd[1017]: seq 5211 running
Apr 26 04:17:45 localhost systemd-udevd[1015]: seq 5210 processed with 0
Apr 26 04:17:45 localhost systemd-udevd[1008]: seq 5212 queued, 'add' 'drivers'
Apr 26 04:17:45 localhost systemd-udevd[1017]: sd-device: failed to read uevent file '/sys/bus/platform/drivers/uevent': No such file or directory
Apr 26 04:17:45 localhost systemd-udevd[1008]: passed 149 bytes to netlink monitor 0x7fdf8a9ff2e0
Apr 26 04:17:45 localhost systemd-udevd[1016]: seq 5212 running
Apr 26 04:17:45 localhost systemd-udevd[1017]: passed unknown number of bytes to netlink monitor 0x7fdf8aa0eac0
Apr 26 04:17:45 localhost systemd-udevd[1008]: seq 5213 queued, 'add' 'drivers'
Apr 26 04:17:45 localhost systemd-udevd[1016]: sd-device: failed to read uevent file '/sys/bus/platform/drivers/uevent': No such file or directory
Apr 26 04:17:45 localhost systemd-udevd[1017]: seq 5211 processed with 0
Apr 26 04:17:45 localhost systemd-udevd[1008]: passed 145 bytes to netlink monitor 0x7fdf8a9ff2e0
Apr 26 04:17:45 localhost systemd-udevd[1016]: passed unknown number of bytes to netlink monitor 0x7fdf8aa0e860
Apr 26 04:17:45 localhost systemd-udevd[1016]: seq 5212 processed with 0
Apr 26 04:17:45 localhost systemd-udevd[1015]: seq 5213 running
Apr 26 04:17:45 localhost systemd-udevd[1015]: sd-device: failed to read uevent file '/sys/bus/platform/drivers/uevent': No such file or directory
Apr 26 04:17:45 localhost systemd-udevd[1015]: passed unknown number of bytes to netlink monitor 0x7fdf8aa0bc50
Apr 26 04:17:45 localhost systemd-udevd[1015]: seq 5213 processed with 0
Apr 26 04:17:45 localhost systemd-udevd[1008]: seq 5214 queued, 'add' 'drivers'
Apr 26 04:17:45 localhost systemd-udevd[1008]: passed 155 bytes to netlink monitor 0x7fdf8a9ff2e0
Apr 26 04:17:45 localhost systemd-udevd[1017]: seq 5214 running
Apr 26 04:17:45 localhost systemd-udevd[1008]: seq 5215 queued, 'add' 'bus'
Apr 26 04:17:45 localhost systemd-udevd[1008]: passed 121 bytes to netlink monitor 0x7fdf8a9ff2e0
Apr 26 04:17:45 localhost systemd-udevd[1017]: sd-device: failed to read uevent file '/sys/bus/platform/drivers/uevent': No such file or directory
Apr 26 04:17:45 localhost systemd-udevd[1008]: seq 5216 queued, 'add' 'drivers'
Apr 26 04:17:45 localhost systemd-udevd[1017]: passed unknown number of bytes to netlink monitor 0x7fdf8aa0eac0
Apr 26 04:17:45 localhost systemd-udevd[1017]: seq 5214 processed with 0
Apr 26 04:17:45 localhost systemd-udevd[1008]: seq 5217 queued, 'add' 'drivers'
Apr 26 04:17:45 localhost systemd-udevd[1015]: seq 5215 running
Apr 26 04:17:45 localhost systemd-udevd[1008]: seq 5218 queued, 'add' 'drivers'
Apr 26 04:17:45 localhost systemd-udevd[1008]: seq 5219 queued, 'add' 'bus'
Apr 26 04:17:45 localhost systemd-udevd[1015]: sd-device: failed to read uevent file '/sys/bus/uevent': No such file or directory
Apr 26 04:17:45 localhost systemd-udevd[1008]: passed 122 bytes to netlink monitor 0x7fdf8a9ff2e0
Apr 26 04:17:45 localhost systemd-udevd[1016]: seq 5219 running
Apr 26 04:17:45 localhost systemd-udevd[1015]: passed unknown number of bytes to netlink monitor 0x7fdf8aa0bc50
Apr 26 04:17:45 localhost systemd-udevd[1008]: seq 5220 queued, 'add' 'drivers'
Apr 26 04:17:45 localhost systemd-udevd[1016]: sd-device: failed to read uevent file '/sys/bus/uevent': No such file or directory
Apr 26 04:17:45 localhost systemd-udevd[1015]: seq 5215 processed with 0
Apr 26 04:17:45 localhost systemd-udevd[1008]: seq 5221 queued, 'add' 'drivers'
Apr 26 04:17:45 localhost systemd-udevd[1016]: passed unknown number of bytes to netlink monitor 0x7fdf8aa0e860
Apr 26 04:17:45 localhost systemd-udevd[1008]: seq 5222 queued, 'add' 'bus'
Apr 26 04:17:45 localhost systemd-udevd[1016]: seq 5219 processed with 0
Apr 26 04:17:45 localhost systemd-udevd[1008]: passed 142 bytes to netlink monitor 0x7fdf8a9ff2e0
Apr 26 04:17:45 localhost systemd-udevd[1015]: seq 5216 running
Apr 26 04:17:45 localhost systemd-udevd[1008]: passed 140 bytes to netlink monitor 0x7fdf8a9ff2e0
Apr 26 04:17:45 localhost systemd-udevd[1017]: seq 5217 running
Apr 26 04:17:45 localhost systemd-udevd[1015]: sd-device: failed to read uevent file '/sys/bus/pnp/drivers/uevent': No such file or directory
Apr 26 04:17:45 localhost systemd-udevd[1008]: passed 140 bytes to netlink monitor 0x7fdf8a9ff2e0
Apr 26 04:17:45 localhost systemd-udevd[1018]: seq 5218 running
Apr 26 04:17:45 localhost systemd-udevd[1017]: sd-device: failed to read uevent file '/sys/bus/pnp/drivers/uevent': No such file or directory
Apr 26 04:17:45 localhost systemd-udevd[1015]: passed unknown number of bytes to netlink monitor 0x7fdf8aa0bc50
Apr 26 04:17:45 localhost systemd-udevd[1008]: passed 123 bytes to netlink monitor 0x7fdf8a9ff2e0
Apr 26 04:17:45 localhost systemd-udevd[1021]: seq 5222 running
Apr 26 04:17:45 localhost systemd-udevd[1018]: sd-device: failed to read uevent file '/sys/bus/pnp/drivers/uevent': No such file or directory
Apr 26 04:17:45 localhost systemd-udevd[1017]: passed unknown number of bytes to netlink monitor 0x7fdf8aa0eac0
Apr 26 04:17:45 localhost systemd-udevd[1015]: seq 5216 processed with 0
Apr 26 04:17:45 localhost systemd-udevd[1008]: seq 5223 queued, 'add' 'drivers'
Apr 26 04:17:45 localhost systemd-udevd[1021]: sd-device: failed to read uevent file '/sys/bus/uevent': No such file or directory
Apr 26 04:17:45 localhost systemd-udevd[1018]: passed unknown number of bytes to netlink monitor 0x7fdf8aa0ed20
Apr 26 04:17:45 localhost systemd-udevd[1017]: seq 5217 processed with 0
Apr 26 04:17:45 localhost systemd-udevd[1008]: passed 137 bytes to netlink monitor 0x7fdf8a9ff2e0
Apr 26 04:17:45 localhost systemd-udevd[1016]: seq 5220 running
Apr 26 04:17:45 localhost systemd-udevd[1021]: passed unknown number of bytes to netlink monitor 0x7fdf8aa0ef80
Apr 26 04:17:45 localhost systemd-udevd[1018]: seq 5218 processed with 0
Apr 26 04:17:45 localhost systemd-udevd[1008]: passed 137 bytes to netlink monitor 0x7fdf8a9ff2e0
Apr 26 04:17:45 localhost systemd-udevd[1022]: seq 5221 running
Apr 26 04:17:45 localhost systemd-udevd[1016]: sd-device: failed to read uevent file '/sys/bus/scsi/drivers/uevent': No such file or directory
Apr 26 04:17:45 localhost systemd-udevd[1021]: seq 5222 processed with 0
Apr 26 04:17:45 localhost systemd-udevd[1008]: seq 5224 queued, 'add' 'drivers'
Apr 26 04:17:45 localhost systemd-udevd[1022]: sd-device: failed to read uevent file '/sys/bus/scsi/drivers/uevent': No such file or directory
Apr 26 04:17:45 localhost systemd-udevd[1016]: passed unknown number of bytes to netlink monitor 0x7fdf8aa0e860
Apr 26 04:17:45 localhost systemd-udevd[1008]: seq 5225 queued, 'add' 'drivers'
Apr 26 04:17:45 localhost systemd-udevd[1022]: passed unknown number of bytes to netlink monitor 0x7fdf8aa0f1e0
Apr 26 04:17:45 localhost systemd-udevd[1016]: seq 5220 processed with 0
Apr 26 04:17:45 localhost systemd-udevd[1008]: passed 141 bytes to netlink monitor 0x7fdf8a9ff2e0
Apr 26 04:17:45 localhost systemd-udevd[1015]: seq 5223 running
Apr 26 04:17:45 localhost systemd-udevd[1022]: seq 5221 processed with 0
Apr 26 04:17:45 localhost systemd-udevd[1008]: passed 143 bytes to netlink monitor 0x7fdf8a9ff2e0
Apr 26 04:17:45 localhost systemd-udevd[1017]: seq 5224 running
Apr 26 04:17:45 localhost systemd-udevd[1015]: sd-device: failed to read uevent file '/sys/bus/serio/drivers/uevent': No such file or directory
Apr 26 04:17:45 localhost systemd-udevd[1008]: passed 145 bytes to netlink monitor 0x7fdf8a9ff2e0
Apr 26 04:17:45 localhost systemd-udevd[1018]: seq 5225 running
Apr 26 04:17:45 localhost systemd-udevd[1017]: sd-device: failed to read uevent file '/sys/bus/serio/drivers/uevent': No such file or directory
Apr 26 04:17:45 localhost systemd-udevd[1015]: passed unknown number of bytes to netlink monitor 0x7fdf8aa0bc50
Apr 26 04:17:45 localhost systemd-udevd[1008]: seq 5226 queued, 'add' 'bus'
Apr 26 04:17:45 localhost systemd-udevd[1018]: sd-device: failed to read uevent file '/sys/bus/serio/drivers/uevent': No such file or directory
Apr 26 04:17:45 localhost systemd-udevd[1017]: passed unknown number of bytes to netlink monitor 0x7fdf8aa0eac0
Apr 26 04:17:45 localhost systemd-udevd[1015]: seq 5223 processed with 0
Apr 26 04:17:45 localhost systemd-udevd[1008]: passed 121 bytes to netlink monitor 0x7fdf8a9ff2e0
Apr 26 04:17:45 localhost systemd-udevd[1016]: seq 5226 running
Apr 26 04:17:45 localhost systemd-udevd[1018]: passed unknown number of bytes to netlink monitor 0x7fdf8aa0ed20
Apr 26 04:17:45 localhost systemd-udevd[1017]: seq 5224 processed with 0
Apr 26 04:17:45 localhost systemd-udevd[1008]: seq 5227 queued, 'add' 'bus'
Apr 26 04:17:45 localhost systemd-udevd[1016]: sd-device: failed to read uevent file '/sys/bus/uevent': No such file or directory
Apr 26 04:17:45 localhost systemd-udevd[1018]: seq 5225 processed with 0
Apr 26 04:17:45 localhost systemd-udevd[1008]: passed 121 bytes to netlink monitor 0x7fdf8a9ff2e0
Apr 26 04:17:45 localhost systemd-udevd[1015]: seq 5227 running
Apr 26 04:17:45 localhost systemd-udevd[1015]: sd-device: failed to read uevent file '/sys/bus/uevent': No such file or directory
Apr 26 04:17:45 localhost systemd-udevd[1016]: passed unknown number of bytes to netlink monitor 0x7fdf8aa0e860
Apr 26 04:17:45 localhost systemd-udevd[1015]: passed unknown number of bytes to netlink monitor 0x7fdf8aa0bc50
Apr 26 04:17:45 localhost systemd-udevd[1016]: seq 5226 processed with 0
Apr 26 04:17:45 localhost systemd-udevd[1015]: seq 5227 processed with 0
Apr 26 04:17:45 localhost systemd-udevd[1008]: seq 5228 queued, 'add' 'drivers'
Apr 26 04:17:45 localhost systemd-udevd[1008]: seq 5229 queued, 'add' 'drivers'
Apr 26 04:17:45 localhost systemd-udevd[1008]: passed 137 bytes to netlink monitor 0x7fdf8a9ff2e0
Apr 26 04:17:45 localhost systemd-udevd[1008]: passed 137 bytes to netlink monitor 0x7fdf8a9ff2e0
Apr 26 04:17:45 localhost systemd-udevd[1016]: seq 5229 running
Apr 26 04:17:45 localhost systemd-udevd[1008]: seq 5230 queued, 'add' 'drivers'
Apr 26 04:17:45 localhost systemd-udevd[1008]: passed 139 bytes to netlink monitor 0x7fdf8a9ff2e0
Apr 26 04:17:45 localhost systemd-udevd[1008]: seq 5231 queued, 'add' 'drivers'
Apr 26 04:17:45 localhost systemd-udevd[1016]: sd-device: failed to read uevent file '/sys/bus/usb/drivers/uevent': No such file or directory
Apr 26 04:17:45 localhost systemd-udevd[1008]: passed 140 bytes to netlink monitor 0x7fdf8a9ff2e0
Apr 26 04:17:45 localhost systemd-udevd[1016]: passed unknown number of bytes to netlink monitor 0x7fdf8aa0e860
Apr 26 04:17:45 localhost systemd-udevd[1008]: seq 5232 queued, 'add' 'bus'
Apr 26 04:17:45 localhost systemd-udevd[1016]: seq 5229 processed with 0
Apr 26 04:17:45 localhost systemd-udevd[1008]: passed 127 bytes to netlink monitor 0x7fdf8a9ff2e0
Apr 26 04:17:45 localhost systemd-udevd[1018]: seq 5231 running
Apr 26 04:17:45 localhost systemd-udevd[1021]: seq 5232 running
Apr 26 04:17:45 localhost systemd-udevd[1015]: seq 5228 running
Apr 26 04:17:45 localhost systemd-udevd[1008]: seq 5233 queued, 'add' 'bus'
Apr 26 04:17:45 localhost systemd-udevd[1018]: sd-device: failed to read uevent file '/sys/bus/usb/drivers/uevent': No such file or directory
Apr 26 04:17:45 localhost systemd-udevd[1021]: sd-device: failed to read uevent file '/sys/bus/uevent': No such file or directory
Apr 26 04:17:45 localhost systemd-udevd[1015]: sd-device: failed to read uevent file '/sys/bus/usb/drivers/uevent': No such file or directory
Apr 26 04:17:45 localhost systemd-udevd[1008]: passed 121 bytes to netlink monitor 0x7fdf8a9ff2e0
Apr 26 04:17:45 localhost systemd-udevd[1016]: seq 5233 running
Apr 26 04:17:45 localhost systemd-udevd[1018]: passed unknown number of bytes to netlink monitor 0x7fdf8aa0ed20
Apr 26 04:17:45 localhost systemd-udevd[1021]: passed unknown number of bytes to netlink monitor 0x7fdf8aa0ef80
Apr 26 04:17:45 localhost systemd-udevd[1015]: passed unknown number of bytes to netlink monitor 0x7fdf8aa0bc50
Apr 26 04:17:45 localhost systemd-udevd[1008]: seq 5234 queued, 'add' 'bus'
Apr 26 04:17:45 localhost systemd-udevd[1016]: sd-device: failed to read uevent file '/sys/bus/uevent': No such file or directory
Apr 26 04:17:45 localhost systemd-udevd[1018]: seq 5231 processed with 0
Apr 26 04:17:45 localhost systemd-udevd[1021]: seq 5232 processed with 0
Apr 26 04:17:45 localhost systemd-udevd[1015]: seq 5228 processed with 0
Apr 26 04:17:45 localhost systemd-udevd[1008]: passed 129 bytes to netlink monitor 0x7fdf8a9ff2e0
Apr 26 04:17:45 localhost systemd-udevd[1016]: passed unknown number of bytes to netlink monitor 0x7fdf8aa0e860
Apr 26 04:17:45 localhost systemd-udevd[1008]: seq 5235 queued, 'add' 'module'
Apr 26 04:17:45 localhost systemd-udevd[1016]: seq 5233 processed with 0
Apr 26 04:17:45 localhost systemd-udevd[1008]: passed 128 bytes to netlink monitor 0x7fdf8a9ff2e0
Apr 26 04:17:45 localhost systemd-udevd[1015]: seq 5235 running
Apr 26 04:17:45 localhost systemd-udevd[1008]: seq 5236 queued, 'add' 'module'
Apr 26 04:17:45 localhost systemd-udevd[1015]: sd-device: failed to read uevent file '/sys/module/uevent': No such file or directory
Apr 26 04:17:45 localhost systemd-udevd[1016]: seq 5236 running
Apr 26 04:17:45 localhost systemd-udevd[1008]: passed 135 bytes to netlink monitor 0x7fdf8a9ff2e0
Apr 26 04:17:45 localhost systemd-udevd[1015]: passed unknown number of bytes to netlink monitor 0x7fdf8aa0bc50
Apr 26 04:17:45 localhost systemd-udevd[1016]: sd-device: failed to read uevent file '/sys/module/uevent': No such file or directory
Apr 26 04:17:45 localhost systemd-udevd[1008]: seq 5237 queued, 'add' 'module'
Apr 26 04:17:45 localhost systemd-udevd[1015]: seq 5235 processed with 0
Apr 26 04:17:45 localhost systemd-udevd[1016]: passed unknown number of bytes to netlink monitor 0x7fdf8aa0e860
Apr 26 04:17:45 localhost systemd-udevd[1008]: passed 128 bytes to netlink monitor 0x7fdf8a9ff2e0
Apr 26 04:17:45 localhost systemd-udevd[1018]: seq 5237 running
Apr 26 04:17:45 localhost systemd-udevd[1016]: seq 5236 processed with 0
Apr 26 04:17:45 localhost systemd-udevd[1008]: seq 5238 queued, 'add' 'module'
Apr 26 04:17:45 localhost systemd-udevd[1018]: sd-device: failed to read uevent file '/sys/module/uevent': No such file or directory
Apr 26 04:17:45 localhost systemd-udevd[1021]: Unload module index
Apr 26 04:17:45 localhost systemd-udevd[1024]: Unload module index
Apr 26 04:17:45 localhost systemd-udevd[1023]: Unload module index
Apr 26 04:17:45 localhost systemd-udevd[1015]: Unload module index
Apr 26 04:17:45 localhost systemd[1]: Stopping udev Kernel Device Manager...
Apr 26 04:17:45 localhost systemd-udevd[1017]: seq 5230 running
Apr 26 04:17:45 localhost systemd-udevd[1022]: seq 5234 running
Apr 26 04:17:45 localhost systemd-udevd[1008]: passed 131 bytes to netlink monitor 0x7fdf8a9ff2e0
Apr 26 04:17:45 localhost systemd-udevd[1018]: passed unknown number of bytes to netlink monitor 0x7fdf8aa0ed20
Apr 26 04:17:45 localhost systemd-udevd[1017]: sd-device: failed to read uevent file '/sys/bus/usb/drivers/uevent': No such file or directory
Apr 26 04:17:45 localhost systemd-udevd[1022]: sd-device: failed to read uevent file '/sys/bus/uevent': No such file or directory
Apr 26 04:17:45 localhost systemd-udevd[1008]: seq 5239 queued, 'add' 'module'
Apr 26 04:17:45 localhost systemd-udevd[1017]: passed unknown number of bytes to netlink monitor 0x7fdf8aa0eac0
Apr 26 04:17:45 localhost systemd-udevd[1022]: passed unknown number of bytes to netlink monitor 0x7fdf8aa0f1e0
Apr 26 04:17:45 localhost systemd-udevd[1008]: worker [1016] did not accept message -111 (Connection refused), kill it
Apr 26 04:17:45 localhost systemd-udevd[1008]: worker [1021] did not accept message -111 (Connection refused), kill it
Apr 26 04:17:45 localhost systemd-udevd[1008]: worker [1023] did not accept message -111 (Connection refused), kill it
Apr 26 04:17:45 localhost systemd-udevd[1008]: worker [1024] did not accept message -111 (Connection refused), kill it
Apr 26 04:17:45 localhost systemd-udevd[1008]: worker [1025] did not accept message -111 (Connection refused), kill it
Apr 26 04:17:45 localhost systemd-udevd[1008]: seq 5239 forked new worker [1044]
Apr 26 04:17:45 localhost systemd-udevd[1008]: worker [1015] exited
Apr 26 04:17:45 localhost systemd-udevd[1008]: worker [1016] exited
Apr 26 04:17:45 localhost systemd-udevd[1008]: worker [1016] cleaned up
Apr 26 04:17:45 localhost systemd-udevd[1008]: worker [1017] exited
Apr 26 04:17:45 localhost systemd-udevd[1008]: worker [1017] cleaned up
Apr 26 04:17:45 localhost systemd-udevd[1008]: worker [1018] exited
Apr 26 04:17:45 localhost systemd-udevd[1008]: worker [1018] cleaned up
Apr 26 04:17:45 localhost systemd-udevd[1008]: worker [1021] exited
Apr 26 04:17:45 localhost systemd-udevd[1008]: worker [1021] cleaned up
Apr 26 04:17:45 localhost systemd-udevd[1008]: worker [1022] exited
Apr 26 04:17:45 localhost systemd-udevd[1008]: worker [1022] cleaned up
Apr 26 04:17:45 localhost systemd-udevd[1008]: worker [1023] exited
Apr 26 04:17:45 localhost systemd-udevd[1008]: worker [1023] cleaned up
Apr 26 04:17:45 localhost systemd-udevd[1008]: worker [1024] exited
Apr 26 04:17:45 localhost systemd-udevd[1008]: worker [1024] cleaned up
Apr 26 04:17:45 localhost systemd-udevd[1008]: worker [1025] exited
Apr 26 04:17:45 localhost systemd-udevd[1008]: worker [1025] cleaned up
Apr 26 04:17:45 localhost systemd-udevd[1008]: worker [1044] exited
Apr 26 04:17:45 localhost systemd-udevd[1008]: worker [1044] cleaned up
Apr 26 04:18:15 localhost systemd-udevd[1008]: timeout, giving up waiting for workers to finish
Apr 26 04:18:15 localhost systemd-udevd[1008]: Unload module index
Apr 26 04:18:15 localhost systemd-udevd[1008]: Unloaded link configuration context.
Apr 26 04:18:16 localhost systemd[1]: Stopped udev Kernel Device Manager.