-- Logs begin at Thu 2015-04-23 23:32:11 HKT, end at Sun 2015-04-26 04:19:35 HKT. --
Apr 26 04:15:53 localhost systemd-udevd[198]: starting version 219
Apr 26 04:16:37 localhost systemd[1]: Stopping udev Kernel Device Manager...
Apr 26 04:16:37 localhost systemd[1]: Stopped udev Kernel Device Manager.
Apr 26 04:16:37 localhost systemd[1]: Starting udev Kernel Device Manager...
Apr 26 04:16:37 localhost systemd-udevd[411]: ctrl=4 netlink=3
Apr 26 04:16:37 localhost systemd-udevd[411]: starting version 219
Apr 26 04:16:37 localhost systemd-udevd[411]: === trie on-disk ===
Apr 26 04:16:37 localhost systemd-udevd[411]: tool version: 219
Apr 26 04:16:37 localhost systemd-udevd[411]: file size: 6714875 bytes
Apr 26 04:16:37 localhost systemd-udevd[411]: header size 80 bytes
Apr 26 04:16:37 localhost systemd-udevd[411]: strings 1722699 bytes
Apr 26 04:16:37 localhost systemd-udevd[411]: nodes 4992096 bytes
Apr 26 04:16:37 localhost systemd-udevd[411]: Load module index
Apr 26 04:16:37 localhost systemd-udevd[411]: timestamp of '/etc/systemd/network' changed
Apr 26 04:16:37 localhost systemd-udevd[411]: timestamp of '/usr/lib/systemd/network' changed
Apr 26 04:16:37 localhost systemd-udevd[411]: Parsed configuration file /usr/lib/systemd/network/99-default.link
Apr 26 04:16:37 localhost systemd-udevd[411]: Created link configuration context.
Apr 26 04:16:37 localhost systemd-udevd[411]: timestamp of '/etc/udev/rules.d' changed
Apr 26 04:16:37 localhost systemd-udevd[411]: timestamp of '/usr/lib/udev/rules.d' changed
Apr 26 04:16:37 localhost systemd-udevd[411]: Reading rules file: /usr/lib/udev/rules.d/10-dm.rules
Apr 26 04:16:37 localhost systemd-udevd[411]: Reading rules file: /usr/lib/udev/rules.d/11-dm-lvm.rules
Apr 26 04:16:37 localhost systemd-udevd[411]: Reading rules file: /usr/lib/udev/rules.d/13-dm-disk.rules
Apr 26 04:16:37 localhost systemd-udevd[411]: Reading rules file: /usr/lib/udev/rules.d/40-hpet-permissions.rules
Apr 26 04:16:37 localhost systemd-udevd[411]: Reading rules file: /usr/lib/udev/rules.d/42-usb-hid-pm.rules
Apr 26 04:16:37 localhost systemd-udevd[411]: Reading rules file: /usr/lib/udev/rules.d/50-udev-default.rules
Apr 26 04:16:37 localhost systemd-udevd[411]: Reading rules file: /usr/lib/udev/rules.d/60-block.rules
Apr 26 04:16:37 localhost systemd-udevd[411]: Reading rules file: /usr/lib/udev/rules.d/60-cdrom_id.rules
Apr 26 04:16:37 localhost systemd-udevd[411]: Reading rules file: /usr/lib/udev/rules.d/60-drm.rules
Apr 26 04:16:37 localhost systemd-udevd[411]: Reading rules file: /usr/lib/udev/rules.d/60-evdev.rules
Apr 26 04:16:37 localhost systemd-udevd[411]: Reading rules file: /usr/lib/udev/rules.d/60-pcmcia.rules
Apr 26 04:16:37 localhost systemd-udevd[411]: Reading rules file: /usr/lib/udev/rules.d/60-persistent-alsa.rules
Apr 26 04:16:37 localhost systemd-udevd[411]: Reading rules file: /usr/lib/udev/rules.d/60-persistent-input.rules
Apr 26 04:16:37 localhost systemd-udevd[411]: Reading rules file: /usr/lib/udev/rules.d/60-persistent-storage-tape.rules
Apr 26 04:16:37 localhost systemd-udevd[411]: Reading rules file: /usr/lib/udev/rules.d/60-persistent-storage.rules
Apr 26 04:16:37 localhost systemd-udevd[411]: Reading rules file: /usr/lib/udev/rules.d/60-persistent-v4l.rules
Apr 26 04:16:37 localhost systemd-udevd[411]: Reading rules file: /usr/lib/udev/rules.d/60-serial.rules
Apr 26 04:16:37 localhost systemd-udevd[411]: Reading rules file: /usr/lib/udev/rules.d/61-accelerometer.rules
Apr 26 04:16:37 localhost systemd-udevd[411]: Reading rules file: /usr/lib/udev/rules.d/63-md-raid-arrays.rules
Apr 26 04:16:37 localhost systemd-udevd[411]: Reading rules file: /usr/lib/udev/rules.d/64-btrfs.rules
Apr 26 04:16:37 localhost systemd-udevd[411]: Reading rules file: /usr/lib/udev/rules.d/64-md-raid-assembly.rules
Apr 26 04:16:37 localhost systemd-udevd[411]: Reading rules file: /usr/lib/udev/rules.d/65-kvm.rules
Apr 26 04:16:37 localhost systemd-udevd[411]: Reading rules file: /usr/lib/udev/rules.d/69-cd-sensors.rules
Apr 26 04:16:37 localhost systemd-udevd[411]: Reading rules file: /usr/lib/udev/rules.d/69-dm-lvm-metad.rules
Apr 26 04:16:37 localhost systemd-udevd[411]: Reading rules file: /usr/lib/udev/rules.d/70-infrared.rules
Apr 26 04:16:37 localhost systemd-udevd[411]: Reading rules file: /usr/lib/udev/rules.d/70-mouse.rules
Apr 26 04:16:37 localhost systemd-udevd[411]: Reading rules file: /usr/lib/udev/rules.d/70-power-switch.rules
Apr 26 04:16:37 localhost systemd-udevd[411]: Reading rules file: /usr/lib/udev/rules.d/70-touchpad.rules
Apr 26 04:16:37 localhost systemd-udevd[411]: Reading rules file: /usr/lib/udev/rules.d/70-uaccess.rules
Apr 26 04:16:37 localhost systemd-udevd[411]: Reading rules file: /usr/lib/udev/rules.d/71-seat.rules
Apr 26 04:16:37 localhost systemd-udevd[411]: Reading rules file: /usr/lib/udev/rules.d/73-seat-late.rules
Apr 26 04:16:37 localhost systemd-udevd[411]: Reading rules file: /usr/lib/udev/rules.d/75-net-description.rules
Apr 26 04:16:37 localhost systemd-udevd[411]: Reading rules file: /usr/lib/udev/rules.d/75-probe_mtd.rules
Apr 26 04:16:37 localhost systemd-udevd[411]: Reading rules file: /usr/lib/udev/rules.d/78-sound-card.rules
Apr 26 04:16:37 localhost systemd-udevd[411]: Reading rules file: /usr/lib/udev/rules.d/80-drivers.rules
Apr 26 04:16:37 localhost systemd-udevd[411]: Reading rules file: /usr/lib/udev/rules.d/80-net-setup-link.rules
Apr 26 04:16:37 localhost systemd-udevd[411]: Reading rules file: /usr/lib/udev/rules.d/90-alsa-restore.rules
Apr 26 04:16:37 localhost systemd-udevd[411]: Reading rules file: /usr/lib/udev/rules.d/90-pulseaudio.rules
Apr 26 04:16:37 localhost systemd-udevd[411]: Reading rules file: /usr/lib/udev/rules.d/90-vconsole.rules
Apr 26 04:16:37 localhost systemd-udevd[411]: Reading rules file: /usr/lib/udev/rules.d/95-cd-devices.rules
Apr 26 04:16:37 localhost systemd-udevd[411]: Reading rules file: /usr/lib/udev/rules.d/95-dm-notify.rules
Apr 26 04:16:37 localhost systemd-udevd[411]: Reading rules file: /usr/lib/udev/rules.d/99-systemd.rules
Apr 26 04:16:37 localhost systemd-udevd[411]: Reading rules file: /etc/udev/rules.d/wakeup.rules
Apr 26 04:16:37 localhost systemd-udevd[411]: rules contain 49152 bytes tokens (4096 * 12 bytes), 13910 bytes strings
Apr 26 04:16:37 localhost systemd-udevd[411]: 2319 strings (28800 bytes), 1556 de-duplicated (15654 bytes), 764 trie nodes used
Apr 26 04:16:37 localhost systemd-udevd[411]: set children_max to 16
Apr 26 04:16:37 localhost systemd[1]: Started udev Kernel Device Manager.
Apr 26 04:16:37 localhost systemd-udevd[411]: restoring old watch on '/dev/sr0'
Apr 26 04:16:37 localhost systemd-udevd[411]: adding watch on '/dev/sr0'
Apr 26 04:16:37 localhost systemd-udevd[411]: Validate module index
Apr 26 04:16:37 localhost systemd-udevd[411]: Check if link configuration needs reloading.
Apr 26 04:16:37 localhost systemd-udevd[411]: seq 2058 queued, 'add' 'bus'
Apr 26 04:16:37 localhost systemd-udevd[411]: seq 2058 forked new worker [418]
Apr 26 04:16:37 localhost systemd-udevd[411]: seq 2059 queued, 'add' 'drivers'
Apr 26 04:16:37 localhost systemd-udevd[411]: seq 2060 queued, 'add' 'drivers'
Apr 26 04:16:37 localhost systemd-udevd[411]: seq 2061 queued, 'add' 'drivers'
Apr 26 04:16:37 localhost systemd-udevd[411]: seq 2062 queued, 'add' 'drivers'
Apr 26 04:16:37 localhost systemd-udevd[411]: seq 2063 queued, 'add' 'drivers'
Apr 26 04:16:37 localhost systemd-udevd[411]: seq 2064 queued, 'add' 'drivers'
Apr 26 04:16:37 localhost systemd-udevd[411]: seq 2065 queued, 'add' 'drivers'
Apr 26 04:16:37 localhost systemd-udevd[411]: seq 2066 queued, 'add' 'drivers'
Apr 26 04:16:37 localhost systemd-udevd[411]: seq 2067 queued, 'add' 'drivers'
Apr 26 04:16:37 localhost systemd-udevd[411]: seq 2068 queued, 'add' 'bus'
Apr 26 04:16:37 localhost systemd-udevd[411]: seq 2068 forked new worker [419]
Apr 26 04:16:37 localhost systemd-udevd[411]: seq 2069 queued, 'add' 'bus'
Apr 26 04:16:37 localhost systemd-udevd[418]: seq 2058 running
Apr 26 04:16:37 localhost systemd-udevd[419]: seq 2068 running
Apr 26 04:16:37 localhost systemd-udevd[411]: seq 2069 forked new worker [420]
Apr 26 04:16:37 localhost systemd-udevd[420]: seq 2069 running
Apr 26 04:16:37 localhost systemd-udevd[418]: sd-device: failed to read uevent file '/sys/bus/uevent': No such file or directory
Apr 26 04:16:37 localhost systemd-udevd[419]: sd-device: failed to read uevent file '/sys/bus/uevent': No such file or directory
Apr 26 04:16:37 localhost systemd-udevd[420]: sd-device: failed to read uevent file '/sys/bus/uevent': No such file or directory
Apr 26 04:16:37 localhost systemd-udevd[420]: passed unknown number of bytes to netlink monitor 0x7f43e2213cf0
Apr 26 04:16:37 localhost systemd-udevd[418]: passed unknown number of bytes to netlink monitor 0x7f43e220dc50
Apr 26 04:16:37 localhost systemd-udevd[419]: passed unknown number of bytes to netlink monitor 0x7f43e2212d90
Apr 26 04:16:37 localhost systemd-udevd[420]: seq 2069 processed with 0
Apr 26 04:16:37 localhost systemd-udevd[418]: seq 2058 processed with 0
Apr 26 04:16:37 localhost systemd-udevd[419]: seq 2068 processed with 0
Apr 26 04:16:37 localhost systemd-udevd[411]: seq 2070 queued, 'add' 'bus'
Apr 26 04:16:37 localhost systemd-udevd[411]: seq 2070 forked new worker [423]
Apr 26 04:16:37 localhost systemd-udevd[411]: seq 2071 queued, 'add' 'bus'
Apr 26 04:16:37 localhost systemd-udevd[411]: passed 158 bytes to netlink monitor 0x7f43e22012e0
Apr 26 04:16:37 localhost systemd-udevd[419]: seq 2060 running
Apr 26 04:16:37 localhost systemd-udevd[423]: seq 2070 running
Apr 26 04:16:37 localhost systemd-udevd[419]: sd-device: failed to read uevent file '/sys/bus/acpi/drivers/uevent': No such file or directory
Apr 26 04:16:37 localhost systemd-udevd[418]: seq 2059 running
Apr 26 04:16:37 localhost systemd-udevd[411]: passed 141 bytes to netlink monitor 0x7f43e22012e0
Apr 26 04:16:37 localhost systemd-udevd[423]: sd-device: failed to read uevent file '/sys/bus/uevent': No such file or directory
Apr 26 04:16:37 localhost systemd-udevd[419]: passed unknown number of bytes to netlink monitor 0x7f43e2212d90
Apr 26 04:16:37 localhost systemd-udevd[418]: sd-device: failed to read uevent file '/sys/bus/acpi/drivers/uevent': No such file or directory
Apr 26 04:16:37 localhost systemd-udevd[411]: passed 140 bytes to netlink monitor 0x7f43e22012e0
Apr 26 04:16:37 localhost systemd-udevd[411]: seq 2062 forked new worker [424]
Apr 26 04:16:37 localhost systemd-udevd[423]: passed unknown number of bytes to netlink monitor 0x7f43e2214c90
Apr 26 04:16:37 localhost systemd-udevd[419]: seq 2060 processed with 0
Apr 26 04:16:37 localhost systemd-udevd[418]: passed unknown number of bytes to netlink monitor 0x7f43e220dc50
Apr 26 04:16:37 localhost systemd-udevd[420]: seq 2061 running
Apr 26 04:16:37 localhost systemd-udevd[411]: seq 2063 forked new worker [425]
Apr 26 04:16:37 localhost systemd-udevd[424]: seq 2062 running
Apr 26 04:16:37 localhost systemd-udevd[423]: seq 2070 processed with 0
Apr 26 04:16:37 localhost systemd-udevd[418]: seq 2059 processed with 0
Apr 26 04:16:37 localhost systemd-udevd[420]: sd-device: failed to read uevent file '/sys/bus/acpi/drivers/uevent': No such file or directory
Apr 26 04:16:37 localhost systemd-udevd[411]: seq 2064 forked new worker [426]
Apr 26 04:16:37 localhost systemd-udevd[424]: sd-device: failed to read uevent file '/sys/bus/acpi/drivers/uevent': No such file or directory
Apr 26 04:16:37 localhost systemd-udevd[426]: seq 2064 running
Apr 26 04:16:37 localhost systemd-udevd[420]: passed unknown number of bytes to netlink monitor 0x7f43e2213cf0
Apr 26 04:16:37 localhost systemd-udevd[411]: seq 2065 forked new worker [427]
Apr 26 04:16:37 localhost systemd-udevd[425]: seq 2063 running
Apr 26 04:16:37 localhost systemd-udevd[424]: passed unknown number of bytes to netlink monitor 0x7f43e2212ff0
Apr 26 04:16:37 localhost systemd-udevd[427]: seq 2065 running
Apr 26 04:16:37 localhost systemd-udevd[426]: sd-device: failed to read uevent file '/sys/bus/acpi/drivers/uevent': No such file or directory
Apr 26 04:16:37 localhost systemd-udevd[420]: seq 2061 processed with 0
Apr 26 04:16:37 localhost systemd-udevd[411]: seq 2066 forked new worker [428]
Apr 26 04:16:37 localhost systemd-udevd[425]: sd-device: failed to read uevent file '/sys/bus/acpi/drivers/uevent': No such file or directory
Apr 26 04:16:37 localhost systemd-udevd[428]: seq 2066 running
Apr 26 04:16:37 localhost systemd-udevd[424]: seq 2062 processed with 0
Apr 26 04:16:37 localhost systemd-udevd[427]: sd-device: failed to read uevent file '/sys/bus/acpi/drivers/uevent': No such file or directory
Apr 26 04:16:37 localhost systemd-udevd[426]: passed unknown number of bytes to netlink monitor 0x7f43e2213420
Apr 26 04:16:37 localhost systemd-udevd[411]: seq 2067 forked new worker [429]
Apr 26 04:16:37 localhost systemd-udevd[425]: passed unknown number of bytes to netlink monitor 0x7f43e2212000
Apr 26 04:16:37 localhost systemd-udevd[429]: seq 2067 running
Apr 26 04:16:37 localhost systemd-udevd[428]: sd-device: failed to read uevent file '/sys/bus/acpi/drivers/uevent': No such file or directory
Apr 26 04:16:37 localhost systemd-udevd[427]: passed unknown number of bytes to netlink monitor 0x7f43e2212430
Apr 26 04:16:37 localhost systemd-udevd[426]: seq 2064 processed with 0
Apr 26 04:16:37 localhost systemd-udevd[411]: seq 2071 forked new worker [430]
Apr 26 04:16:37 localhost systemd-udevd[425]: seq 2063 processed with 0
Apr 26 04:16:37 localhost systemd-udevd[430]: seq 2071 running
Apr 26 04:16:37 localhost systemd-udevd[429]: sd-device: failed to read uevent file '/sys/bus/acpi/drivers/uevent': No such file or directory
Apr 26 04:16:37 localhost systemd-udevd[428]: passed unknown number of bytes to netlink monitor 0x7f43e2214ea0
Apr 26 04:16:37 localhost systemd-udevd[427]: seq 2065 processed with 0
Apr 26 04:16:37 localhost systemd-udevd[411]: seq 2072 queued, 'add' 'drivers'
Apr 26 04:16:37 localhost systemd-udevd[430]: sd-device: failed to read uevent file '/sys/bus/uevent': No such file or directory
Apr 26 04:16:37 localhost systemd-udevd[429]: passed unknown number of bytes to netlink monitor 0x7f43e2215100
Apr 26 04:16:37 localhost systemd-udevd[428]: seq 2066 processed with 0
Apr 26 04:16:37 localhost systemd-udevd[411]: seq 2073 queued, 'add' 'bus'
Apr 26 04:16:37 localhost systemd-udevd[430]: passed unknown number of bytes to netlink monitor 0x7f43e2215360
Apr 26 04:16:37 localhost systemd-udevd[429]: seq 2067 processed with 0
Apr 26 04:16:37 localhost systemd-udevd[411]: passed 129 bytes to netlink monitor 0x7f43e22012e0
Apr 26 04:16:37 localhost systemd-udevd[418]: seq 2073 running
Apr 26 04:16:37 localhost systemd-udevd[430]: seq 2071 processed with 0
Apr 26 04:16:37 localhost systemd-udevd[411]: seq 2074 queued, 'add' 'bus'
Apr 26 04:16:37 localhost systemd-udevd[418]: IMPORT builtin 'hwdb' /usr/lib/udev/rules.d/60-evdev.rules:8
Apr 26 04:16:37 localhost systemd-udevd[411]: passed 120 bytes to netlink monitor 0x7f43e22012e0
Apr 26 04:16:37 localhost systemd-udevd[419]: seq 2074 running
Apr 26 04:16:37 localhost systemd-udevd[418]: IMPORT builtin 'hwdb' returned non-zero
Apr 26 04:16:37 localhost systemd-udevd[411]: seq 2075 queued, 'add' 'drivers'
Apr 26 04:16:37 localhost systemd-udevd[419]: sd-device: failed to read uevent file '/sys/bus/uevent': No such file or directory
Apr 26 04:16:37 localhost systemd-udevd[418]: sd-device: failed to read uevent file '/sys/bus/uevent': No such file or directory
Apr 26 04:16:37 localhost systemd-udevd[411]: passed 142 bytes to netlink monitor 0x7f43e22012e0
Apr 26 04:16:37 localhost systemd-udevd[420]: seq 2072 running
Apr 26 04:16:37 localhost systemd-udevd[419]: passed unknown number of bytes to netlink monitor 0x7f43e2212d90
Apr 26 04:16:37 localhost systemd-udevd[418]: passed unknown number of bytes to netlink monitor 0x7f43e220dc50
Apr 26 04:16:37 localhost systemd-udevd[411]: seq 2076 queued, 'add' 'drivers'
Apr 26 04:16:37 localhost systemd-udevd[420]: sd-device: failed to read uevent file '/sys/bus/cpu/drivers/uevent': No such file or directory
Apr 26 04:16:37 localhost systemd-udevd[419]: seq 2074 processed with 0
Apr 26 04:16:37 localhost systemd-udevd[418]: seq 2073 processed with 0
Apr 26 04:16:37 localhost systemd-udevd[411]: seq 2077 queued, 'add' 'drivers'
Apr 26 04:16:37 localhost systemd-udevd[420]: passed unknown number of bytes to netlink monitor 0x7f43e2213cf0
Apr 26 04:16:37 localhost systemd-udevd[411]: seq 2078 queued, 'add' 'bus'
Apr 26 04:16:37 localhost systemd-udevd[420]: seq 2072 processed with 0
Apr 26 04:16:37 localhost systemd-udevd[411]: passed 144 bytes to netlink monitor 0x7f43e22012e0
Apr 26 04:16:37 localhost systemd-udevd[418]: seq 2075 running
Apr 26 04:16:37 localhost systemd-udevd[411]: passed 152 bytes to netlink monitor 0x7f43e22012e0
Apr 26 04:16:37 localhost systemd-udevd[419]: seq 2076 running
Apr 26 04:16:37 localhost systemd-udevd[418]: sd-device: failed to read uevent file '/sys/bus/hid/drivers/uevent': No such file or directory
Apr 26 04:16:37 localhost systemd-udevd[411]: passed 154 bytes to netlink monitor 0x7f43e22012e0
Apr 26 04:16:37 localhost systemd-udevd[423]: seq 2077 running
Apr 26 04:16:37 localhost systemd-udevd[419]: sd-device: failed to read uevent file '/sys/bus/hid/drivers/uevent': No such file or directory
Apr 26 04:16:37 localhost systemd-udevd[418]: passed unknown number of bytes to netlink monitor 0x7f43e220dc50
Apr 26 04:16:37 localhost systemd-udevd[411]: passed 120 bytes to netlink monitor 0x7f43e22012e0
Apr 26 04:16:37 localhost systemd-udevd[424]: seq 2078 running
Apr 26 04:16:37 localhost systemd-udevd[423]: sd-device: failed to read uevent file '/sys/bus/hid/drivers/uevent': No such file or directory
Apr 26 04:16:37 localhost systemd-udevd[419]: passed unknown number of bytes to netlink monitor 0x7f43e2212d90
Apr 26 04:16:37 localhost systemd-udevd[418]: seq 2075 processed with 0
Apr 26 04:16:37 localhost systemd-udevd[411]: seq 2079 queued, 'add' 'drivers'
Apr 26 04:16:37 localhost systemd-udevd[424]: sd-device: failed to read uevent file '/sys/bus/uevent': No such file or directory
Apr 26 04:16:37 localhost systemd-udevd[423]: passed unknown number of bytes to netlink monitor 0x7f43e2214c90
Apr 26 04:16:37 localhost systemd-udevd[419]: seq 2076 processed with 0
Apr 26 04:16:37 localhost systemd-udevd[424]: passed unknown number of bytes to netlink monitor 0x7f43e2212ff0
Apr 26 04:16:37 localhost systemd-udevd[424]: seq 2078 processed with 0
Apr 26 04:16:37 localhost systemd-udevd[423]: seq 2077 processed with 0
Apr 26 04:16:37 localhost systemd-udevd[411]: seq 2080 queued, 'add' 'bus'
Apr 26 04:16:37 localhost systemd-udevd[411]: passed 129 bytes to netlink monitor 0x7f43e22012e0
Apr 26 04:16:37 localhost systemd-udevd[418]: seq 2080 running
Apr 26 04:16:37 localhost systemd-udevd[411]: seq 2081 queued, 'add' 'bus'
Apr 26 04:16:37 localhost systemd-udevd[418]: sd-device: failed to read uevent file '/sys/bus/uevent': No such file or directory
Apr 26 04:16:37 localhost systemd-udevd[419]: seq 2079 running
Apr 26 04:16:37 localhost systemd-udevd[418]: passed unknown number of bytes to netlink monitor 0x7f43e220dc50
Apr 26 04:16:37 localhost systemd-udevd[418]: seq 2080 processed with 0
Apr 26 04:16:37 localhost systemd-udevd[419]: sd-device: failed to read uevent file '/sys/bus/i2c/drivers/uevent': No such file or directory
Apr 26 04:16:37 localhost systemd-udevd[419]: passed unknown number of bytes to netlink monitor 0x7f43e2212d90
Apr 26 04:16:37 localhost systemd-udevd[419]: seq 2079 processed with 0
Apr 26 04:16:37 localhost systemd-udevd[411]: passed 138 bytes to netlink monitor 0x7f43e22012e0
Apr 26 04:16:37 localhost systemd-udevd[411]: passed 120 bytes to netlink monitor 0x7f43e22012e0
Apr 26 04:16:37 localhost systemd-udevd[420]: seq 2081 running
Apr 26 04:16:37 localhost systemd-udevd[411]: seq 2082 queued, 'add' 'bus'
Apr 26 04:16:37 localhost systemd-udevd[420]: sd-device: failed to read uevent file '/sys/bus/uevent': No such file or directory
Apr 26 04:16:37 localhost systemd-udevd[411]: passed 123 bytes to netlink monitor 0x7f43e22012e0
Apr 26 04:16:37 localhost systemd-udevd[418]: seq 2082 running
Apr 26 04:16:37 localhost systemd-udevd[420]: passed unknown number of bytes to netlink monitor 0x7f43e2213cf0
Apr 26 04:16:37 localhost systemd-udevd[411]: seq 2083 queued, 'add' 'bus'
Apr 26 04:16:37 localhost systemd-udevd[418]: sd-device: failed to read uevent file '/sys/bus/uevent': No such file or directory
Apr 26 04:16:37 localhost systemd-udevd[420]: seq 2081 processed with 0
Apr 26 04:16:37 localhost systemd-udevd[411]: passed 121 bytes to netlink monitor 0x7f43e22012e0
Apr 26 04:16:37 localhost systemd-udevd[419]: seq 2083 running
Apr 26 04:16:37 localhost systemd-udevd[418]: passed unknown number of bytes to netlink monitor 0x7f43e220dc50
Apr 26 04:16:37 localhost systemd-udevd[411]: seq 2084 queued, 'add' 'bus'
Apr 26 04:16:37 localhost systemd-udevd[419]: sd-device: failed to read uevent file '/sys/bus/uevent': No such file or directory
Apr 26 04:16:37 localhost systemd-udevd[418]: seq 2082 processed with 0
Apr 26 04:16:37 localhost systemd-udevd[411]: passed 120 bytes to netlink monitor 0x7f43e22012e0
Apr 26 04:16:37 localhost systemd-udevd[420]: seq 2084 running
Apr 26 04:16:37 localhost systemd-udevd[419]: passed unknown number of bytes to netlink monitor 0x7f43e2212d90
Apr 26 04:16:37 localhost systemd-udevd[411]: seq 2085 queued, 'add' 'drivers'
Apr 26 04:16:37 localhost systemd-udevd[420]: sd-device: failed to read uevent file '/sys/bus/uevent': No such file or directory
Apr 26 04:16:37 localhost systemd-udevd[419]: seq 2083 processed with 0
Apr 26 04:16:37 localhost systemd-udevd[411]: seq 2086 queued, 'add' 'drivers'
Apr 26 04:16:37 localhost systemd-udevd[420]: passed unknown number of bytes to netlink monitor 0x7f43e2213cf0
Apr 26 04:16:37 localhost systemd-udevd[411]: seq 2087 queued, 'add' 'drivers'
Apr 26 04:16:37 localhost systemd-udevd[420]: seq 2084 processed with 0
Apr 26 04:16:37 localhost systemd-udevd[411]: seq 2088 queued, 'add' 'drivers'
Apr 26 04:16:37 localhost systemd-udevd[411]: seq 2089 queued, 'add' 'drivers'
Apr 26 04:16:37 localhost systemd-udevd[411]: passed 137 bytes to netlink monitor 0x7f43e22012e0
Apr 26 04:16:37 localhost systemd-udevd[418]: seq 2085 running
Apr 26 04:16:37 localhost systemd-udevd[411]: passed 141 bytes to netlink monitor 0x7f43e22012e0
Apr 26 04:16:37 localhost systemd-udevd[419]: seq 2086 running
Apr 26 04:16:37 localhost systemd-udevd[418]: sd-device: failed to read uevent file '/sys/bus/pci/drivers/uevent': No such file or directory
Apr 26 04:16:37 localhost systemd-udevd[411]: passed 143 bytes to netlink monitor 0x7f43e22012e0
Apr 26 04:16:37 localhost systemd-udevd[420]: seq 2087 running
Apr 26 04:16:37 localhost systemd-udevd[419]: sd-device: failed to read uevent file '/sys/bus/pci/drivers/uevent': No such file or directory
Apr 26 04:16:37 localhost systemd-udevd[418]: passed unknown number of bytes to netlink monitor 0x7f43e220dc50
Apr 26 04:16:37 localhost systemd-udevd[411]: passed 143 bytes to netlink monitor 0x7f43e22012e0
Apr 26 04:16:37 localhost systemd-udevd[423]: seq 2088 running
Apr 26 04:16:37 localhost systemd-udevd[420]: sd-device: failed to read uevent file '/sys/bus/pci/drivers/uevent': No such file or directory
Apr 26 04:16:37 localhost systemd-udevd[419]: passed unknown number of bytes to netlink monitor 0x7f43e2212d90
Apr 26 04:16:37 localhost systemd-udevd[418]: seq 2085 processed with 0
Apr 26 04:16:37 localhost systemd-udevd[411]: passed 145 bytes to netlink monitor 0x7f43e22012e0
Apr 26 04:16:37 localhost systemd-udevd[424]: seq 2089 running
Apr 26 04:16:37 localhost systemd-udevd[423]: sd-device: failed to read uevent file '/sys/bus/pci/drivers/uevent': No such file or directory
Apr 26 04:16:37 localhost systemd-udevd[420]: passed unknown number of bytes to netlink monitor 0x7f43e2213cf0
Apr 26 04:16:37 localhost systemd-udevd[419]: seq 2086 processed with 0
Apr 26 04:16:37 localhost systemd-udevd[411]: seq 2090 queued, 'add' 'drivers'
Apr 26 04:16:37 localhost systemd-udevd[424]: sd-device: failed to read uevent file '/sys/bus/pci/drivers/uevent': No such file or directory
Apr 26 04:16:37 localhost systemd-udevd[423]: passed unknown number of bytes to netlink monitor 0x7f43e2214c90
Apr 26 04:16:37 localhost systemd-udevd[420]: seq 2087 processed with 0
Apr 26 04:16:37 localhost systemd-udevd[411]: passed 140 bytes to netlink monitor 0x7f43e22012e0
Apr 26 04:16:37 localhost systemd-udevd[418]: seq 2090 running
Apr 26 04:16:37 localhost systemd-udevd[424]: passed unknown number of bytes to netlink monitor 0x7f43e2212ff0
Apr 26 04:16:37 localhost systemd-udevd[423]: seq 2088 processed with 0
Apr 26 04:16:37 localhost systemd-udevd[411]: seq 2091 queued, 'add' 'drivers'
Apr 26 04:16:37 localhost systemd-udevd[418]: sd-device: failed to read uevent file '/sys/bus/pci/drivers/uevent': No such file or directory
Apr 26 04:16:37 localhost systemd-udevd[424]: seq 2089 processed with 0
Apr 26 04:16:37 localhost systemd-udevd[411]: passed 139 bytes to netlink monitor 0x7f43e22012e0
Apr 26 04:16:37 localhost systemd-udevd[419]: seq 2091 running
Apr 26 04:16:37 localhost systemd-udevd[418]: passed unknown number of bytes to netlink monitor 0x7f43e220dc50
Apr 26 04:16:37 localhost systemd-udevd[411]: seq 2092 queued, 'add' 'drivers'
Apr 26 04:16:37 localhost systemd-udevd[419]: sd-device: failed to read uevent file '/sys/bus/pci/drivers/uevent': No such file or directory
Apr 26 04:16:37 localhost systemd-udevd[418]: seq 2090 processed with 0
Apr 26 04:16:37 localhost systemd-udevd[411]: passed 139 bytes to netlink monitor 0x7f43e22012e0
Apr 26 04:16:37 localhost systemd-udevd[420]: seq 2092 running
Apr 26 04:16:37 localhost systemd-udevd[419]: passed unknown number of bytes to netlink monitor 0x7f43e2212d90
Apr 26 04:16:37 localhost systemd-udevd[411]: seq 2093 queued, 'add' 'drivers'
Apr 26 04:16:37 localhost systemd-udevd[420]: sd-device: failed to read uevent file '/sys/bus/pci/drivers/uevent': No such file or directory
Apr 26 04:16:37 localhost systemd-udevd[419]: seq 2091 processed with 0
Apr 26 04:16:37 localhost systemd-udevd[411]: passed 139 bytes to netlink monitor 0x7f43e22012e0
Apr 26 04:16:37 localhost systemd-udevd[418]: seq 2093 running
Apr 26 04:16:37 localhost systemd-udevd[420]: passed unknown number of bytes to netlink monitor 0x7f43e2213cf0
Apr 26 04:16:37 localhost systemd-udevd[411]: seq 2094 queued, 'add' 'drivers'
Apr 26 04:16:37 localhost systemd-udevd[418]: sd-device: failed to read uevent file '/sys/bus/pci/drivers/uevent': No such file or directory
Apr 26 04:16:37 localhost systemd-udevd[420]: seq 2092 processed with 0
Apr 26 04:16:37 localhost systemd-udevd[411]: passed 141 bytes to netlink monitor 0x7f43e22012e0
Apr 26 04:16:37 localhost systemd-udevd[419]: seq 2094 running
Apr 26 04:16:37 localhost systemd-udevd[418]: passed unknown number of bytes to netlink monitor 0x7f43e220dc50
Apr 26 04:16:37 localhost systemd-udevd[411]: seq 2095 queued, 'add' 'drivers'
Apr 26 04:16:37 localhost systemd-udevd[419]: sd-device: failed to read uevent file '/sys/bus/pci/drivers/uevent': No such file or directory
Apr 26 04:16:37 localhost systemd-udevd[418]: seq 2093 processed with 0
Apr 26 04:16:37 localhost systemd-udevd[411]: passed 138 bytes to netlink monitor 0x7f43e22012e0
Apr 26 04:16:37 localhost systemd-udevd[420]: seq 2095 running
Apr 26 04:16:37 localhost systemd-udevd[419]: passed unknown number of bytes to netlink monitor 0x7f43e2212d90
Apr 26 04:16:37 localhost systemd-udevd[411]: seq 2096 queued, 'add' 'drivers'
Apr 26 04:16:37 localhost systemd-udevd[420]: sd-device: failed to read uevent file '/sys/bus/pci/drivers/uevent': No such file or directory
Apr 26 04:16:37 localhost systemd-udevd[419]: seq 2094 processed with 0
Apr 26 04:16:37 localhost systemd-udevd[411]: passed 139 bytes to netlink monitor 0x7f43e22012e0
Apr 26 04:16:37 localhost systemd-udevd[418]: seq 2096 running
Apr 26 04:16:37 localhost systemd-udevd[420]: passed unknown number of bytes to netlink monitor 0x7f43e2213cf0
Apr 26 04:16:37 localhost systemd-udevd[411]: seq 2097 queued, 'add' 'drivers'
Apr 26 04:16:37 localhost systemd-udevd[418]: sd-device: failed to read uevent file '/sys/bus/pci/drivers/uevent': No such file or directory
Apr 26 04:16:37 localhost systemd-udevd[420]: seq 2095 processed with 0
Apr 26 04:16:37 localhost systemd-udevd[411]: passed 139 bytes to netlink monitor 0x7f43e22012e0
Apr 26 04:16:37 localhost systemd-udevd[419]: seq 2097 running
Apr 26 04:16:37 localhost systemd-udevd[418]: passed unknown number of bytes to netlink monitor 0x7f43e220dc50
Apr 26 04:16:37 localhost systemd-udevd[411]: seq 2098 queued, 'add' 'drivers'
Apr 26 04:16:37 localhost systemd-udevd[419]: sd-device: failed to read uevent file '/sys/bus/pci/drivers/uevent': No such file or directory
Apr 26 04:16:37 localhost systemd-udevd[418]: seq 2096 processed with 0
Apr 26 04:16:37 localhost systemd-udevd[411]: passed 146 bytes to netlink monitor 0x7f43e22012e0
Apr 26 04:16:37 localhost systemd-udevd[420]: seq 2098 running
Apr 26 04:16:37 localhost systemd-udevd[419]: passed unknown number of bytes to netlink monitor 0x7f43e2212d90
Apr 26 04:16:37 localhost systemd-udevd[411]: seq 2099 queued, 'add' 'drivers'
Apr 26 04:16:37 localhost systemd-udevd[420]: sd-device: failed to read uevent file '/sys/bus/pci/drivers/uevent': No such file or directory
Apr 26 04:16:37 localhost systemd-udevd[419]: seq 2097 processed with 0
Apr 26 04:16:37 localhost systemd-udevd[411]: passed 145 bytes to netlink monitor 0x7f43e22012e0
Apr 26 04:16:37 localhost systemd-udevd[418]: seq 2099 running
Apr 26 04:16:37 localhost systemd-udevd[420]: passed unknown number of bytes to netlink monitor 0x7f43e2213cf0
Apr 26 04:16:37 localhost systemd-udevd[411]: seq 2100 queued, 'add' 'drivers'
Apr 26 04:16:37 localhost systemd-udevd[418]: sd-device: failed to read uevent file '/sys/bus/pci/drivers/uevent': No such file or directory
Apr 26 04:16:37 localhost systemd-udevd[420]: seq 2098 processed with 0
Apr 26 04:16:37 localhost systemd-udevd[411]: passed 149 bytes to netlink monitor 0x7f43e22012e0
Apr 26 04:16:37 localhost systemd-udevd[419]: seq 2100 running
Apr 26 04:16:37 localhost systemd-udevd[418]: passed unknown number of bytes to netlink monitor 0x7f43e220dc50
Apr 26 04:16:37 localhost systemd-udevd[411]: seq 2101 queued, 'add' 'drivers'
Apr 26 04:16:37 localhost systemd-udevd[419]: sd-device: failed to read uevent file '/sys/bus/pci/drivers/uevent': No such file or directory
Apr 26 04:16:37 localhost systemd-udevd[418]: seq 2099 processed with 0
Apr 26 04:16:37 localhost systemd-udevd[411]: passed 141 bytes to netlink monitor 0x7f43e22012e0
Apr 26 04:16:37 localhost systemd-udevd[419]: passed unknown number of bytes to netlink monitor 0x7f43e2212d90
Apr 26 04:16:37 localhost systemd-udevd[419]: seq 2100 processed with 0
Apr 26 04:16:37 localhost systemd-udevd[411]: seq 2102 queued, 'add' 'bus'
Apr 26 04:16:37 localhost systemd-udevd[420]: seq 2101 running
Apr 26 04:16:37 localhost systemd-udevd[418]: seq 2102 running
Apr 26 04:16:37 localhost systemd-udevd[411]: passed 128 bytes to netlink monitor 0x7f43e22012e0
Apr 26 04:16:37 localhost systemd-udevd[411]: seq 2103 queued, 'add' 'drivers'
Apr 26 04:16:37 localhost systemd-udevd[418]: sd-device: failed to read uevent file '/sys/bus/uevent': No such file or directory
Apr 26 04:16:37 localhost systemd-udevd[411]: seq 2104 queued, 'add' 'drivers'
Apr 26 04:16:37 localhost systemd-udevd[418]: passed unknown number of bytes to netlink monitor 0x7f43e220dc50
Apr 26 04:16:37 localhost systemd-udevd[411]: seq 2105 queued, 'add' 'drivers'
Apr 26 04:16:37 localhost systemd-udevd[418]: seq 2102 processed with 0
Apr 26 04:16:37 localhost systemd-udevd[420]: sd-device: failed to read uevent file '/sys/bus/pci/drivers/uevent': No such file or directory
Apr 26 04:16:37 localhost systemd-udevd[420]: passed unknown number of bytes to netlink monitor 0x7f43e2213cf0
Apr 26 04:16:37 localhost systemd-udevd[420]: seq 2101 processed with 0
Apr 26 04:16:37 localhost systemd-udevd[411]: seq 2106 queued, 'add' 'bus'
Apr 26 04:16:37 localhost systemd-udevd[411]: passed 125 bytes to netlink monitor 0x7f43e22012e0
Apr 26 04:16:37 localhost systemd-udevd[419]: seq 2106 running
Apr 26 04:16:37 localhost systemd-udevd[411]: seq 2107 queued, 'add' 'drivers'
Apr 26 04:16:37 localhost systemd-udevd[411]: passed 144 bytes to netlink monitor 0x7f43e22012e0
Apr 26 04:16:37 localhost systemd-udevd[418]: seq 2103 running
Apr 26 04:16:37 localhost systemd-udevd[419]: sd-device: failed to read uevent file '/sys/bus/uevent': No such file or directory
Apr 26 04:16:37 localhost systemd-udevd[411]: passed 149 bytes to netlink monitor 0x7f43e22012e0
Apr 26 04:16:37 localhost systemd-udevd[420]: seq 2104 running
Apr 26 04:16:37 localhost systemd-udevd[418]: sd-device: failed to read uevent file '/sys/bus/pci_express/drivers/uevent': No such file or directory
Apr 26 04:16:37 localhost systemd-udevd[419]: passed unknown number of bytes to netlink monitor 0x7f43e2212d90
Apr 26 04:16:37 localhost systemd-udevd[411]: passed 147 bytes to netlink monitor 0x7f43e22012e0
Apr 26 04:16:37 localhost systemd-udevd[423]: seq 2105 running
Apr 26 04:16:37 localhost systemd-udevd[420]: sd-device: failed to read uevent file '/sys/bus/pci_express/drivers/uevent': No such file or directory
Apr 26 04:16:37 localhost systemd-udevd[418]: passed unknown number of bytes to netlink monitor 0x7f43e220dc50
Apr 26 04:16:37 localhost systemd-udevd[419]: seq 2106 processed with 0
Apr 26 04:16:37 localhost systemd-udevd[411]: seq 2108 queued, 'add' 'drivers'
Apr 26 04:16:37 localhost systemd-udevd[423]: sd-device: failed to read uevent file '/sys/bus/pci_express/drivers/uevent': No such file or directory
Apr 26 04:16:37 localhost systemd-udevd[420]: passed unknown number of bytes to netlink monitor 0x7f43e2213cf0
Apr 26 04:16:37 localhost systemd-udevd[418]: seq 2103 processed with 0
Apr 26 04:16:37 localhost systemd-udevd[411]: seq 2109 queued, 'add' 'drivers'
Apr 26 04:16:37 localhost systemd-udevd[423]: passed unknown number of bytes to netlink monitor 0x7f43e2214c90
Apr 26 04:16:37 localhost systemd-udevd[420]: seq 2104 processed with 0
Apr 26 04:16:37 localhost systemd-udevd[411]: passed 146 bytes to netlink monitor 0x7f43e22012e0
Apr 26 04:16:37 localhost systemd-udevd[419]: seq 2107 running
Apr 26 04:16:37 localhost systemd-udevd[423]: seq 2105 processed with 0
Apr 26 04:16:37 localhost systemd-udevd[411]: passed 148 bytes to netlink monitor 0x7f43e22012e0
Apr 26 04:16:37 localhost systemd-udevd[424]: seq 2108 running
Apr 26 04:16:37 localhost systemd-udevd[411]: passed 146 bytes to netlink monitor 0x7f43e22012e0
Apr 26 04:16:37 localhost systemd-udevd[411]: seq 2110 queued, 'add' 'drivers'
Apr 26 04:16:37 localhost systemd-udevd[425]: seq 2109 running
Apr 26 04:16:37 localhost systemd-udevd[424]: sd-device: failed to read uevent file '/sys/bus/platform/drivers/uevent': No such file or directory
Apr 26 04:16:37 localhost systemd-udevd[411]: passed 145 bytes to netlink monitor 0x7f43e22012e0
Apr 26 04:16:37 localhost systemd-udevd[418]: seq 2110 running
Apr 26 04:16:37 localhost systemd-udevd[425]: sd-device: failed to read uevent file '/sys/bus/platform/drivers/uevent': No such file or directory
Apr 26 04:16:37 localhost systemd-udevd[424]: passed unknown number of bytes to netlink monitor 0x7f43e2212ff0
Apr 26 04:16:37 localhost systemd-udevd[411]: seq 2111 queued, 'add' 'drivers'
Apr 26 04:16:37 localhost systemd-udevd[418]: sd-device: failed to read uevent file '/sys/bus/platform/drivers/uevent': No such file or directory
Apr 26 04:16:37 localhost systemd-udevd[425]: passed unknown number of bytes to netlink monitor 0x7f43e2212000
Apr 26 04:16:37 localhost systemd-udevd[424]: seq 2108 processed with 0
Apr 26 04:16:37 localhost systemd-udevd[411]: passed 146 bytes to netlink monitor 0x7f43e22012e0
Apr 26 04:16:37 localhost systemd-udevd[420]: seq 2111 running
Apr 26 04:16:37 localhost systemd-udevd[418]: passed unknown number of bytes to netlink monitor 0x7f43e220dc50
Apr 26 04:16:37 localhost systemd-udevd[425]: seq 2109 processed with 0
Apr 26 04:16:37 localhost systemd-udevd[411]: seq 2112 queued, 'add' 'drivers'
Apr 26 04:16:37 localhost systemd-udevd[420]: sd-device: failed to read uevent file '/sys/bus/platform/drivers/uevent': No such file or directory
Apr 26 04:16:37 localhost systemd-udevd[418]: seq 2110 processed with 0
Apr 26 04:16:37 localhost systemd-udevd[411]: passed 147 bytes to netlink monitor 0x7f43e22012e0
Apr 26 04:16:37 localhost systemd-udevd[423]: seq 2112 running
Apr 26 04:16:37 localhost systemd-udevd[420]: passed unknown number of bytes to netlink monitor 0x7f43e2213cf0
Apr 26 04:16:37 localhost systemd-udevd[411]: seq 2113 queued, 'add' 'drivers'
Apr 26 04:16:37 localhost systemd-udevd[423]: sd-device: failed to read uevent file '/sys/bus/platform/drivers/uevent': No such file or directory
Apr 26 04:16:37 localhost systemd-udevd[420]: seq 2111 processed with 0
Apr 26 04:16:37 localhost systemd-udevd[411]: passed 153 bytes to netlink monitor 0x7f43e22012e0
Apr 26 04:16:37 localhost systemd-udevd[418]: seq 2113 running
Apr 26 04:16:37 localhost systemd-udevd[423]: passed unknown number of bytes to netlink monitor 0x7f43e2214c90
Apr 26 04:16:37 localhost systemd-udevd[411]: seq 2114 queued, 'add' 'drivers'
Apr 26 04:16:37 localhost systemd-udevd[420]: seq 2114 running
Apr 26 04:16:37 localhost systemd-udevd[420]: sd-device: failed to read uevent file '/sys/bus/platform/drivers/uevent': No such file or directory
Apr 26 04:16:37 localhost systemd-udevd[420]: passed unknown number of bytes to netlink monitor 0x7f43e2213cf0
Apr 26 04:16:37 localhost systemd-udevd[420]: seq 2114 processed with 0
Apr 26 04:16:37 localhost systemd-udevd[423]: seq 2112 processed with 0
Apr 26 04:16:37 localhost systemd-udevd[419]: sd-device: failed to read uevent file '/sys/bus/platform/drivers/uevent': No such file or directory
Apr 26 04:16:37 localhost systemd-udevd[419]: passed unknown number of bytes to netlink monitor 0x7f43e2212d90
Apr 26 04:16:37 localhost systemd-udevd[419]: seq 2107 processed with 0
Apr 26 04:16:37 localhost systemd-udevd[418]: sd-device: failed to read uevent file '/sys/bus/platform/drivers/uevent': No such file or directory
Apr 26 04:16:37 localhost systemd-udevd[418]: passed unknown number of bytes to netlink monitor 0x7f43e220dc50
Apr 26 04:16:37 localhost systemd-udevd[411]: passed 143 bytes to netlink monitor 0x7f43e22012e0
Apr 26 04:16:37 localhost systemd-udevd[411]: seq 2115 queued, 'add' 'drivers'
Apr 26 04:16:37 localhost systemd-udevd[411]: passed 146 bytes to netlink monitor 0x7f43e22012e0
Apr 26 04:16:37 localhost systemd-udevd[419]: seq 2115 running
Apr 26 04:16:37 localhost systemd-udevd[411]: seq 2116 queued, 'add' 'drivers'
Apr 26 04:16:37 localhost systemd-udevd[411]: passed 148 bytes to netlink monitor 0x7f43e22012e0
Apr 26 04:16:37 localhost systemd-udevd[411]: seq 2117 queued, 'add' 'drivers'
Apr 26 04:16:37 localhost systemd-udevd[419]: sd-device: failed to read uevent file '/sys/bus/platform/drivers/uevent': No such file or directory
Apr 26 04:16:37 localhost systemd-udevd[411]: passed 144 bytes to netlink monitor 0x7f43e22012e0
Apr 26 04:16:37 localhost systemd-udevd[419]: passed unknown number of bytes to netlink monitor 0x7f43e2212d90
Apr 26 04:16:37 localhost systemd-udevd[411]: seq 2118 queued, 'add' 'drivers'
Apr 26 04:16:37 localhost systemd-udevd[419]: seq 2115 processed with 0
Apr 26 04:16:37 localhost systemd-udevd[411]: passed 154 bytes to netlink monitor 0x7f43e22012e0
Apr 26 04:16:37 localhost systemd-udevd[411]: seq 2119 queued, 'add' 'bus'
Apr 26 04:16:37 localhost systemd-udevd[424]: seq 2118 running
Apr 26 04:16:37 localhost systemd-udevd[418]: seq 2113 processed with 0
Apr 26 04:16:37 localhost systemd-udevd[411]: passed 120 bytes to netlink monitor 0x7f43e22012e0
Apr 26 04:16:37 localhost systemd-udevd[419]: seq 2119 running
Apr 26 04:16:37 localhost systemd-udevd[424]: sd-device: failed to read uevent file '/sys/bus/platform/drivers/uevent': No such file or directory
Apr 26 04:16:37 localhost systemd-udevd[423]: seq 2117 running
Apr 26 04:16:37 localhost systemd-udevd[420]: seq 2116 running
Apr 26 04:16:37 localhost systemd-udevd[411]: seq 2120 queued, 'add' 'drivers'
Apr 26 04:16:37 localhost systemd-udevd[419]: sd-device: failed to read uevent file '/sys/bus/uevent': No such file or directory
Apr 26 04:16:37 localhost systemd-udevd[424]: passed unknown number of bytes to netlink monitor 0x7f43e2212ff0
Apr 26 04:16:37 localhost systemd-udevd[423]: sd-device: failed to read uevent file '/sys/bus/platform/drivers/uevent': No such file or directory
Apr 26 04:16:37 localhost systemd-udevd[420]: sd-device: failed to read uevent file '/sys/bus/platform/drivers/uevent': No such file or directory
Apr 26 04:16:37 localhost systemd-udevd[411]: seq 2121 queued, 'add' 'drivers'
Apr 26 04:16:37 localhost systemd-udevd[419]: passed unknown number of bytes to netlink monitor 0x7f43e2212d90
Apr 26 04:16:37 localhost systemd-udevd[424]: seq 2118 processed with 0
Apr 26 04:16:37 localhost systemd-udevd[423]: passed unknown number of bytes to netlink monitor 0x7f43e2214c90
Apr 26 04:16:37 localhost systemd-udevd[420]: passed unknown number of bytes to netlink monitor 0x7f43e2213cf0
Apr 26 04:16:37 localhost systemd-udevd[411]: seq 2122 queued, 'add' 'drivers'
Apr 26 04:16:37 localhost systemd-udevd[419]: seq 2119 processed with 0
Apr 26 04:16:37 localhost systemd-udevd[423]: seq 2117 processed with 0
Apr 26 04:16:37 localhost systemd-udevd[420]: seq 2116 processed with 0
Apr 26 04:16:37 localhost systemd-udevd[411]: seq 2123 queued, 'add' 'bus'
Apr 26 04:16:37 localhost systemd-udevd[411]: passed 121 bytes to netlink monitor 0x7f43e22012e0
Apr 26 04:16:37 localhost systemd-udevd[418]: seq 2123 running
Apr 26 04:16:37 localhost systemd-udevd[418]: sd-device: failed to read uevent file '/sys/bus/uevent': No such file or directory
Apr 26 04:16:37 localhost systemd-udevd[418]: passed unknown number of bytes to netlink monitor 0x7f43e220dc50
Apr 26 04:16:37 localhost systemd-udevd[418]: seq 2123 processed with 0
Apr 26 04:16:37 localhost systemd-udevd[411]: seq 2124 queued, 'add' 'drivers'
Apr 26 04:16:37 localhost systemd-udevd[411]: passed 141 bytes to netlink monitor 0x7f43e22012e0
Apr 26 04:16:37 localhost systemd-udevd[420]: seq 2121 running
Apr 26 04:16:37 localhost systemd-udevd[420]: sd-device: failed to read uevent file '/sys/bus/pnp/drivers/uevent': No such file or directory
Apr 26 04:16:37 localhost systemd-udevd[420]: passed unknown number of bytes to netlink monitor 0x7f43e2213cf0
Apr 26 04:16:37 localhost systemd-udevd[420]: seq 2121 processed with 0
Apr 26 04:16:37 localhost systemd-udevd[411]: passed 139 bytes to netlink monitor 0x7f43e22012e0
Apr 26 04:16:37 localhost systemd-udevd[423]: seq 2122 running
Apr 26 04:16:37 localhost systemd-udevd[423]: sd-device: failed to read uevent file '/sys/bus/pnp/drivers/uevent': No such file or directory
Apr 26 04:16:37 localhost systemd-udevd[423]: passed unknown number of bytes to netlink monitor 0x7f43e2214c90
Apr 26 04:16:37 localhost systemd-udevd[423]: seq 2122 processed with 0
Apr 26 04:16:37 localhost systemd-udevd[411]: passed 139 bytes to netlink monitor 0x7f43e22012e0
Apr 26 04:16:37 localhost systemd-udevd[411]: seq 2125 queued, 'add' 'drivers'
Apr 26 04:16:37 localhost systemd-udevd[411]: passed 136 bytes to netlink monitor 0x7f43e22012e0
Apr 26 04:16:37 localhost systemd-udevd[418]: seq 2124 running
Apr 26 04:16:37 localhost systemd-udevd[420]: seq 2125 running
Apr 26 04:16:37 localhost systemd-udevd[411]: passed 136 bytes to netlink monitor 0x7f43e22012e0
Apr 26 04:16:37 localhost systemd-udevd[418]: sd-device: failed to read uevent file '/sys/bus/scsi/drivers/uevent': No such file or directory
Apr 26 04:16:37 localhost systemd-udevd[420]: sd-device: failed to read uevent file '/sys/bus/scsi/drivers/uevent': No such file or directory
Apr 26 04:16:37 localhost systemd-udevd[411]: seq 2126 queued, 'add' 'bus'
Apr 26 04:16:37 localhost systemd-udevd[418]: passed unknown number of bytes to netlink monitor 0x7f43e220dc50
Apr 26 04:16:37 localhost systemd-udevd[420]: passed unknown number of bytes to netlink monitor 0x7f43e2213cf0
Apr 26 04:16:37 localhost systemd-udevd[411]: passed 122 bytes to netlink monitor 0x7f43e22012e0
Apr 26 04:16:37 localhost systemd-udevd[423]: seq 2126 running
Apr 26 04:16:37 localhost systemd-udevd[419]: seq 2120 running
Apr 26 04:16:37 localhost systemd-udevd[420]: seq 2125 processed with 0
Apr 26 04:16:37 localhost systemd-udevd[411]: seq 2127 queued, 'add' 'drivers'
Apr 26 04:16:37 localhost systemd-udevd[423]: sd-device: failed to read uevent file '/sys/bus/uevent': No such file or directory
Apr 26 04:16:37 localhost systemd-udevd[418]: seq 2124 processed with 0
Apr 26 04:16:37 localhost systemd-udevd[419]: sd-device: failed to read uevent file '/sys/bus/pnp/drivers/uevent': No such file or directory
Apr 26 04:16:37 localhost systemd-udevd[411]: seq 2128 queued, 'add' 'drivers'
Apr 26 04:16:37 localhost systemd-udevd[423]: passed unknown number of bytes to netlink monitor 0x7f43e2214c90
Apr 26 04:16:37 localhost systemd-udevd[419]: passed unknown number of bytes to netlink monitor 0x7f43e2212d90
Apr 26 04:16:37 localhost systemd-udevd[423]: seq 2126 processed with 0
Apr 26 04:16:37 localhost systemd-udevd[419]: seq 2120 processed with 0
Apr 26 04:16:37 localhost systemd-udevd[411]: seq 2129 queued, 'add' 'drivers'
Apr 26 04:16:37 localhost systemd-udevd[411]: seq 2130 queued, 'add' 'bus'
Apr 26 04:16:37 localhost systemd-udevd[411]: passed 140 bytes to netlink monitor 0x7f43e22012e0
Apr 26 04:16:37 localhost systemd-udevd[418]: seq 2127 running
Apr 26 04:16:37 localhost systemd-udevd[419]: seq 2128 running
Apr 26 04:16:37 localhost systemd-udevd[419]: sd-device: failed to read uevent file '/sys/bus/serio/drivers/uevent': No such file or directory
Apr 26 04:16:37 localhost systemd-udevd[418]: sd-device: failed to read uevent file '/sys/bus/serio/drivers/uevent': No such file or directory
Apr 26 04:16:37 localhost systemd-udevd[419]: passed unknown number of bytes to netlink monitor 0x7f43e2212d90
Apr 26 04:16:37 localhost systemd-udevd[419]: seq 2128 processed with 0
Apr 26 04:16:37 localhost systemd-udevd[418]: passed unknown number of bytes to netlink monitor 0x7f43e220dc50
Apr 26 04:16:37 localhost systemd-udevd[418]: seq 2127 processed with 0
Apr 26 04:16:37 localhost systemd-udevd[411]: passed 142 bytes to netlink monitor 0x7f43e22012e0
Apr 26 04:16:37 localhost systemd-udevd[411]: passed 144 bytes to netlink monitor 0x7f43e22012e0
Apr 26 04:16:37 localhost systemd-udevd[411]: passed 120 bytes to netlink monitor 0x7f43e22012e0
Apr 26 04:16:37 localhost systemd-udevd[420]: seq 2129 running
Apr 26 04:16:37 localhost systemd-udevd[411]: seq 2131 queued, 'add' 'bus'
Apr 26 04:16:37 localhost systemd-udevd[423]: seq 2130 running
Apr 26 04:16:37 localhost systemd-udevd[420]: sd-device: failed to read uevent file '/sys/bus/serio/drivers/uevent': No such file or directory
Apr 26 04:16:37 localhost systemd-udevd[418]: seq 2131 running
Apr 26 04:16:37 localhost systemd-udevd[423]: sd-device: failed to read uevent file '/sys/bus/uevent': No such file or directory
Apr 26 04:16:37 localhost systemd-udevd[419]: Unload module index
Apr 26 04:16:37 localhost systemd-udevd[424]: Unload module index
Apr 26 04:16:37 localhost systemd[1]: Stopping udev Kernel Device Manager...
Apr 26 04:16:37 localhost systemd-udevd[420]: passed unknown number of bytes to netlink monitor 0x7f43e2213cf0
Apr 26 04:16:37 localhost systemd-udevd[427]: Unload module index
Apr 26 04:16:37 localhost systemd-udevd[428]: Unload module index
Apr 26 04:16:37 localhost systemd-udevd[411]: passed 120 bytes to netlink monitor 0x7f43e22012e0
Apr 26 04:16:37 localhost systemd-udevd[426]: Unload module index
Apr 26 04:16:37 localhost systemd-udevd[425]: Unload module index
Apr 26 04:16:37 localhost systemd-udevd[430]: Unload module index
Apr 26 04:16:37 localhost systemd-udevd[418]: sd-device: failed to read uevent file '/sys/bus/uevent': No such file or directory
Apr 26 04:16:37 localhost systemd-udevd[423]: passed unknown number of bytes to netlink monitor 0x7f43e2214c90
Apr 26 04:16:37 localhost systemd-udevd[420]: seq 2129 processed with 0
Apr 26 04:16:37 localhost systemd-udevd[411]: seq 2132 queued, 'add' 'drivers'
Apr 26 04:16:37 localhost systemd-udevd[418]: passed unknown number of bytes to netlink monitor 0x7f43e220dc50
Apr 26 04:16:37 localhost systemd-udevd[411]: worker [419] exited
Apr 26 04:16:37 localhost systemd-udevd[411]: worker [419] cleaned up
Apr 26 04:16:37 localhost systemd-udevd[411]: worker [424] exited
Apr 26 04:16:37 localhost systemd-udevd[411]: worker [424] cleaned up
Apr 26 04:16:37 localhost systemd-udevd[411]: worker [418] exited
Apr 26 04:16:37 localhost systemd-udevd[411]: worker [420] exited
Apr 26 04:16:37 localhost systemd-udevd[411]: worker [420] cleaned up
Apr 26 04:16:37 localhost systemd-udevd[411]: worker [423] exited
Apr 26 04:16:37 localhost systemd-udevd[411]: worker [425] exited
Apr 26 04:16:37 localhost systemd-udevd[411]: worker [425] cleaned up
Apr 26 04:16:37 localhost systemd-udevd[411]: worker [426] exited
Apr 26 04:16:37 localhost systemd-udevd[411]: worker [426] cleaned up
Apr 26 04:16:37 localhost systemd-udevd[411]: worker [427] exited
Apr 26 04:16:37 localhost systemd-udevd[411]: worker [427] cleaned up
Apr 26 04:16:37 localhost systemd-udevd[411]: worker [428] exited
Apr 26 04:16:37 localhost systemd-udevd[411]: worker [428] cleaned up
Apr 26 04:16:37 localhost systemd-udevd[411]: worker [429] exited
Apr 26 04:16:37 localhost systemd-udevd[411]: worker [429] cleaned up
