Apr 26 04:17:14 localhost systemd-udevd[653]: seq 4451 running
Apr 26 04:17:14 localhost systemd-udevd[645]: seq 4452 queued, 'add' 'bus'
Apr 26 04:17:14 localhost systemd-udevd[645]: passed 120 bytes to netlink monitor 0x7f9d53f072e0
Apr 26 04:17:14 localhost systemd-udevd[653]: sd-device: failed to read uevent file '/sys/bus/serio/drivers/uevent': No such file or directory
Apr 26 04:17:14 localhost systemd-udevd[645]: seq 4453 queued, 'add' 'bus'
Apr 26 04:17:14 localhost systemd-udevd[653]: passed unknown number of bytes to netlink monitor 0x7f9d53f16860
Apr 26 04:17:14 localhost systemd-udevd[653]: seq 4451 processed with 0
Apr 26 04:17:14 localhost systemd-udevd[645]: passed 120 bytes to netlink monitor 0x7f9d53f072e0
Apr 26 04:17:14 localhost systemd-udevd[654]: seq 4453 running
Apr 26 04:17:14 localhost systemd-udevd[645]: seq 4454 queued, 'add' 'drivers'
Apr 26 04:17:14 localhost systemd-udevd[654]: sd-device: failed to read uevent file '/sys/bus/uevent': No such file or directory
Apr 26 04:17:14 localhost systemd-udevd[645]: seq 4455 queued, 'add' 'drivers'
Apr 26 04:17:14 localhost systemd-udevd[652]: seq 4452 running
Apr 26 04:17:14 localhost systemd-udevd[654]: passed unknown number of bytes to netlink monitor 0x7f9d53f16ac0
Apr 26 04:17:14 localhost systemd-udevd[645]: seq 4456 queued, 'add' 'drivers'
Apr 26 04:17:14 localhost systemd-udevd[652]: sd-device: failed to read uevent file '/sys/bus/uevent': No such file or directory
Apr 26 04:17:14 localhost systemd-udevd[654]: seq 4453 processed with 0
Apr 26 04:17:14 localhost systemd-udevd[645]: seq 4457 queued, 'add' 'drivers'
Apr 26 04:17:14 localhost systemd-udevd[652]: passed unknown number of bytes to netlink monitor 0x7f9d53f13c50
Apr 26 04:17:14 localhost systemd-udevd[645]: seq 4458 queued, 'add' 'bus'
Apr 26 04:17:14 localhost systemd-udevd[652]: seq 4452 processed with 0
Apr 26 04:17:14 localhost systemd-udevd[645]: passed 136 bytes to netlink monitor 0x7f9d53f072e0
Apr 26 04:17:14 localhost systemd-udevd[653]: seq 4454 running
Apr 26 04:17:14 localhost systemd-udevd[645]: passed 136 bytes to netlink monitor 0x7f9d53f072e0
Apr 26 04:17:14 localhost systemd-udevd[654]: seq 4455 running
Apr 26 04:17:14 localhost systemd-udevd[653]: sd-device: failed to read uevent file '/sys/bus/usb/drivers/uevent': No such file or directory
Apr 26 04:17:14 localhost systemd-udevd[645]: passed 138 bytes to netlink monitor 0x7f9d53f072e0
Apr 26 04:17:14 localhost systemd-udevd[657]: seq 4456 running
Apr 26 04:17:14 localhost systemd-udevd[654]: sd-device: failed to read uevent file '/sys/bus/usb/drivers/uevent': No such file or directory
Apr 26 04:17:14 localhost systemd-udevd[653]: passed unknown number of bytes to netlink monitor 0x7f9d53f16860
Apr 26 04:17:14 localhost systemd-udevd[645]: passed 139 bytes to netlink monitor 0x7f9d53f072e0
Apr 26 04:17:14 localhost systemd-udevd[658]: seq 4457 running
Apr 26 04:17:14 localhost systemd-udevd[657]: sd-device: failed to read uevent file '/sys/bus/usb/drivers/uevent': No such file or directory
Apr 26 04:17:14 localhost systemd-udevd[654]: passed unknown number of bytes to netlink monitor 0x7f9d53f16ac0
Apr 26 04:17:14 localhost systemd-udevd[653]: seq 4454 processed with 0
Apr 26 04:17:14 localhost systemd-udevd[645]: passed 126 bytes to netlink monitor 0x7f9d53f072e0
Apr 26 04:17:14 localhost systemd-udevd[659]: seq 4458 running
Apr 26 04:17:14 localhost systemd-udevd[658]: sd-device: failed to read uevent file '/sys/bus/usb/drivers/uevent': No such file or directory
Apr 26 04:17:14 localhost systemd-udevd[657]: passed unknown number of bytes to netlink monitor 0x7f9d53f16d20
Apr 26 04:17:14 localhost systemd-udevd[654]: seq 4455 processed with 0
Apr 26 04:17:14 localhost systemd-udevd[645]: seq 4459 queued, 'add' 'bus'
Apr 26 04:17:14 localhost systemd-udevd[659]: sd-device: failed to read uevent file '/sys/bus/uevent': No such file or directory
Apr 26 04:17:14 localhost systemd-udevd[658]: passed unknown number of bytes to netlink monitor 0x7f9d53f16f80
Apr 26 04:17:14 localhost systemd-udevd[657]: seq 4456 processed with 0
Apr 26 04:17:14 localhost systemd-udevd[645]: passed 120 bytes to netlink monitor 0x7f9d53f072e0
Apr 26 04:17:14 localhost systemd-udevd[652]: seq 4459 running
Apr 26 04:17:14 localhost systemd-udevd[659]: passed unknown number of bytes to netlink monitor 0x7f9d53f171e0
Apr 26 04:17:14 localhost systemd-udevd[658]: seq 4457 processed with 0
Apr 26 04:17:14 localhost systemd-udevd[645]: seq 4460 queued, 'add' 'bus'
Apr 26 04:17:14 localhost systemd-udevd[652]: sd-device: failed to read uevent file '/sys/bus/uevent': No such file or directory
Apr 26 04:17:14 localhost systemd-udevd[659]: seq 4458 processed with 0
Apr 26 04:17:14 localhost systemd-udevd[645]: passed 128 bytes to netlink monitor 0x7f9d53f072e0
Apr 26 04:17:14 localhost systemd-udevd[653]: seq 4460 running
Apr 26 04:17:14 localhost systemd-udevd[652]: passed unknown number of bytes to netlink monitor 0x7f9d53f13c50
Apr 26 04:17:14 localhost systemd-udevd[645]: seq 4461 queued, 'add' 'module'
Apr 26 04:17:14 localhost systemd-udevd[653]: sd-device: failed to read uevent file '/sys/bus/uevent': No such file or directory
Apr 26 04:17:14 localhost systemd-udevd[652]: seq 4459 processed with 0
Apr 26 04:17:14 localhost systemd-udevd[645]: passed 127 bytes to netlink monitor 0x7f9d53f072e0
Apr 26 04:17:14 localhost systemd-udevd[654]: seq 4461 running
Apr 26 04:17:14 localhost systemd-udevd[653]: passed unknown number of bytes to netlink monitor 0x7f9d53f16860
Apr 26 04:17:14 localhost systemd-udevd[645]: seq 4462 queued, 'add' 'module'
Apr 26 04:17:14 localhost systemd-udevd[654]: sd-device: failed to read uevent file '/sys/module/uevent': No such file or directory
Apr 26 04:17:14 localhost systemd-udevd[653]: seq 4460 processed with 0
Apr 26 04:17:14 localhost systemd-udevd[645]: passed 134 bytes to netlink monitor 0x7f9d53f072e0
Apr 26 04:17:14 localhost systemd-udevd[652]: seq 4462 running
Apr 26 04:17:14 localhost systemd-udevd[654]: passed unknown number of bytes to netlink monitor 0x7f9d53f16ac0
Apr 26 04:17:14 localhost systemd-udevd[645]: seq 4463 queued, 'add' 'module'
Apr 26 04:17:14 localhost systemd-udevd[652]: sd-device: failed to read uevent file '/sys/module/uevent': No such file or directory
Apr 26 04:17:14 localhost systemd-udevd[654]: seq 4461 processed with 0
Apr 26 04:17:14 localhost systemd-udevd[645]: passed 127 bytes to netlink monitor 0x7f9d53f072e0
Apr 26 04:17:14 localhost systemd-udevd[653]: seq 4463 running
Apr 26 04:17:14 localhost systemd-udevd[652]: passed unknown number of bytes to netlink monitor 0x7f9d53f13c50
Apr 26 04:17:14 localhost systemd-udevd[645]: seq 4464 queued, 'add' 'module'
Apr 26 04:17:14 localhost systemd-udevd[653]: sd-device: failed to read uevent file '/sys/module/uevent': No such file or directory
Apr 26 04:17:14 localhost systemd-udevd[652]: seq 4462 processed with 0
Apr 26 04:17:14 localhost systemd-udevd[645]: passed 130 bytes to netlink monitor 0x7f9d53f072e0
Apr 26 04:17:14 localhost systemd-udevd[654]: seq 4464 running
Apr 26 04:17:14 localhost systemd-udevd[653]: passed unknown number of bytes to netlink monitor 0x7f9d53f16860
Apr 26 04:17:14 localhost systemd-udevd[645]: seq 4465 queued, 'add' 'module'
Apr 26 04:17:14 localhost systemd-udevd[654]: sd-device: failed to read uevent file '/sys/module/uevent': No such file or directory
Apr 26 04:17:14 localhost systemd-udevd[653]: seq 4463 processed with 0
Apr 26 04:17:14 localhost systemd-udevd[645]: passed 133 bytes to netlink monitor 0x7f9d53f072e0
Apr 26 04:17:14 localhost systemd-udevd[652]: seq 4465 running
Apr 26 04:17:14 localhost systemd-udevd[654]: passed unknown number of bytes to netlink monitor 0x7f9d53f16ac0
Apr 26 04:17:14 localhost systemd-udevd[645]: seq 4466 queued, 'add' 'module'
Apr 26 04:17:14 localhost systemd-udevd[652]: sd-device: failed to read uevent file '/sys/module/uevent': No such file or directory
Apr 26 04:17:14 localhost systemd-udevd[654]: seq 4464 processed with 0
Apr 26 04:17:14 localhost systemd-udevd[645]: passed 134 bytes to netlink monitor 0x7f9d53f072e0
Apr 26 04:17:14 localhost systemd-udevd[653]: seq 4466 running
Apr 26 04:17:14 localhost systemd-udevd[652]: passed unknown number of bytes to netlink monitor 0x7f9d53f13c50
Apr 26 04:17:14 localhost systemd-udevd[645]: seq 4467 queued, 'add' 'module'
Apr 26 04:17:14 localhost systemd-udevd[653]: sd-device: failed to read uevent file '/sys/module/uevent': No such file or directory
Apr 26 04:17:14 localhost systemd-udevd[652]: seq 4465 processed with 0
Apr 26 04:17:14 localhost systemd-udevd[645]: passed 127 bytes to netlink monitor 0x7f9d53f072e0
Apr 26 04:17:14 localhost systemd-udevd[654]: seq 4467 running
Apr 26 04:17:14 localhost systemd-udevd[653]: passed unknown number of bytes to netlink monitor 0x7f9d53f16860
Apr 26 04:17:14 localhost systemd-udevd[645]: seq 4468 queued, 'add' 'module'
Apr 26 04:17:14 localhost systemd-udevd[654]: sd-device: failed to read uevent file '/sys/module/uevent': No such file or directory
Apr 26 04:17:14 localhost systemd-udevd[653]: seq 4466 processed with 0
Apr 26 04:17:14 localhost systemd-udevd[645]: passed 131 bytes to netlink monitor 0x7f9d53f072e0
Apr 26 04:17:14 localhost systemd-udevd[652]: seq 4468 running
Apr 26 04:17:14 localhost systemd-udevd[657]: Unload module index
Apr 26 04:17:14 localhost systemd-udevd[658]: Unload module index
Apr 26 04:17:14 localhost systemd[1]: Stopping udev Kernel Device Manager...
Apr 26 04:17:14 localhost systemd-udevd[654]: passed unknown number of bytes to netlink monitor 0x7f9d53f16ac0
Apr 26 04:17:14 localhost systemd-udevd[645]: seq 4469 queued, 'add' 'module'
Apr 26 04:17:14 localhost systemd-udevd[652]: sd-device: failed to read uevent file '/sys/module/uevent': No such file or directory
Apr 26 04:17:14 localhost systemd-udevd[645]: passed 128 bytes to netlink monitor 0x7f9d53f072e0
Apr 26 04:17:14 localhost systemd-udevd[645]: worker [653] exited
Apr 26 04:17:14 localhost systemd-udevd[645]: worker [657] exited
Apr 26 04:17:14 localhost systemd-udevd[645]: worker [657] cleaned up
Apr 26 04:17:14 localhost systemd-udevd[645]: worker [654] exited
Apr 26 04:17:14 localhost systemd-udevd[645]: worker [654] cleaned up
Apr 26 04:17:14 localhost systemd-udevd[645]: worker [652] exited
Apr 26 04:17:14 localhost systemd-udevd[645]: worker [658] exited
Apr 26 04:17:14 localhost systemd-udevd[645]: worker [658] cleaned up
Apr 26 04:17:14 localhost systemd-udevd[645]: worker [659] exited
Apr 26 04:17:14 localhost systemd-udevd[645]: worker [659] cleaned up
Apr 26 04:17:14 localhost systemd-udevd[645]: worker [660] exited
Apr 26 04:17:14 localhost systemd-udevd[645]: worker [660] cleaned up
Apr 26 04:17:14 localhost systemd-udevd[645]: worker [661] exited
Apr 26 04:17:14 localhost systemd-udevd[645]: worker [661] cleaned up
Apr 26 04:17:14 localhost systemd-udevd[645]: worker [652] cleaned up
Apr 26 04:17:44 localhost systemd-udevd[645]: timeout, giving up waiting for workers to finish
Apr 26 04:17:44 localhost systemd-udevd[645]: Unload module index
Apr 26 04:17:44 localhost systemd-udevd[645]: Unloaded link configuration context.
Apr 26 04:17:44 localhost systemd[1]: Stopped udev Kernel Device Manager.
Apr 26 04:17:45 localhost systemd[1]: Stopped udev Kernel Device Manager.
Apr 26 04:17:45 localhost systemd[1]: Starting udev Kernel Device Manager...
Apr 26 04:17:45 localhost systemd-udevd[1008]: ctrl=4 netlink=3
Apr 26 04:17:45 localhost systemd-udevd[1008]: starting version 219
Apr 26 04:17:45 localhost systemd-udevd[1008]: === trie on-disk ===
Apr 26 04:17:45 localhost systemd-udevd[1008]: tool version: 219
Apr 26 04:17:45 localhost systemd-udevd[1008]: file size: 6714875 bytes
Apr 26 04:17:45 localhost systemd-udevd[1008]: header size 80 bytes
Apr 26 04:17:45 localhost systemd-udevd[1008]: strings 1722699 bytes
Apr 26 04:17:45 localhost systemd-udevd[1008]: nodes 4992096 bytes
Apr 26 04:17:45 localhost systemd-udevd[1008]: Load module index
Apr 26 04:17:45 localhost systemd-udevd[1008]: timestamp of '/etc/systemd/network' changed
Apr 26 04:17:45 localhost systemd-udevd[1008]: timestamp of '/usr/lib/systemd/network' changed
Apr 26 04:17:45 localhost systemd-udevd[1008]: Parsed configuration file /usr/lib/systemd/network/99-default.link
Apr 26 04:17:45 localhost systemd-udevd[1008]: Created link configuration context.
Apr 26 04:17:45 localhost systemd-udevd[1008]: timestamp of '/etc/udev/rules.d' changed
Apr 26 04:17:45 localhost systemd-udevd[1008]: timestamp of '/usr/lib/udev/rules.d' changed
Apr 26 04:17:45 localhost systemd-udevd[1008]: Reading rules file: /usr/lib/udev/rules.d/10-dm.rules
Apr 26 04:17:45 localhost systemd-udevd[1008]: Reading rules file: /usr/lib/udev/rules.d/11-dm-lvm.rules
Apr 26 04:17:45 localhost systemd-udevd[1008]: Reading rules file: /usr/lib/udev/rules.d/13-dm-disk.rules
Apr 26 04:17:45 localhost systemd-udevd[1008]: Reading rules file: /usr/lib/udev/rules.d/40-hpet-permissions.rules
Apr 26 04:17:45 localhost systemd-udevd[1008]: Reading rules file: /usr/lib/udev/rules.d/42-usb-hid-pm.rules
Apr 26 04:17:45 localhost systemd-udevd[1008]: Reading rules file: /usr/lib/udev/rules.d/50-udev-default.rules
Apr 26 04:17:45 localhost systemd-udevd[1008]: Reading rules file: /usr/lib/udev/rules.d/60-block.rules
Apr 26 04:17:45 localhost systemd-udevd[1008]: Reading rules file: /usr/lib/udev/rules.d/60-cdrom_id.rules
Apr 26 04:17:45 localhost systemd-udevd[1008]: Reading rules file: /usr/lib/udev/rules.d/60-drm.rules
Apr 26 04:17:45 localhost systemd-udevd[1008]: Reading rules file: /usr/lib/udev/rules.d/60-evdev.rules
Apr 26 04:17:45 localhost systemd-udevd[1008]: Reading rules file: /usr/lib/udev/rules.d/60-pcmcia.rules
Apr 26 04:17:45 localhost systemd-udevd[1008]: Reading rules file: /usr/lib/udev/rules.d/60-persistent-alsa.rules
Apr 26 04:17:45 localhost systemd-udevd[1008]: Reading rules file: /usr/lib/udev/rules.d/60-persistent-input.rules
Apr 26 04:17:45 localhost systemd-udevd[1008]: Reading rules file: /usr/lib/udev/rules.d/60-persistent-storage-tape.rules
Apr 26 04:17:45 localhost systemd-udevd[1008]: Reading rules file: /usr/lib/udev/rules.d/60-persistent-storage.rules
Apr 26 04:17:45 localhost systemd-udevd[1008]: Reading rules file: /usr/lib/udev/rules.d/60-persistent-v4l.rules
Apr 26 04:17:45 localhost systemd-udevd[1008]: Reading rules file: /usr/lib/udev/rules.d/60-serial.rules
Apr 26 04:17:45 localhost systemd-udevd[1008]: Reading rules file: /usr/lib/udev/rules.d/61-accelerometer.rules
Apr 26 04:17:45 localhost systemd-udevd[1008]: Reading rules file: /usr/lib/udev/rules.d/63-md-raid-arrays.rules
Apr 26 04:17:45 localhost systemd-udevd[1008]: Reading rules file: /usr/lib/udev/rules.d/64-btrfs.rules
Apr 26 04:17:45 localhost systemd-udevd[1008]: Reading rules file: /usr/lib/udev/rules.d/64-md-raid-assembly.rules
Apr 26 04:17:45 localhost systemd-udevd[1008]: Reading rules file: /usr/lib/udev/rules.d/65-kvm.rules
Apr 26 04:17:45 localhost systemd-udevd[1008]: Reading rules file: /usr/lib/udev/rules.d/69-cd-sensors.rules
Apr 26 04:17:45 localhost systemd-udevd[1008]: Reading rules file: /usr/lib/udev/rules.d/69-dm-lvm-metad.rules
Apr 26 04:17:45 localhost systemd-udevd[1008]: Reading rules file: /usr/lib/udev/rules.d/70-infrared.rules
Apr 26 04:17:45 localhost systemd-udevd[1008]: Reading rules file: /usr/lib/udev/rules.d/70-mouse.rules
Apr 26 04:17:45 localhost systemd-udevd[1008]: Reading rules file: /usr/lib/udev/rules.d/70-power-switch.rules
Apr 26 04:17:45 localhost systemd-udevd[1008]: Reading rules file: /usr/lib/udev/rules.d/70-touchpad.rules
Apr 26 04:17:45 localhost systemd-udevd[1008]: Reading rules file: /usr/lib/udev/rules.d/70-uaccess.rules
Apr 26 04:17:45 localhost systemd-udevd[1008]: Reading rules file: /usr/lib/udev/rules.d/71-seat.rules
Apr 26 04:17:45 localhost systemd-udevd[1008]: Reading rules file: /usr/lib/udev/rules.d/73-seat-late.rules
Apr 26 04:17:45 localhost systemd-udevd[1008]: Reading rules file: /usr/lib/udev/rules.d/75-net-description.rules
Apr 26 04:17:45 localhost systemd-udevd[1008]: Reading rules file: /usr/lib/udev/rules.d/75-probe_mtd.rules
Apr 26 04:17:45 localhost systemd-udevd[1008]: Reading rules file: /usr/lib/udev/rules.d/78-sound-card.rules
Apr 26 04:17:45 localhost systemd-udevd[1008]: Reading rules file: /usr/lib/udev/rules.d/80-drivers.rules
Apr 26 04:17:45 localhost systemd-udevd[1008]: Reading rules file: /usr/lib/udev/rules.d/80-net-setup-link.rules
Apr 26 04:17:45 localhost systemd-udevd[1008]: Reading rules file: /usr/lib/udev/rules.d/90-alsa-restore.rules
Apr 26 04:17:45 localhost systemd-udevd[1008]: Reading rules file: /usr/lib/udev/rules.d/90-pulseaudio.rules
Apr 26 04:17:45 localhost systemd-udevd[1008]: Reading rules file: /usr/lib/udev/rules.d/90-vconsole.rules
Apr 26 04:17:45 localhost systemd-udevd[1008]: Reading rules file: /usr/lib/udev/rules.d/95-cd-devices.rules
Apr 26 04:17:45 localhost systemd-udevd[1008]: Reading rules file: /usr/lib/udev/rules.d/95-dm-notify.rules
Apr 26 04:17:45 localhost systemd-udevd[1008]: Reading rules file: /usr/lib/udev/rules.d/99-systemd.rules
Apr 26 04:17:45 localhost systemd-udevd[1008]: Reading rules file: /etc/udev/rules.d/wakeup.rules
Apr 26 04:17:45 localhost systemd-udevd[1008]: rules contain 49152 bytes tokens (4096 * 12 bytes), 13910 bytes strings
Apr 26 04:17:45 localhost systemd-udevd[1008]: 2319 strings (28800 bytes), 1556 de-duplicated (15654 bytes), 764 trie nodes used
Apr 26 04:17:45 localhost systemd-udevd[1008]: set children_max to 16
Apr 26 04:17:45 localhost systemd[1]: Started udev Kernel Device Manager.
Apr 26 04:17:45 localhost systemd-udevd[1008]: restoring old watch on '/dev/sr0'
Apr 26 04:17:45 localhost systemd-udevd[1008]: adding watch on '/dev/sr0'
Apr 26 04:17:45 localhost systemd-udevd[1008]: Validate module index
Apr 26 04:17:45 localhost systemd-udevd[1008]: Check if link configuration needs reloading.
Apr 26 04:17:45 localhost systemd-udevd[1008]: seq 5154 queued, 'add' 'bus'
Apr 26 04:17:45 localhost systemd-udevd[1008]: seq 5154 forked new worker [1015]
Apr 26 04:17:45 localhost systemd-udevd[1008]: seq 5155 queued, 'add' 'drivers'
Apr 26 04:17:45 localhost systemd-udevd[1008]: seq 5156 queued, 'add' 'drivers'
Apr 26 04:17:45 localhost systemd-udevd[1015]: seq 5154 running
Apr 26 04:17:45 localhost systemd-udevd[1008]: seq 5157 queued, 'add' 'drivers'
Apr 26 04:17:45 localhost systemd-udevd[1008]: seq 5158 queued, 'add' 'drivers'
Apr 26 04:17:45 localhost systemd-udevd[1015]: sd-device: failed to read uevent file '/sys/bus/uevent': No such file or directory
Apr 26 04:17:45 localhost systemd-udevd[1008]: seq 5159 queued, 'add' 'drivers'
Apr 26 04:17:45 localhost systemd-udevd[1008]: seq 5160 queued, 'add' 'drivers'
Apr 26 04:17:45 localhost systemd-udevd[1015]: passed unknown number of bytes to netlink monitor 0x7fdf8aa0bc50
Apr 26 04:17:45 localhost systemd-udevd[1015]: seq 5154 processed with 0
Apr 26 04:17:45 localhost systemd-udevd[1008]: seq 5161 queued, 'add' 'drivers'
Apr 26 04:17:45 localhost systemd-udevd[1008]: seq 5162 queued, 'add' 'drivers'
Apr 26 04:17:45 localhost systemd-udevd[1008]: passed 159 bytes to netlink monitor 0x7fdf8a9ff2e0
Apr 26 04:17:45 localhost systemd-udevd[1008]: seq 5156 forked new worker [1016]
Apr 26 04:17:45 localhost systemd-udevd[1008]: seq 5157 forked new worker [1017]
Apr 26 04:17:45 localhost systemd-udevd[1018]: seq 5158 running
Apr 26 04:17:45 localhost systemd-udevd[1015]: seq 5155 running
Apr 26 04:17:45 localhost systemd-udevd[1017]: seq 5157 running
Apr 26 04:17:45 localhost systemd-udevd[1015]: sd-device: failed to read uevent file '/sys/bus/acpi/drivers/uevent': No such file or directory
Apr 26 04:17:45 localhost systemd-udevd[1015]: passed unknown number of bytes to netlink monitor 0x7fdf8aa0bc50
Apr 26 04:17:45 localhost systemd-udevd[1015]: seq 5155 processed with 0
Apr 26 04:17:45 localhost systemd-udevd[1017]: sd-device: failed to read uevent file '/sys/bus/acpi/drivers/uevent': No such file or directory
Apr 26 04:17:45 localhost systemd-udevd[1017]: passed unknown number of bytes to netlink monitor 0x7fdf8aa0eac0
Apr 26 04:17:45 localhost systemd-udevd[1017]: seq 5157 processed with 0
Apr 26 04:17:45 localhost systemd-udevd[1016]: seq 5156 running
Apr 26 04:17:45 localhost systemd-udevd[1016]: sd-device: failed to read uevent file '/sys/bus/acpi/drivers/uevent': No such file or directory
Apr 26 04:17:45 localhost systemd-udevd[1016]: passed unknown number of bytes to netlink monitor 0x7fdf8aa0e860
Apr 26 04:17:45 localhost systemd-udevd[1016]: seq 5156 processed with 0
Apr 26 04:17:45 localhost systemd-udevd[1008]: seq 5158 forked new worker [1018]
Apr 26 04:17:45 localhost systemd-udevd[1008]: seq 5159 forked new worker [1021]
Apr 26 04:17:45 localhost systemd-udevd[1008]: seq 5160 forked new worker [1022]
Apr 26 04:17:45 localhost systemd-udevd[1008]: seq 5161 forked new worker [1023]
Apr 26 04:17:45 localhost systemd-udevd[1022]: seq 5160 running
Apr 26 04:17:45 localhost systemd-udevd[1008]: seq 5162 forked new worker [1024]
Apr 26 04:17:45 localhost systemd-udevd[1022]: sd-device: failed to read uevent file '/sys/bus/acpi/drivers/uevent': No such file or directory
Apr 26 04:17:45 localhost systemd-udevd[1008]: seq 5163 queued, 'add' 'drivers'
Apr 26 04:17:45 localhost systemd-udevd[1022]: passed unknown number of bytes to netlink monitor 0x7fdf8aa0f1e0
Apr 26 04:17:45 localhost systemd-udevd[1022]: seq 5160 processed with 0
Apr 26 04:17:45 localhost systemd-udevd[1008]: passed 138 bytes to netlink monitor 0x7fdf8a9ff2e0
Apr 26 04:17:45 localhost systemd-udevd[1008]: seq 5164 queued, 'add' 'bus'
Apr 26 04:17:45 localhost systemd-udevd[1008]: passed 129 bytes to netlink monitor 0x7fdf8a9ff2e0
Apr 26 04:17:45 localhost systemd-udevd[1018]: sd-device: failed to read uevent file '/sys/bus/acpi/drivers/uevent': No such file or directory
Apr 26 04:17:45 localhost systemd-udevd[1016]: seq 5164 running
Apr 26 04:17:45 localhost systemd-udevd[1008]: seq 5165 queued, 'add' 'bus'
Apr 26 04:17:45 localhost systemd-udevd[1018]: passed unknown number of bytes to netlink monitor 0x7fdf8aa0ed20
Apr 26 04:17:45 localhost systemd-udevd[1016]: sd-device: failed to read uevent file '/sys/bus/uevent': No such file or directory
Apr 26 04:17:45 localhost systemd-udevd[1008]: passed 129 bytes to netlink monitor 0x7fdf8a9ff2e0
Apr 26 04:17:45 localhost systemd-udevd[1017]: seq 5165 running
Apr 26 04:17:45 localhost systemd-udevd[1018]: seq 5158 processed with 0
Apr 26 04:17:45 localhost systemd-udevd[1016]: passed unknown number of bytes to netlink monitor 0x7fdf8aa0e860
Apr 26 04:17:45 localhost systemd-udevd[1008]: seq 5166 queued, 'add' 'bus'
Apr 26 04:17:45 localhost systemd-udevd[1017]: sd-device: failed to read uevent file '/sys/bus/uevent': No such file or directory
Apr 26 04:17:45 localhost systemd-udevd[1016]: seq 5164 processed with 0
Apr 26 04:17:45 localhost systemd-udevd[1008]: passed 127 bytes to netlink monitor 0x7fdf8a9ff2e0
Apr 26 04:17:45 localhost systemd-udevd[1022]: seq 5166 running
Apr 26 04:17:45 localhost systemd-udevd[1017]: passed unknown number of bytes to netlink monitor 0x7fdf8aa0eac0
Apr 26 04:17:45 localhost systemd-udevd[1008]: seq 5167 queued, 'add' 'bus'
Apr 26 04:17:45 localhost systemd-udevd[1022]: sd-device: failed to read uevent file '/sys/bus/uevent': No such file or directory
Apr 26 04:17:45 localhost systemd-udevd[1017]: seq 5165 processed with 0
Apr 26 04:17:45 localhost systemd-udevd[1008]: passed 121 bytes to netlink monitor 0x7fdf8a9ff2e0
Apr 26 04:17:45 localhost systemd-udevd[1016]: seq 5167 running
Apr 26 04:17:45 localhost systemd-udevd[1022]: passed unknown number of bytes to netlink monitor 0x7fdf8aa0f1e0
Apr 26 04:17:45 localhost systemd-udevd[1008]: seq 5168 queued, 'add' 'drivers'
Apr 26 04:17:45 localhost systemd-udevd[1016]: sd-device: failed to read uevent file '/sys/bus/uevent': No such file or directory
Apr 26 04:17:45 localhost systemd-udevd[1022]: seq 5166 processed with 0
Apr 26 04:17:45 localhost systemd-udevd[1008]: seq 5169 queued, 'add' 'bus'
Apr 26 04:17:45 localhost systemd-udevd[1016]: passed unknown number of bytes to netlink monitor 0x7fdf8aa0e860
Apr 26 04:17:45 localhost systemd-udevd[1008]: passed 130 bytes to netlink monitor 0x7fdf8a9ff2e0
Apr 26 04:17:45 localhost systemd-udevd[1017]: seq 5169 running
Apr 26 04:17:45 localhost systemd-udevd[1016]: seq 5167 processed with 0
Apr 26 04:17:45 localhost systemd-udevd[1008]: seq 5170 queued, 'add' 'bus'
Apr 26 04:17:45 localhost systemd-udevd[1017]: IMPORT builtin 'hwdb' /usr/lib/udev/rules.d/60-evdev.rules:8
Apr 26 04:17:45 localhost systemd-udevd[1008]: passed 121 bytes to netlink monitor 0x7fdf8a9ff2e0
Apr 26 04:17:45 localhost systemd-udevd[1018]: seq 5170 running
Apr 26 04:17:45 localhost systemd-udevd[1017]: IMPORT builtin 'hwdb' returned non-zero
Apr 26 04:17:45 localhost systemd-udevd[1008]: seq 5171 queued, 'add' 'drivers'
Apr 26 04:17:45 localhost systemd-udevd[1018]: sd-device: failed to read uevent file '/sys/bus/uevent': No such file or directory
Apr 26 04:17:45 localhost systemd-udevd[1017]: sd-device: failed to read uevent file '/sys/bus/uevent': No such file or directory
Apr 26 04:17:45 localhost systemd-udevd[1008]: passed 143 bytes to netlink monitor 0x7fdf8a9ff2e0
Apr 26 04:17:45 localhost systemd-udevd[1016]: seq 5168 running
Apr 26 04:17:45 localhost systemd-udevd[1021]: seq 5159 running
Apr 26 04:17:45 localhost systemd-udevd[1018]: passed unknown number of bytes to netlink monitor 0x7fdf8aa0ed20
Apr 26 04:17:45 localhost systemd-udevd[1017]: passed unknown number of bytes to netlink monitor 0x7fdf8aa0eac0
Apr 26 04:17:45 localhost systemd-udevd[1024]: seq 5162 running
Apr 26 04:17:45 localhost systemd-udevd[1008]: seq 5172 queued, 'add' 'drivers'
Apr 26 04:17:45 localhost systemd-udevd[1016]: sd-device: failed to read uevent file '/sys/bus/cpu/drivers/uevent': No such file or directory
Apr 26 04:17:45 localhost systemd-udevd[1021]: sd-device: failed to read uevent file '/sys/bus/acpi/drivers/uevent': No such file or directory
Apr 26 04:17:45 localhost systemd-udevd[1018]: seq 5170 processed with 0
Apr 26 04:17:45 localhost systemd-udevd[1017]: seq 5169 processed with 0
Apr 26 04:17:45 localhost systemd-udevd[1024]: sd-device: failed to read uevent file '/sys/bus/acpi/drivers/uevent': No such file or directory
Apr 26 04:17:45 localhost systemd-udevd[1008]: seq 5173 queued, 'add' 'drivers'
Apr 26 04:17:45 localhost systemd-udevd[1016]: passed unknown number of bytes to netlink monitor 0x7fdf8aa0e860
Apr 26 04:17:45 localhost systemd-udevd[1021]: passed unknown number of bytes to netlink monitor 0x7fdf8aa0ef80
Apr 26 04:17:45 localhost systemd-udevd[1024]: passed unknown number of bytes to netlink monitor 0x7fdf8aa0f6a0
Apr 26 04:17:45 localhost systemd-udevd[1008]: seq 5174 queued, 'add' 'bus'
Apr 26 04:17:45 localhost systemd-udevd[1016]: seq 5168 processed with 0
Apr 26 04:17:45 localhost systemd-udevd[1021]: seq 5159 processed with 0
Apr 26 04:17:45 localhost systemd-udevd[1024]: seq 5162 processed with 0
Apr 26 04:17:45 localhost systemd-udevd[1008]: passed 145 bytes to netlink monitor 0x7fdf8a9ff2e0
Apr 26 04:17:45 localhost systemd-udevd[1017]: seq 5171 running
Apr 26 04:17:45 localhost systemd-udevd[1008]: passed 153 bytes to netlink monitor 0x7fdf8a9ff2e0
Apr 26 04:17:45 localhost systemd-udevd[1018]: seq 5172 running
Apr 26 04:17:45 localhost systemd-udevd[1017]: sd-device: failed to read uevent file '/sys/bus/hid/drivers/uevent': No such file or directory
Apr 26 04:17:45 localhost systemd-udevd[1008]: passed 155 bytes to netlink monitor 0x7fdf8a9ff2e0
Apr 26 04:17:45 localhost systemd-udevd[1008]: seq 5174 forked new worker [1025]
Apr 26 04:17:45 localhost systemd-udevd[1018]: sd-device: failed to read uevent file '/sys/bus/hid/drivers/uevent': No such file or directory
Apr 26 04:17:45 localhost systemd-udevd[1017]: passed unknown number of bytes to netlink monitor 0x7fdf8aa0eac0
Apr 26 04:17:45 localhost systemd-udevd[1008]: seq 5175 queued, 'add' 'drivers'
Apr 26 04:17:45 localhost systemd-udevd[1025]: seq 5174 running
Apr 26 04:17:45 localhost systemd-udevd[1018]: passed unknown number of bytes to netlink monitor 0x7fdf8aa0ed20
Apr 26 04:17:45 localhost systemd-udevd[1017]: seq 5171 processed with 0
Apr 26 04:17:45 localhost systemd-udevd[1008]: seq 5176 queued, 'add' 'bus'
Apr 26 04:17:45 localhost systemd-udevd[1025]: sd-device: failed to read uevent file '/sys/bus/uevent': No such file or directory
Apr 26 04:17:45 localhost systemd-udevd[1018]: seq 5172 processed with 0
Apr 26 04:17:45 localhost systemd-udevd[1022]: seq 5173 running
Apr 26 04:17:45 localhost systemd-udevd[1008]: passed 130 bytes to netlink monitor 0x7fdf8a9ff2e0
Apr 26 04:17:45 localhost systemd-udevd[1016]: seq 5176 running
Apr 26 04:17:45 localhost systemd-udevd[1025]: passed unknown number of bytes to netlink monitor 0x7fdf8aa09b80
Apr 26 04:17:45 localhost systemd-udevd[1022]: sd-device: failed to read uevent file '/sys/bus/hid/drivers/uevent': No such file or directory
Apr 26 04:17:45 localhost systemd-udevd[1008]: seq 5177 queued, 'add' 'bus'
Apr 26 04:17:45 localhost systemd-udevd[1016]: sd-device: failed to read uevent file '/sys/bus/uevent': No such file or directory
Apr 26 04:17:45 localhost systemd-udevd[1025]: seq 5174 processed with 0
Apr 26 04:17:45 localhost systemd-udevd[1022]: passed unknown number of bytes to netlink monitor 0x7fdf8aa0f1e0
Apr 26 04:17:45 localhost systemd-udevd[1008]: passed 121 bytes to netlink monitor 0x7fdf8a9ff2e0
Apr 26 04:17:45 localhost systemd-udevd[1017]: seq 5177 running
Apr 26 04:17:45 localhost systemd-udevd[1016]: passed unknown number of bytes to netlink monitor 0x7fdf8aa0e860
Apr 26 04:17:45 localhost systemd-udevd[1022]: seq 5173 processed with 0
Apr 26 04:17:45 localhost systemd-udevd[1008]: seq 5178 queued, 'add' 'bus'
Apr 26 04:17:45 localhost systemd-udevd[1017]: sd-device: failed to read uevent file '/sys/bus/uevent': No such file or directory
Apr 26 04:17:45 localhost systemd-udevd[1016]: seq 5176 processed with 0
Apr 26 04:17:45 localhost systemd-udevd[1008]: passed 139 bytes to netlink monitor 0x7fdf8a9ff2e0
Apr 26 04:17:45 localhost systemd-udevd[1018]: seq 5175 running
Apr 26 04:17:45 localhost systemd-udevd[1017]: passed unknown number of bytes to netlink monitor 0x7fdf8aa0eac0
Apr 26 04:17:45 localhost systemd-udevd[1008]: passed 124 bytes to netlink monitor 0x7fdf8a9ff2e0
Apr 26 04:17:45 localhost systemd-udevd[1021]: seq 5178 running
Apr 26 04:17:45 localhost systemd-udevd[1018]: sd-device: failed to read uevent file '/sys/bus/i2c/drivers/uevent': No such file or directory
Apr 26 04:17:45 localhost systemd-udevd[1017]: seq 5177 processed with 0
Apr 26 04:17:45 localhost systemd-udevd[1008]: seq 5179 queued, 'add' 'bus'
Apr 26 04:17:45 localhost systemd-udevd[1021]: sd-device: failed to read uevent file '/sys/bus/uevent': No such file or directory
Apr 26 04:17:45 localhost systemd-udevd[1018]: passed unknown number of bytes to netlink monitor 0x7fdf8aa0ed20
Apr 26 04:17:45 localhost systemd-udevd[1008]: passed 122 bytes to netlink monitor 0x7fdf8a9ff2e0
Apr 26 04:17:45 localhost systemd-udevd[1016]: seq 5179 running
Apr 26 04:17:45 localhost systemd-udevd[1021]: passed unknown number of bytes to netlink monitor 0x7fdf8aa0ef80
Apr 26 04:17:45 localhost systemd-udevd[1018]: seq 5175 processed with 0
Apr 26 04:17:45 localhost systemd-udevd[1008]: seq 5180 queued, 'add' 'bus'
Apr 26 04:17:45 localhost systemd-udevd[1016]: sd-device: failed to read uevent file '/sys/bus/uevent': No such file or directory
Apr 26 04:17:45 localhost systemd-udevd[1021]: seq 5178 processed with 0
Apr 26 04:17:45 localhost systemd-udevd[1008]: passed 121 bytes to netlink monitor 0x7fdf8a9ff2e0
Apr 26 04:17:45 localhost systemd-udevd[1017]: seq 5180 running
Apr 26 04:17:45 localhost systemd-udevd[1016]: passed unknown number of bytes to netlink monitor 0x7fdf8aa0e860
Apr 26 04:17:45 localhost systemd-udevd[1015]: seq 5163 running
Apr 26 04:17:45 localhost systemd-udevd[1023]: seq 5161 running
Apr 26 04:17:45 localhost systemd-udevd[1008]: seq 5181 queued, 'add' 'drivers'
Apr 26 04:17:45 localhost systemd-udevd[1017]: sd-device: failed to read uevent file '/sys/bus/uevent': No such file or directory
Apr 26 04:17:45 localhost systemd-udevd[1016]: seq 5179 processed with 0
Apr 26 04:17:45 localhost systemd-udevd[1015]: sd-device: failed to read uevent file '/sys/bus/acpi/drivers/uevent': No such file or directory
Apr 26 04:17:45 localhost systemd-udevd[1023]: sd-device: failed to read uevent file '/sys/bus/acpi/drivers/uevent': No such file or directory
Apr 26 04:17:45 localhost systemd-udevd[1008]: seq 5182 queued, 'add' 'drivers'
Apr 26 04:17:45 localhost systemd-udevd[1017]: passed unknown number of bytes to netlink monitor 0x7fdf8aa0eac0
Apr 26 04:17:45 localhost systemd-udevd[1015]: passed unknown number of bytes to netlink monitor 0x7fdf8aa0bc50
Apr 26 04:17:45 localhost systemd-udevd[1023]: passed unknown number of bytes to netlink monitor 0x7fdf8aa0f440
Apr 26 04:17:45 localhost systemd-udevd[1008]: seq 5183 queued, 'add' 'drivers'
Apr 26 04:17:45 localhost systemd-udevd[1017]: seq 5180 processed with 0
Apr 26 04:17:45 localhost systemd-udevd[1015]: seq 5163 processed with 0
Apr 26 04:17:45 localhost systemd-udevd[1023]: seq 5161 processed with 0
Apr 26 04:17:45 localhost systemd-udevd[1008]: seq 5184 queued, 'add' 'drivers'
Apr 26 04:17:45 localhost systemd-udevd[1008]: seq 5185 queued, 'add' 'drivers'
Apr 26 04:17:45 localhost systemd-udevd[1008]: passed 138 bytes to netlink monitor 0x7fdf8a9ff2e0
Apr 26 04:17:45 localhost systemd-udevd[1015]: seq 5181 running
Apr 26 04:17:45 localhost systemd-udevd[1008]: passed 142 bytes to netlink monitor 0x7fdf8a9ff2e0
Apr 26 04:17:45 localhost systemd-udevd[1016]: seq 5182 running
Apr 26 04:17:45 localhost systemd-udevd[1015]: sd-device: failed to read uevent file '/sys/bus/pci/drivers/uevent': No such file or directory
Apr 26 04:17:45 localhost systemd-udevd[1008]: passed 144 bytes to netlink monitor 0x7fdf8a9ff2e0
Apr 26 04:17:45 localhost systemd-udevd[1017]: seq 5183 running
Apr 26 04:17:45 localhost systemd-udevd[1016]: sd-device: failed to read uevent file '/sys/bus/pci/drivers/uevent': No such file or directory
Apr 26 04:17:45 localhost systemd-udevd[1015]: passed unknown number of bytes to netlink monitor 0x7fdf8aa0bc50
Apr 26 04:17:45 localhost systemd-udevd[1008]: passed 144 bytes to netlink monitor 0x7fdf8a9ff2e0
Apr 26 04:17:45 localhost systemd-udevd[1018]: seq 5184 running
Apr 26 04:17:45 localhost systemd-udevd[1017]: sd-device: failed to read uevent file '/sys/bus/pci/drivers/uevent': No such file or directory
Apr 26 04:17:45 localhost systemd-udevd[1016]: passed unknown number of bytes to netlink monitor 0x7fdf8aa0e860
Apr 26 04:17:45 localhost systemd-udevd[1015]: seq 5181 processed with 0
Apr 26 04:17:45 localhost systemd-udevd[1008]: passed 146 bytes to netlink monitor 0x7fdf8a9ff2e0
Apr 26 04:17:45 localhost systemd-udevd[1021]: seq 5185 running
Apr 26 04:17:45 localhost systemd-udevd[1018]: sd-device: failed to read uevent file '/sys/bus/pci/drivers/uevent': No such file or directory
Apr 26 04:17:45 localhost systemd-udevd[1017]: passed unknown number of bytes to netlink monitor 0x7fdf8aa0eac0
Apr 26 04:17:45 localhost systemd-udevd[1016]: seq 5182 processed with 0
Apr 26 04:17:45 localhost systemd-udevd[1008]: seq 5186 queued, 'add' 'drivers'
Apr 26 04:17:45 localhost systemd-udevd[1021]: sd-device: failed to read uevent file '/sys/bus/pci/drivers/uevent': No such file or directory
Apr 26 04:17:45 localhost systemd-udevd[1018]: passed unknown number of bytes to netlink monitor 0x7fdf8aa0ed20
Apr 26 04:17:45 localhost systemd-udevd[1017]: seq 5183 processed with 0
Apr 26 04:17:45 localhost systemd-udevd[1008]: passed 141 bytes to netlink monitor 0x7fdf8a9ff2e0
Apr 26 04:17:45 localhost systemd-udevd[1015]: seq 5186 running
Apr 26 04:17:45 localhost systemd-udevd[1021]: passed unknown number of bytes to netlink monitor 0x7fdf8aa0ef80
Apr 26 04:17:45 localhost systemd-udevd[1018]: seq 5184 processed with 0
Apr 26 04:17:45 localhost systemd-udevd[1008]: seq 5187 queued, 'add' 'drivers'
Apr 26 04:17:45 localhost systemd-udevd[1015]: sd-device: failed to read uevent file '/sys/bus/pci/drivers/uevent': No such file or directory
Apr 26 04:17:45 localhost systemd-udevd[1021]: seq 5185 processed with 0
Apr 26 04:17:45 localhost systemd-udevd[1008]: passed 140 bytes to netlink monitor 0x7fdf8a9ff2e0
Apr 26 04:17:45 localhost systemd-udevd[1016]: seq 5187 running
Apr 26 04:17:45 localhost systemd-udevd[1015]: passed unknown number of bytes to netlink monitor 0x7fdf8aa0bc50
Apr 26 04:17:45 localhost systemd-udevd[1008]: seq 5188 queued, 'add' 'drivers'
Apr 26 04:17:45 localhost systemd-udevd[1016]: sd-device: failed to read uevent file '/sys/bus/pci/drivers/uevent': No such file or directory
Apr 26 04:17:45 localhost systemd-udevd[1015]: seq 5186 processed with 0
Apr 26 04:17:45 localhost systemd-udevd[1008]: passed 140 bytes to netlink monitor 0x7fdf8a9ff2e0
Apr 26 04:17:45 localhost systemd-udevd[1017]: seq 5188 running
Apr 26 04:17:45 localhost systemd-udevd[1016]: passed unknown number of bytes to netlink monitor 0x7fdf8aa0e860
Apr 26 04:17:45 localhost systemd-udevd[1008]: seq 5189 queued, 'add' 'drivers'
Apr 26 04:17:45 localhost systemd-udevd[1017]: sd-device: failed to read uevent file '/sys/bus/pci/drivers/uevent': No such file or directory
Apr 26 04:17:45 localhost systemd-udevd[1016]: seq 5187 processed with 0
Apr 26 04:17:45 localhost systemd-udevd[1008]: passed 140 bytes to netlink monitor 0x7fdf8a9ff2e0
Apr 26 04:17:45 localhost systemd-udevd[1015]: seq 5189 running
Apr 26 04:17:45 localhost systemd-udevd[1017]: passed unknown number of bytes to netlink monitor 0x7fdf8aa0eac0
Apr 26 04:17:45 localhost systemd-udevd[1008]: seq 5190 queued, 'add' 'drivers'
Apr 26 04:17:45 localhost systemd-udevd[1015]: sd-device: failed to read uevent file '/sys/bus/pci/drivers/uevent': No such file or directory
Apr 26 04:17:45 localhost systemd-udevd[1017]: seq 5188 processed with 0
Apr 26 04:17:45 localhost systemd-udevd[1008]: passed 142 bytes to netlink monitor 0x7fdf8a9ff2e0
Apr 26 04:17:45 localhost systemd-udevd[1016]: seq 5190 running
Apr 26 04:17:45 localhost systemd-udevd[1015]: passed unknown number of bytes to netlink monitor 0x7fdf8aa0bc50
Apr 26 04:17:45 localhost systemd-udevd[1008]: seq 5191 queued, 'add' 'drivers'
Apr 26 04:17:45 localhost systemd-udevd[1016]: sd-device: failed to read uevent file '/sys/bus/pci/drivers/uevent': No such file or directory
Apr 26 04:17:45 localhost systemd-udevd[1015]: seq 5189 processed with 0
Apr 26 04:17:45 localhost systemd-udevd[1008]: passed 139 bytes to netlink monitor 0x7fdf8a9ff2e0
Apr 26 04:17:45 localhost systemd-udevd[1017]: seq 5191 running
Apr 26 04:17:45 localhost systemd-udevd[1016]: passed unknown number of bytes to netlink monitor 0x7fdf8aa0e860
Apr 26 04:17:45 localhost systemd-udevd[1008]: seq 5192 queued, 'add' 'drivers'
Apr 26 04:17:45 localhost systemd-udevd[1017]: sd-device: failed to read uevent file '/sys/bus/pci/drivers/uevent': No such file or directory
Apr 26 04:17:45 localhost systemd-udevd[1016]: seq 5190 processed with 0
Apr 26 04:17:45 localhost systemd-udevd[1008]: passed 140 bytes to netlink monitor 0x7fdf8a9ff2e0
Apr 26 04:17:45 localhost systemd-udevd[1015]: seq 5192 running
Apr 26 04:17:45 localhost systemd-udevd[1017]: passed unknown number of bytes to netlink monitor 0x7fdf8aa0eac0
Apr 26 04:17:45 localhost systemd-udevd[1008]: seq 5193 queued, 'add' 'drivers'
Apr 26 04:17:45 localhost systemd-udevd[1015]: sd-device: failed to read uevent file '/sys/bus/pci/drivers/uevent': No such file or directory
Apr 26 04:17:45 localhost systemd-udevd[1017]: seq 5191 processed with 0
Apr 26 04:17:45 localhost systemd-udevd[1008]: passed 140 bytes to netlink monitor 0x7fdf8a9ff2e0
Apr 26 04:17:45 localhost systemd-udevd[1016]: seq 5193 running
Apr 26 04:17:45 localhost systemd-udevd[1015]: passed unknown number of bytes to netlink monitor 0x7fdf8aa0bc50
Apr 26 04:17:45 localhost systemd-udevd[1008]: seq 5194 queued, 'add' 'drivers'
Apr 26 04:17:45 localhost systemd-udevd[1016]: sd-device: failed to read uevent file '/sys/bus/pci/drivers/uevent': No such file or directory
Apr 26 04:17:45 localhost systemd-udevd[1015]: seq 5192 processed with 0
Apr 26 04:17:45 localhost systemd-udevd[1008]: passed 147 bytes to netlink monitor 0x7fdf8a9ff2e0
Apr 26 04:17:45 localhost systemd-udevd[1017]: seq 5194 running
Apr 26 04:17:45 localhost systemd-udevd[1016]: passed unknown number of bytes to netlink monitor 0x7fdf8aa0e860
Apr 26 04:17:45 localhost systemd-udevd[1008]: seq 5195 queued, 'add' 'drivers'
Apr 26 04:17:45 localhost systemd-udevd[1017]: sd-device: failed to read uevent file '/sys/bus/pci/drivers/uevent': No such file or directory
Apr 26 04:17:45 localhost systemd-udevd[1016]: seq 5193 processed with 0
Apr 26 04:17:45 localhost systemd-udevd[1008]: passed 146 bytes to netlink monitor 0x7fdf8a9ff2e0
Apr 26 04:17:45 localhost systemd-udevd[1017]: passed unknown number of bytes to netlink monitor 0x7fdf8aa0eac0
Apr 26 04:17:45 localhost systemd-udevd[1008]: seq 5196 queued, 'add' 'drivers'
Apr 26 04:17:45 localhost systemd-udevd[1017]: seq 5194 processed with 0
Apr 26 04:17:45 localhost systemd-udevd[1016]: seq 5196 running
Apr 26 04:17:45 localhost systemd-udevd[1008]: passed 150 bytes to netlink monitor 0x7fdf8a9ff2e0
Apr 26 04:17:45 localhost systemd-udevd[1016]: sd-device: failed to read uevent file '/sys/bus/pci/drivers/uevent': No such file or directory
Apr 26 04:17:45 localhost systemd-udevd[1008]: seq 5197 queued, 'add' 'drivers'
Apr 26 04:17:45 localhost systemd-udevd[1016]: passed unknown number of bytes to netlink monitor 0x7fdf8aa0e860
Apr 26 04:17:45 localhost systemd-udevd[1017]: seq 5197 running
Apr 26 04:17:45 localhost systemd-udevd[1008]: passed 142 bytes to netlink monitor 0x7fdf8a9ff2e0
Apr 26 04:17:45 localhost systemd-udevd[1016]: seq 5196 processed with 0
Apr 26 04:17:45 localhost systemd-udevd[1017]: sd-device: failed to read uevent file '/sys/bus/pci/drivers/uevent': No such file or directory
Apr 26 04:17:45 localhost systemd-udevd[1008]: seq 5198 queued, 'add' 'bus'
Apr 26 04:17:45 localhost systemd-udevd[1017]: passed unknown number of bytes to netlink monitor 0x7fdf8aa0eac0
Apr 26 04:17:45 localhost systemd-udevd[1008]: passed 129 bytes to netlink monitor 0x7fdf8a9ff2e0
Apr 26 04:17:45 localhost systemd-udevd[1018]: seq 5198 running
Apr 26 04:17:45 localhost systemd-udevd[1017]: seq 5197 processed with 0
Apr 26 04:17:45 localhost systemd-udevd[1008]: seq 5199 queued, 'add' 'drivers'
Apr 26 04:17:45 localhost systemd-udevd[1018]: sd-device: failed to read uevent file '/sys/bus/uevent': No such file or directory
Apr 26 04:17:45 localhost systemd-udevd[1008]: seq 5200 queued, 'add' 'drivers'
Apr 26 04:17:45 localhost systemd-udevd[1015]: seq 5195 running
Apr 26 04:17:45 localhost systemd-udevd[1018]: passed unknown number of bytes to netlink monitor 0x7fdf8aa0ed20
Apr 26 04:17:45 localhost systemd-udevd[1008]: seq 5201 queued, 'add' 'drivers'
Apr 26 04:17:45 localhost systemd-udevd[1015]: sd-device: failed to read uevent file '/sys/bus/pci/drivers/uevent': No such file or directory
Apr 26 04:17:45 localhost systemd-udevd[1018]: seq 5198 processed with 0
Apr 26 04:17:45 localhost systemd-udevd[1008]: seq 5202 queued, 'add' 'bus'
Apr 26 04:17:45 localhost systemd-udevd[1015]: passed unknown number of bytes to netlink monitor 0x7fdf8aa0bc50
Apr 26 04:17:45 localhost systemd-udevd[1016]: seq 5202 running
Apr 26 04:17:45 localhost systemd-udevd[1015]: seq 5195 processed with 0
Apr 26 04:17:45 localhost systemd-udevd[1016]: sd-device: failed to read uevent file '/sys/bus/uevent': No such file or directory
Apr 26 04:17:45 localhost systemd-udevd[1016]: passed unknown number of bytes to netlink monitor 0x7fdf8aa0e860
Apr 26 04:17:45 localhost systemd-udevd[1016]: seq 5202 processed with 0
Apr 26 04:17:45 localhost systemd-udevd[1008]: passed 126 bytes to netlink monitor 0x7fdf8a9ff2e0
Apr 26 04:17:45 localhost systemd-udevd[1008]: seq 5203 queued, 'add' 'drivers'
Apr 26 04:17:45 localhost systemd-udevd[1008]: passed 145 bytes to netlink monitor 0x7fdf8a9ff2e0
Apr 26 04:17:45 localhost systemd-udevd[1016]: seq 5200 running
Apr 26 04:17:45 localhost systemd-udevd[1015]: seq 5199 running
Apr 26 04:17:45 localhost systemd-udevd[1016]: sd-device: failed to read uevent file '/sys/bus/pci_express/drivers/uevent': No such file or directory
Apr 26 04:17:45 localhost systemd-udevd[1015]: sd-device: failed to read uevent file '/sys/bus/pci_express/drivers/uevent': No such file or directory
Apr 26 04:17:45 localhost systemd-udevd[1016]: passed unknown number of bytes to netlink monitor 0x7fdf8aa0e860
Apr 26 04:17:45 localhost systemd-udevd[1016]: seq 5200 processed with 0
Apr 26 04:17:45 localhost systemd-udevd[1015]: passed unknown number of bytes to netlink monitor 0x7fdf8aa0bc50
Apr 26 04:17:45 localhost systemd-udevd[1015]: seq 5199 processed with 0
Apr 26 04:17:45 localhost systemd-udevd[1008]: passed 150 bytes to netlink monitor 0x7fdf8a9ff2e0
Apr 26 04:17:45 localhost systemd-udevd[1008]: passed 148 bytes to netlink monitor 0x7fdf8a9ff2e0
Apr 26 04:17:45 localhost systemd-udevd[1017]: seq 5201 running
Apr 26 04:17:45 localhost systemd-udevd[1018]: seq 5203 running
Apr 26 04:17:45 localhost systemd-udevd[1008]: passed 147 bytes to netlink monitor 0x7fdf8a9ff2e0
Apr 26 04:17:45 localhost systemd-udevd[1017]: sd-device: failed to read uevent file '/sys/bus/pci_express/drivers/uevent': No such file or directory
Apr 26 04:17:45 localhost systemd-udevd[1018]: sd-device: failed to read uevent file '/sys/bus/platform/drivers/uevent': No such file or directory
Apr 26 04:17:45 localhost systemd-udevd[1017]: passed unknown number of bytes to netlink monitor 0x7fdf8aa0eac0
Apr 26 04:17:45 localhost systemd-udevd[1017]: seq 5201 processed with 0
Apr 26 04:17:45 localhost systemd-udevd[1018]: passed unknown number of bytes to netlink monitor 0x7fdf8aa0ed20
Apr 26 04:17:45 localhost systemd-udevd[1018]: seq 5203 processed with 0
Apr 26 04:17:45 localhost systemd-udevd[1008]: seq 5204 queued, 'add' 'drivers'
Apr 26 04:17:45 localhost systemd-udevd[1008]: passed 149 bytes to netlink monitor 0x7fdf8a9ff2e0
Apr 26 04:17:45 localhost systemd-udevd[1008]: seq 5205 queued, 'add' 'drivers'
Apr 26 04:17:45 localhost systemd-udevd[1008]: passed 147 bytes to netlink monitor 0x7fdf8a9ff2e0
Apr 26 04:17:45 localhost systemd-udevd[1008]: seq 5206 queued, 'add' 'drivers'
Apr 26 04:17:45 localhost systemd-udevd[1017]: seq 5206 running
Apr 26 04:17:45 localhost systemd-udevd[1017]: sd-device: failed to read uevent file '/sys/bus/platform/drivers/uevent': No such file or directory
Apr 26 04:17:45 localhost systemd-udevd[1017]: passed unknown number of bytes to netlink monitor 0x7fdf8aa0eac0
Apr 26 04:17:45 localhost systemd-udevd[1017]: seq 5206 processed with 0
Apr 26 04:17:45 localhost systemd-udevd[1016]: seq 5205 running
Apr 26 04:17:45 localhost systemd-udevd[1008]: passed 146 bytes to netlink monitor 0x7fdf8a9ff2e0
Apr 26 04:17:45 localhost systemd-udevd[1016]: sd-device: failed to read uevent file '/sys/bus/platform/drivers/uevent': No such file or directory
Apr 26 04:17:45 localhost systemd-udevd[1008]: seq 5207 queued, 'add' 'drivers'
Apr 26 04:17:45 localhost systemd-udevd[1016]: passed unknown number of bytes to netlink monitor 0x7fdf8aa0e860
Apr 26 04:17:45 localhost systemd-udevd[1015]: seq 5204 running
Apr 26 04:17:45 localhost systemd-udevd[1017]: seq 5207 running
Apr 26 04:17:45 localhost systemd-udevd[1008]: passed 147 bytes to netlink monitor 0x7fdf8a9ff2e0
Apr 26 04:17:45 localhost systemd-udevd[1016]: seq 5205 processed with 0
Apr 26 04:17:45 localhost systemd-udevd[1015]: sd-device: failed to read uevent file '/sys/bus/platform/drivers/uevent': No such file or directory
Apr 26 04:17:45 localhost systemd-udevd[1017]: sd-device: failed to read uevent file '/sys/bus/platform/drivers/uevent': No such file or directory
Apr 26 04:17:45 localhost systemd-udevd[1008]: seq 5208 queued, 'add' 'drivers'
Apr 26 04:17:45 localhost systemd-udevd[1015]: passed unknown number of bytes to netlink monitor 0x7fdf8aa0bc50
Apr 26 04:17:45 localhost systemd-udevd[1017]: passed unknown number of bytes to netlink monitor 0x7fdf8aa0eac0
Apr 26 04:17:45 localhost systemd-udevd[1008]: passed 148 bytes to netlink monitor 0x7fdf8a9ff2e0
Apr 26 04:17:45 localhost systemd-udevd[1018]: seq 5208 running
Apr 26 04:17:45 localhost systemd-udevd[1015]: seq 5204 processed with 0
Apr 26 04:17:45 localhost systemd-udevd[1017]: seq 5207 processed with 0
Apr 26 04:17:45 localhost systemd-udevd[1008]: seq 5209 queued, 'add' 'drivers'
Apr 26 04:17:45 localhost systemd-udevd[1018]: sd-device: failed to read uevent file '/sys/bus/platform/drivers/uevent': No such file or directory
Apr 26 04:17:45 localhost systemd-udevd[1008]: passed 154 bytes to netlink monitor 0x7fdf8a9ff2e0
Apr 26 04:17:45 localhost systemd-udevd[1016]: seq 5209 running
Apr 26 04:17:45 localhost systemd-udevd[1018]: passed unknown number of bytes to netlink monitor 0x7fdf8aa0ed20
Apr 26 04:17:45 localhost systemd-udevd[1008]: seq 5210 queued, 'add' 'drivers'
Apr 26 04:17:45 localhost systemd-udevd[1016]: sd-device: failed to read uevent file '/sys/bus/platform/drivers/uevent': No such file or directory
Apr 26 04:17:45 localhost systemd-udevd[1018]: seq 5208 processed with 0
Apr 26 04:17:45 localhost systemd-udevd[1015]: seq 5210 running
Apr 26 04:17:45 localhost systemd-udevd[1008]: passed 144 bytes to netlink monitor 0x7fdf8a9ff2e0
Apr 26 04:17:45 localhost systemd-udevd[1016]: passed unknown number of bytes to netlink monitor 0x7fdf8aa0e860
