Apr 26 04:16:40 localhost systemd-udevd[575]: seq 3685 running
Apr 26 04:16:40 localhost systemd-udevd[579]: passed unknown number of bytes to netlink monitor 0x7f2ad3547030
Apr 26 04:16:40 localhost systemd-udevd[578]: seq 3683 processed with 0
Apr 26 04:16:40 localhost systemd-udevd[568]: seq 3686 queued, 'add' 'bus'
Apr 26 04:16:40 localhost systemd-udevd[575]: sd-device: failed to read uevent file '/sys/bus/uevent': No such file or directory
Apr 26 04:16:40 localhost systemd-udevd[579]: seq 3684 processed with 0
Apr 26 04:16:40 localhost systemd-udevd[576]: Unload module index
Apr 26 04:16:40 localhost systemd-udevd[577]: Unload module index
Apr 26 04:16:40 localhost systemd[1]: Stopping udev Kernel Device Manager...
Apr 26 04:16:40 localhost systemd-udevd[568]: passed 128 bytes to netlink monitor 0x7f2ad35382e0
Apr 26 04:16:40 localhost systemd-udevd[575]: passed unknown number of bytes to netlink monitor 0x7f2ad3544c50
Apr 26 04:16:40 localhost systemd-udevd[568]: seq 3687 queued, 'add' 'module'
Apr 26 04:16:40 localhost systemd-udevd[568]: worker [577] did not accept message -111 (Connection refused), kill it
Apr 26 04:16:40 localhost systemd-udevd[568]: worker [578] did not accept message -111 (Connection refused), kill it
Apr 26 04:16:40 localhost systemd-udevd[568]: worker [579] did not accept message -111 (Connection refused), kill it
Apr 26 04:16:40 localhost systemd-udevd[568]: worker [582] did not accept message -111 (Connection refused), kill it
Apr 26 04:16:40 localhost systemd-udevd[568]: worker [583] did not accept message -111 (Connection refused), kill it
Apr 26 04:16:40 localhost systemd-udevd[568]: worker [593] did not accept message -111 (Connection refused), kill it
Apr 26 04:16:40 localhost systemd-udevd[568]: seq 3687 forked new worker [601]
Apr 26 04:16:40 localhost systemd-udevd[568]: worker [575] exited
Apr 26 04:16:40 localhost systemd-udevd[568]: worker [575] cleaned up
Apr 26 04:16:40 localhost systemd-udevd[568]: worker [576] exited
Apr 26 04:16:40 localhost systemd-udevd[601]: seq 3687 running
Apr 26 04:16:40 localhost systemd-udevd[568]: worker [577] exited
Apr 26 04:16:40 localhost systemd-udevd[568]: worker [577] cleaned up
Apr 26 04:16:40 localhost systemd-udevd[568]: worker [578] exited
Apr 26 04:16:40 localhost systemd-udevd[568]: worker [578] cleaned up
Apr 26 04:16:40 localhost systemd-udevd[568]: worker [579] exited
Apr 26 04:16:40 localhost systemd-udevd[568]: worker [579] cleaned up
Apr 26 04:16:40 localhost systemd-udevd[568]: worker [582] exited
Apr 26 04:16:40 localhost systemd-udevd[568]: worker [582] cleaned up
Apr 26 04:16:40 localhost systemd-udevd[568]: worker [583] exited
Apr 26 04:16:40 localhost systemd-udevd[568]: worker [583] cleaned up
Apr 26 04:16:40 localhost systemd-udevd[568]: worker [593] exited
Apr 26 04:16:40 localhost systemd-udevd[568]: worker [593] cleaned up
Apr 26 04:16:40 localhost systemd-udevd[568]: worker [601] exited
Apr 26 04:16:40 localhost systemd-udevd[568]: worker [601] cleaned up
Apr 26 04:17:10 localhost systemd-udevd[568]: timeout, giving up waiting for workers to finish
Apr 26 04:17:10 localhost systemd-udevd[568]: Unload module index
Apr 26 04:17:10 localhost systemd-udevd[568]: Unloaded link configuration context.
Apr 26 04:17:11 localhost systemd[1]: Stopped udev Kernel Device Manager.
Apr 26 04:17:14 localhost systemd[1]: Stopped udev Kernel Device Manager.
Apr 26 04:17:14 localhost systemd[1]: Starting udev Kernel Device Manager...
Apr 26 04:17:14 localhost systemd-udevd[645]: ctrl=4 netlink=3
Apr 26 04:17:14 localhost systemd-udevd[645]: starting version 219
Apr 26 04:17:14 localhost systemd-udevd[645]: === trie on-disk ===
Apr 26 04:17:14 localhost systemd-udevd[645]: tool version: 219
Apr 26 04:17:14 localhost systemd-udevd[645]: file size: 6714875 bytes
Apr 26 04:17:14 localhost systemd-udevd[645]: header size 80 bytes
Apr 26 04:17:14 localhost systemd-udevd[645]: strings 1722699 bytes
Apr 26 04:17:14 localhost systemd-udevd[645]: nodes 4992096 bytes
Apr 26 04:17:14 localhost systemd-udevd[645]: Load module index
Apr 26 04:17:14 localhost systemd-udevd[645]: timestamp of '/etc/systemd/network' changed
Apr 26 04:17:14 localhost systemd-udevd[645]: timestamp of '/usr/lib/systemd/network' changed
Apr 26 04:17:14 localhost systemd-udevd[645]: Parsed configuration file /usr/lib/systemd/network/99-default.link
Apr 26 04:17:14 localhost systemd-udevd[645]: Created link configuration context.
Apr 26 04:17:14 localhost systemd-udevd[645]: timestamp of '/etc/udev/rules.d' changed
Apr 26 04:17:14 localhost systemd-udevd[645]: timestamp of '/usr/lib/udev/rules.d' changed
Apr 26 04:17:14 localhost systemd-udevd[645]: Reading rules file: /usr/lib/udev/rules.d/10-dm.rules
Apr 26 04:17:14 localhost systemd-udevd[645]: Reading rules file: /usr/lib/udev/rules.d/11-dm-lvm.rules
Apr 26 04:17:14 localhost systemd-udevd[645]: Reading rules file: /usr/lib/udev/rules.d/13-dm-disk.rules
Apr 26 04:17:14 localhost systemd-udevd[645]: Reading rules file: /usr/lib/udev/rules.d/40-hpet-permissions.rules
Apr 26 04:17:14 localhost systemd-udevd[645]: Reading rules file: /usr/lib/udev/rules.d/42-usb-hid-pm.rules
Apr 26 04:17:14 localhost systemd-udevd[645]: Reading rules file: /usr/lib/udev/rules.d/50-udev-default.rules
Apr 26 04:17:14 localhost systemd-udevd[645]: Reading rules file: /usr/lib/udev/rules.d/60-block.rules
Apr 26 04:17:14 localhost systemd-udevd[645]: Reading rules file: /usr/lib/udev/rules.d/60-cdrom_id.rules
Apr 26 04:17:14 localhost systemd-udevd[645]: Reading rules file: /usr/lib/udev/rules.d/60-drm.rules
Apr 26 04:17:14 localhost systemd-udevd[645]: Reading rules file: /usr/lib/udev/rules.d/60-evdev.rules
Apr 26 04:17:14 localhost systemd-udevd[645]: Reading rules file: /usr/lib/udev/rules.d/60-pcmcia.rules
Apr 26 04:17:14 localhost systemd-udevd[645]: Reading rules file: /usr/lib/udev/rules.d/60-persistent-alsa.rules
Apr 26 04:17:14 localhost systemd-udevd[645]: Reading rules file: /usr/lib/udev/rules.d/60-persistent-input.rules
Apr 26 04:17:14 localhost systemd-udevd[645]: Reading rules file: /usr/lib/udev/rules.d/60-persistent-storage-tape.rules
Apr 26 04:17:14 localhost systemd-udevd[645]: Reading rules file: /usr/lib/udev/rules.d/60-persistent-storage.rules
Apr 26 04:17:14 localhost systemd-udevd[645]: Reading rules file: /usr/lib/udev/rules.d/60-persistent-v4l.rules
Apr 26 04:17:14 localhost systemd-udevd[645]: Reading rules file: /usr/lib/udev/rules.d/60-serial.rules
Apr 26 04:17:14 localhost systemd-udevd[645]: Reading rules file: /usr/lib/udev/rules.d/61-accelerometer.rules
Apr 26 04:17:14 localhost systemd-udevd[645]: Reading rules file: /usr/lib/udev/rules.d/63-md-raid-arrays.rules
Apr 26 04:17:14 localhost systemd-udevd[645]: Reading rules file: /usr/lib/udev/rules.d/64-btrfs.rules
Apr 26 04:17:14 localhost systemd-udevd[645]: Reading rules file: /usr/lib/udev/rules.d/64-md-raid-assembly.rules
Apr 26 04:17:14 localhost systemd-udevd[645]: Reading rules file: /usr/lib/udev/rules.d/65-kvm.rules
Apr 26 04:17:14 localhost systemd-udevd[645]: Reading rules file: /usr/lib/udev/rules.d/69-cd-sensors.rules
Apr 26 04:17:14 localhost systemd-udevd[645]: Reading rules file: /usr/lib/udev/rules.d/69-dm-lvm-metad.rules
Apr 26 04:17:14 localhost systemd-udevd[645]: Reading rules file: /usr/lib/udev/rules.d/70-infrared.rules
Apr 26 04:17:14 localhost systemd-udevd[645]: Reading rules file: /usr/lib/udev/rules.d/70-mouse.rules
Apr 26 04:17:14 localhost systemd-udevd[645]: Reading rules file: /usr/lib/udev/rules.d/70-power-switch.rules
Apr 26 04:17:14 localhost systemd-udevd[645]: Reading rules file: /usr/lib/udev/rules.d/70-touchpad.rules
Apr 26 04:17:14 localhost systemd-udevd[645]: Reading rules file: /usr/lib/udev/rules.d/70-uaccess.rules
Apr 26 04:17:14 localhost systemd-udevd[645]: Reading rules file: /usr/lib/udev/rules.d/71-seat.rules
Apr 26 04:17:14 localhost systemd-udevd[645]: Reading rules file: /usr/lib/udev/rules.d/73-seat-late.rules
Apr 26 04:17:14 localhost systemd-udevd[645]: Reading rules file: /usr/lib/udev/rules.d/75-net-description.rules
Apr 26 04:17:14 localhost systemd-udevd[645]: Reading rules file: /usr/lib/udev/rules.d/75-probe_mtd.rules
Apr 26 04:17:14 localhost systemd-udevd[645]: Reading rules file: /usr/lib/udev/rules.d/78-sound-card.rules
Apr 26 04:17:14 localhost systemd-udevd[645]: Reading rules file: /usr/lib/udev/rules.d/80-drivers.rules
Apr 26 04:17:14 localhost systemd-udevd[645]: Reading rules file: /usr/lib/udev/rules.d/80-net-setup-link.rules
Apr 26 04:17:14 localhost systemd-udevd[645]: Reading rules file: /usr/lib/udev/rules.d/90-alsa-restore.rules
Apr 26 04:17:14 localhost systemd-udevd[645]: Reading rules file: /usr/lib/udev/rules.d/90-pulseaudio.rules
Apr 26 04:17:14 localhost systemd-udevd[645]: Reading rules file: /usr/lib/udev/rules.d/90-vconsole.rules
Apr 26 04:17:14 localhost systemd-udevd[645]: Reading rules file: /usr/lib/udev/rules.d/95-cd-devices.rules
Apr 26 04:17:14 localhost systemd-udevd[645]: Reading rules file: /usr/lib/udev/rules.d/95-dm-notify.rules
Apr 26 04:17:14 localhost systemd-udevd[645]: Reading rules file: /usr/lib/udev/rules.d/99-systemd.rules
Apr 26 04:17:14 localhost systemd-udevd[645]: Reading rules file: /etc/udev/rules.d/wakeup.rules
Apr 26 04:17:14 localhost systemd-udevd[645]: rules contain 49152 bytes tokens (4096 * 12 bytes), 13910 bytes strings
Apr 26 04:17:14 localhost systemd-udevd[645]: 2319 strings (28800 bytes), 1556 de-duplicated (15654 bytes), 764 trie nodes used
Apr 26 04:17:14 localhost systemd-udevd[645]: set children_max to 16
Apr 26 04:17:14 localhost systemd[1]: Started udev Kernel Device Manager.
Apr 26 04:17:14 localhost systemd-udevd[645]: restoring old watch on '/dev/sr0'
Apr 26 04:17:14 localhost systemd-udevd[645]: adding watch on '/dev/sr0'
Apr 26 04:17:14 localhost systemd-udevd[645]: Validate module index
Apr 26 04:17:14 localhost systemd-udevd[645]: Check if link configuration needs reloading.
Apr 26 04:17:14 localhost systemd-udevd[645]: seq 4380 queued, 'add' 'bus'
Apr 26 04:17:14 localhost systemd-udevd[645]: seq 4380 forked new worker [652]
Apr 26 04:17:14 localhost systemd-udevd[645]: seq 4381 queued, 'add' 'drivers'
Apr 26 04:17:14 localhost systemd-udevd[645]: seq 4382 queued, 'add' 'drivers'
Apr 26 04:17:14 localhost systemd-udevd[652]: seq 4380 running
Apr 26 04:17:14 localhost systemd-udevd[645]: seq 4383 queued, 'add' 'drivers'
Apr 26 04:17:14 localhost systemd-udevd[645]: seq 4384 queued, 'add' 'drivers'
Apr 26 04:17:14 localhost systemd-udevd[645]: seq 4385 queued, 'add' 'drivers'
Apr 26 04:17:14 localhost systemd-udevd[652]: sd-device: failed to read uevent file '/sys/bus/uevent': No such file or directory
Apr 26 04:17:14 localhost systemd-udevd[645]: seq 4386 queued, 'add' 'drivers'
Apr 26 04:17:14 localhost systemd-udevd[652]: passed unknown number of bytes to netlink monitor 0x7f9d53f13c50
Apr 26 04:17:14 localhost systemd-udevd[652]: seq 4380 processed with 0
Apr 26 04:17:14 localhost systemd-udevd[645]: seq 4387 queued, 'add' 'drivers'
Apr 26 04:17:14 localhost systemd-udevd[645]: seq 4388 queued, 'add' 'drivers'
Apr 26 04:17:14 localhost systemd-udevd[645]: passed 158 bytes to netlink monitor 0x7f9d53f072e0
Apr 26 04:17:14 localhost systemd-udevd[652]: seq 4381 running
Apr 26 04:17:14 localhost systemd-udevd[645]: seq 4382 forked new worker [653]
Apr 26 04:17:14 localhost systemd-udevd[652]: sd-device: failed to read uevent file '/sys/bus/acpi/drivers/uevent': No such file or directory
Apr 26 04:17:14 localhost systemd-udevd[653]: seq 4382 running
Apr 26 04:17:14 localhost systemd-udevd[645]: seq 4383 forked new worker [654]
Apr 26 04:17:14 localhost systemd-udevd[654]: seq 4383 running
Apr 26 04:17:14 localhost systemd-udevd[653]: sd-device: failed to read uevent file '/sys/bus/acpi/drivers/uevent': No such file or directory
Apr 26 04:17:14 localhost systemd-udevd[653]: passed unknown number of bytes to netlink monitor 0x7f9d53f16860
Apr 26 04:17:14 localhost systemd-udevd[645]: seq 4384 forked new worker [657]
Apr 26 04:17:14 localhost systemd-udevd[645]: seq 4385 forked new worker [658]
Apr 26 04:17:14 localhost systemd-udevd[653]: seq 4382 processed with 0
Apr 26 04:17:14 localhost systemd-udevd[652]: passed unknown number of bytes to netlink monitor 0x7f9d53f13c50
Apr 26 04:17:14 localhost systemd-udevd[654]: sd-device: failed to read uevent file '/sys/bus/acpi/drivers/uevent': No such file or directory
Apr 26 04:17:14 localhost systemd-udevd[645]: seq 4386 forked new worker [659]
Apr 26 04:17:14 localhost systemd-udevd[645]: seq 4387 forked new worker [660]
Apr 26 04:17:14 localhost systemd-udevd[661]: seq 4388 running
Apr 26 04:17:14 localhost systemd-udevd[652]: seq 4381 processed with 0
Apr 26 04:17:14 localhost systemd-udevd[654]: passed unknown number of bytes to netlink monitor 0x7f9d53f16ac0
Apr 26 04:17:14 localhost systemd-udevd[645]: seq 4388 forked new worker [661]
Apr 26 04:17:14 localhost systemd-udevd[661]: sd-device: failed to read uevent file '/sys/bus/acpi/drivers/uevent': No such file or directory
Apr 26 04:17:14 localhost systemd-udevd[657]: seq 4384 running
Apr 26 04:17:14 localhost systemd-udevd[654]: seq 4383 processed with 0
Apr 26 04:17:14 localhost systemd-udevd[660]: seq 4387 running
Apr 26 04:17:14 localhost systemd-udevd[645]: seq 4389 queued, 'add' 'drivers'
Apr 26 04:17:14 localhost systemd-udevd[661]: passed unknown number of bytes to netlink monitor 0x7f9d53f176a0
Apr 26 04:17:14 localhost systemd-udevd[657]: sd-device: failed to read uevent file '/sys/bus/acpi/drivers/uevent': No such file or directory
Apr 26 04:17:14 localhost systemd-udevd[660]: sd-device: failed to read uevent file '/sys/bus/acpi/drivers/uevent': No such file or directory
Apr 26 04:17:14 localhost systemd-udevd[645]: passed 137 bytes to netlink monitor 0x7f9d53f072e0
Apr 26 04:17:14 localhost systemd-udevd[652]: seq 4389 running
Apr 26 04:17:14 localhost systemd-udevd[661]: seq 4388 processed with 0
Apr 26 04:17:14 localhost systemd-udevd[657]: passed unknown number of bytes to netlink monitor 0x7f9d53f16d20
Apr 26 04:17:14 localhost systemd-udevd[660]: passed unknown number of bytes to netlink monitor 0x7f9d53f17440
Apr 26 04:17:14 localhost systemd-udevd[645]: seq 4390 queued, 'add' 'bus'
Apr 26 04:17:14 localhost systemd-udevd[652]: sd-device: failed to read uevent file '/sys/bus/acpi/drivers/uevent': No such file or directory
Apr 26 04:17:14 localhost systemd-udevd[657]: seq 4384 processed with 0
Apr 26 04:17:14 localhost systemd-udevd[660]: seq 4387 processed with 0
Apr 26 04:17:14 localhost systemd-udevd[645]: passed 128 bytes to netlink monitor 0x7f9d53f072e0
Apr 26 04:17:14 localhost systemd-udevd[653]: seq 4390 running
Apr 26 04:17:14 localhost systemd-udevd[652]: passed unknown number of bytes to netlink monitor 0x7f9d53f13c50
Apr 26 04:17:14 localhost systemd-udevd[645]: seq 4391 queued, 'add' 'bus'
Apr 26 04:17:14 localhost systemd-udevd[653]: sd-device: failed to read uevent file '/sys/bus/uevent': No such file or directory
Apr 26 04:17:14 localhost systemd-udevd[652]: seq 4389 processed with 0
Apr 26 04:17:14 localhost systemd-udevd[645]: passed 128 bytes to netlink monitor 0x7f9d53f072e0
Apr 26 04:17:14 localhost systemd-udevd[654]: seq 4391 running
Apr 26 04:17:14 localhost systemd-udevd[653]: passed unknown number of bytes to netlink monitor 0x7f9d53f16860
Apr 26 04:17:14 localhost systemd-udevd[645]: seq 4392 queued, 'add' 'bus'
Apr 26 04:17:14 localhost systemd-udevd[654]: sd-device: failed to read uevent file '/sys/bus/uevent': No such file or directory
Apr 26 04:17:14 localhost systemd-udevd[653]: seq 4390 processed with 0
Apr 26 04:17:14 localhost systemd-udevd[645]: passed 126 bytes to netlink monitor 0x7f9d53f072e0
Apr 26 04:17:14 localhost systemd-udevd[652]: seq 4392 running
Apr 26 04:17:14 localhost systemd-udevd[654]: passed unknown number of bytes to netlink monitor 0x7f9d53f16ac0
Apr 26 04:17:14 localhost systemd-udevd[645]: seq 4393 queued, 'add' 'bus'
Apr 26 04:17:14 localhost systemd-udevd[652]: sd-device: failed to read uevent file '/sys/bus/uevent': No such file or directory
Apr 26 04:17:14 localhost systemd-udevd[658]: seq 4385 running
Apr 26 04:17:14 localhost systemd-udevd[658]: sd-device: failed to read uevent file '/sys/bus/acpi/drivers/uevent': No such file or directory
Apr 26 04:17:14 localhost systemd-udevd[654]: seq 4391 processed with 0
Apr 26 04:17:14 localhost systemd-udevd[645]: passed 120 bytes to netlink monitor 0x7f9d53f072e0
Apr 26 04:17:14 localhost systemd-udevd[653]: seq 4393 running
Apr 26 04:17:14 localhost systemd-udevd[652]: passed unknown number of bytes to netlink monitor 0x7f9d53f13c50
Apr 26 04:17:14 localhost systemd-udevd[659]: seq 4386 running
Apr 26 04:17:14 localhost systemd-udevd[658]: passed unknown number of bytes to netlink monitor 0x7f9d53f16f80
Apr 26 04:17:14 localhost systemd-udevd[645]: seq 4394 queued, 'add' 'drivers'
Apr 26 04:17:14 localhost systemd-udevd[653]: sd-device: failed to read uevent file '/sys/bus/uevent': No such file or directory
Apr 26 04:17:14 localhost systemd-udevd[652]: seq 4392 processed with 0
Apr 26 04:17:14 localhost systemd-udevd[659]: sd-device: failed to read uevent file '/sys/bus/acpi/drivers/uevent': No such file or directory
Apr 26 04:17:14 localhost systemd-udevd[658]: seq 4385 processed with 0
Apr 26 04:17:14 localhost systemd-udevd[645]: seq 4395 queued, 'add' 'bus'
Apr 26 04:17:14 localhost systemd-udevd[653]: passed unknown number of bytes to netlink monitor 0x7f9d53f16860
Apr 26 04:17:14 localhost systemd-udevd[659]: passed unknown number of bytes to netlink monitor 0x7f9d53f171e0
Apr 26 04:17:14 localhost systemd-udevd[645]: passed 129 bytes to netlink monitor 0x7f9d53f072e0
Apr 26 04:17:14 localhost systemd-udevd[654]: seq 4395 running
Apr 26 04:17:14 localhost systemd-udevd[653]: seq 4393 processed with 0
Apr 26 04:17:14 localhost systemd-udevd[659]: seq 4386 processed with 0
Apr 26 04:17:14 localhost systemd-udevd[645]: seq 4396 queued, 'add' 'bus'
Apr 26 04:17:14 localhost systemd-udevd[654]: IMPORT builtin 'hwdb' /usr/lib/udev/rules.d/60-evdev.rules:8
Apr 26 04:17:14 localhost systemd-udevd[645]: passed 120 bytes to netlink monitor 0x7f9d53f072e0
Apr 26 04:17:14 localhost systemd-udevd[652]: seq 4396 running
Apr 26 04:17:14 localhost systemd-udevd[654]: IMPORT builtin 'hwdb' returned non-zero
Apr 26 04:17:14 localhost systemd-udevd[645]: seq 4397 queued, 'add' 'drivers'
Apr 26 04:17:14 localhost systemd-udevd[652]: sd-device: failed to read uevent file '/sys/bus/uevent': No such file or directory
Apr 26 04:17:14 localhost systemd-udevd[654]: sd-device: failed to read uevent file '/sys/bus/uevent': No such file or directory
Apr 26 04:17:14 localhost systemd-udevd[645]: passed 142 bytes to netlink monitor 0x7f9d53f072e0
Apr 26 04:17:14 localhost systemd-udevd[653]: seq 4394 running
Apr 26 04:17:14 localhost systemd-udevd[652]: passed unknown number of bytes to netlink monitor 0x7f9d53f13c50
Apr 26 04:17:14 localhost systemd-udevd[654]: passed unknown number of bytes to netlink monitor 0x7f9d53f16ac0
Apr 26 04:17:14 localhost systemd-udevd[645]: seq 4398 queued, 'add' 'drivers'
Apr 26 04:17:14 localhost systemd-udevd[653]: sd-device: failed to read uevent file '/sys/bus/cpu/drivers/uevent': No such file or directory
Apr 26 04:17:14 localhost systemd-udevd[652]: seq 4396 processed with 0
Apr 26 04:17:14 localhost systemd-udevd[654]: seq 4395 processed with 0
Apr 26 04:17:14 localhost systemd-udevd[645]: seq 4399 queued, 'add' 'drivers'
Apr 26 04:17:14 localhost systemd-udevd[653]: passed unknown number of bytes to netlink monitor 0x7f9d53f16860
Apr 26 04:17:14 localhost systemd-udevd[645]: seq 4400 queued, 'add' 'bus'
Apr 26 04:17:14 localhost systemd-udevd[653]: seq 4394 processed with 0
Apr 26 04:17:14 localhost systemd-udevd[645]: passed 144 bytes to netlink monitor 0x7f9d53f072e0
Apr 26 04:17:14 localhost systemd-udevd[652]: seq 4397 running
Apr 26 04:17:14 localhost systemd-udevd[645]: passed 152 bytes to netlink monitor 0x7f9d53f072e0
Apr 26 04:17:14 localhost systemd-udevd[654]: seq 4398 running
Apr 26 04:17:14 localhost systemd-udevd[652]: sd-device: failed to read uevent file '/sys/bus/hid/drivers/uevent': No such file or directory
Apr 26 04:17:14 localhost systemd-udevd[645]: passed 154 bytes to netlink monitor 0x7f9d53f072e0
Apr 26 04:17:14 localhost systemd-udevd[657]: seq 4399 running
Apr 26 04:17:14 localhost systemd-udevd[654]: sd-device: failed to read uevent file '/sys/bus/hid/drivers/uevent': No such file or directory
Apr 26 04:17:14 localhost systemd-udevd[652]: passed unknown number of bytes to netlink monitor 0x7f9d53f13c50
Apr 26 04:17:14 localhost systemd-udevd[645]: passed 120 bytes to netlink monitor 0x7f9d53f072e0
Apr 26 04:17:14 localhost systemd-udevd[658]: seq 4400 running
Apr 26 04:17:14 localhost systemd-udevd[657]: sd-device: failed to read uevent file '/sys/bus/hid/drivers/uevent': No such file or directory
Apr 26 04:17:14 localhost systemd-udevd[654]: passed unknown number of bytes to netlink monitor 0x7f9d53f16ac0
Apr 26 04:17:14 localhost systemd-udevd[652]: seq 4397 processed with 0
Apr 26 04:17:14 localhost systemd-udevd[645]: seq 4401 queued, 'add' 'drivers'
Apr 26 04:17:14 localhost systemd-udevd[658]: sd-device: failed to read uevent file '/sys/bus/uevent': No such file or directory
Apr 26 04:17:14 localhost systemd-udevd[657]: passed unknown number of bytes to netlink monitor 0x7f9d53f16d20
Apr 26 04:17:14 localhost systemd-udevd[654]: seq 4398 processed with 0
Apr 26 04:17:14 localhost systemd-udevd[645]: seq 4402 queued, 'add' 'bus'
Apr 26 04:17:14 localhost systemd-udevd[658]: passed unknown number of bytes to netlink monitor 0x7f9d53f16f80
Apr 26 04:17:14 localhost systemd-udevd[657]: seq 4399 processed with 0
Apr 26 04:17:14 localhost systemd-udevd[645]: passed 129 bytes to netlink monitor 0x7f9d53f072e0
Apr 26 04:17:14 localhost systemd-udevd[652]: seq 4402 running
Apr 26 04:17:14 localhost systemd-udevd[658]: seq 4400 processed with 0
Apr 26 04:17:14 localhost systemd-udevd[645]: seq 4403 queued, 'add' 'bus'
Apr 26 04:17:14 localhost systemd-udevd[652]: sd-device: failed to read uevent file '/sys/bus/uevent': No such file or directory
Apr 26 04:17:14 localhost systemd-udevd[645]: passed 120 bytes to netlink monitor 0x7f9d53f072e0
Apr 26 04:17:14 localhost systemd-udevd[653]: seq 4403 running
Apr 26 04:17:14 localhost systemd-udevd[652]: passed unknown number of bytes to netlink monitor 0x7f9d53f13c50
Apr 26 04:17:14 localhost systemd-udevd[645]: seq 4404 queued, 'add' 'bus'
Apr 26 04:17:14 localhost systemd-udevd[653]: sd-device: failed to read uevent file '/sys/bus/uevent': No such file or directory
Apr 26 04:17:14 localhost systemd-udevd[652]: seq 4402 processed with 0
Apr 26 04:17:14 localhost systemd-udevd[645]: passed 138 bytes to netlink monitor 0x7f9d53f072e0
Apr 26 04:17:14 localhost systemd-udevd[654]: seq 4401 running
Apr 26 04:17:14 localhost systemd-udevd[653]: passed unknown number of bytes to netlink monitor 0x7f9d53f16860
Apr 26 04:17:14 localhost systemd-udevd[645]: passed 123 bytes to netlink monitor 0x7f9d53f072e0
Apr 26 04:17:14 localhost systemd-udevd[657]: seq 4404 running
Apr 26 04:17:14 localhost systemd-udevd[654]: sd-device: failed to read uevent file '/sys/bus/i2c/drivers/uevent': No such file or directory
Apr 26 04:17:14 localhost systemd-udevd[653]: seq 4403 processed with 0
Apr 26 04:17:14 localhost systemd-udevd[645]: seq 4405 queued, 'add' 'bus'
Apr 26 04:17:14 localhost systemd-udevd[657]: sd-device: failed to read uevent file '/sys/bus/uevent': No such file or directory
Apr 26 04:17:14 localhost systemd-udevd[654]: passed unknown number of bytes to netlink monitor 0x7f9d53f16ac0
Apr 26 04:17:14 localhost systemd-udevd[645]: passed 121 bytes to netlink monitor 0x7f9d53f072e0
Apr 26 04:17:14 localhost systemd-udevd[652]: seq 4405 running
Apr 26 04:17:14 localhost systemd-udevd[657]: passed unknown number of bytes to netlink monitor 0x7f9d53f16d20
Apr 26 04:17:14 localhost systemd-udevd[654]: seq 4401 processed with 0
Apr 26 04:17:14 localhost systemd-udevd[645]: seq 4406 queued, 'add' 'bus'
Apr 26 04:17:14 localhost systemd-udevd[652]: sd-device: failed to read uevent file '/sys/bus/uevent': No such file or directory
Apr 26 04:17:14 localhost systemd-udevd[657]: seq 4404 processed with 0
Apr 26 04:17:14 localhost systemd-udevd[645]: passed 120 bytes to netlink monitor 0x7f9d53f072e0
Apr 26 04:17:14 localhost systemd-udevd[653]: seq 4406 running
Apr 26 04:17:14 localhost systemd-udevd[652]: passed unknown number of bytes to netlink monitor 0x7f9d53f13c50
Apr 26 04:17:14 localhost systemd-udevd[645]: seq 4407 queued, 'add' 'drivers'
Apr 26 04:17:14 localhost systemd-udevd[653]: sd-device: failed to read uevent file '/sys/bus/uevent': No such file or directory
Apr 26 04:17:14 localhost systemd-udevd[652]: seq 4405 processed with 0
Apr 26 04:17:14 localhost systemd-udevd[645]: seq 4408 queued, 'add' 'drivers'
Apr 26 04:17:14 localhost systemd-udevd[653]: passed unknown number of bytes to netlink monitor 0x7f9d53f16860
Apr 26 04:17:14 localhost systemd-udevd[645]: seq 4409 queued, 'add' 'drivers'
Apr 26 04:17:14 localhost systemd-udevd[653]: seq 4406 processed with 0
Apr 26 04:17:14 localhost systemd-udevd[645]: seq 4410 queued, 'add' 'drivers'
Apr 26 04:17:14 localhost systemd-udevd[645]: seq 4411 queued, 'add' 'drivers'
Apr 26 04:17:14 localhost systemd-udevd[645]: passed 137 bytes to netlink monitor 0x7f9d53f072e0
Apr 26 04:17:14 localhost systemd-udevd[652]: seq 4407 running
Apr 26 04:17:14 localhost systemd-udevd[645]: passed 141 bytes to netlink monitor 0x7f9d53f072e0
Apr 26 04:17:14 localhost systemd-udevd[653]: seq 4408 running
Apr 26 04:17:14 localhost systemd-udevd[652]: sd-device: failed to read uevent file '/sys/bus/pci/drivers/uevent': No such file or directory
Apr 26 04:17:14 localhost systemd-udevd[645]: passed 143 bytes to netlink monitor 0x7f9d53f072e0
Apr 26 04:17:14 localhost systemd-udevd[654]: seq 4409 running
Apr 26 04:17:14 localhost systemd-udevd[653]: sd-device: failed to read uevent file '/sys/bus/pci/drivers/uevent': No such file or directory
Apr 26 04:17:14 localhost systemd-udevd[652]: passed unknown number of bytes to netlink monitor 0x7f9d53f13c50
Apr 26 04:17:14 localhost systemd-udevd[645]: passed 143 bytes to netlink monitor 0x7f9d53f072e0
Apr 26 04:17:14 localhost systemd-udevd[657]: seq 4410 running
Apr 26 04:17:14 localhost systemd-udevd[654]: sd-device: failed to read uevent file '/sys/bus/pci/drivers/uevent': No such file or directory
Apr 26 04:17:14 localhost systemd-udevd[653]: passed unknown number of bytes to netlink monitor 0x7f9d53f16860
Apr 26 04:17:14 localhost systemd-udevd[652]: seq 4407 processed with 0
Apr 26 04:17:14 localhost systemd-udevd[645]: passed 145 bytes to netlink monitor 0x7f9d53f072e0
Apr 26 04:17:14 localhost systemd-udevd[658]: seq 4411 running
Apr 26 04:17:14 localhost systemd-udevd[657]: sd-device: failed to read uevent file '/sys/bus/pci/drivers/uevent': No such file or directory
Apr 26 04:17:14 localhost systemd-udevd[654]: passed unknown number of bytes to netlink monitor 0x7f9d53f16ac0
Apr 26 04:17:14 localhost systemd-udevd[653]: seq 4408 processed with 0
Apr 26 04:17:14 localhost systemd-udevd[645]: seq 4412 queued, 'add' 'drivers'
Apr 26 04:17:14 localhost systemd-udevd[658]: sd-device: failed to read uevent file '/sys/bus/pci/drivers/uevent': No such file or directory
Apr 26 04:17:14 localhost systemd-udevd[657]: passed unknown number of bytes to netlink monitor 0x7f9d53f16d20
Apr 26 04:17:14 localhost systemd-udevd[654]: seq 4409 processed with 0
Apr 26 04:17:14 localhost systemd-udevd[645]: passed 140 bytes to netlink monitor 0x7f9d53f072e0
Apr 26 04:17:14 localhost systemd-udevd[652]: seq 4412 running
Apr 26 04:17:14 localhost systemd-udevd[658]: passed unknown number of bytes to netlink monitor 0x7f9d53f16f80
Apr 26 04:17:14 localhost systemd-udevd[657]: seq 4410 processed with 0
Apr 26 04:17:14 localhost systemd-udevd[645]: seq 4413 queued, 'add' 'drivers'
Apr 26 04:17:14 localhost systemd-udevd[652]: sd-device: failed to read uevent file '/sys/bus/pci/drivers/uevent': No such file or directory
Apr 26 04:17:14 localhost systemd-udevd[658]: seq 4411 processed with 0
Apr 26 04:17:14 localhost systemd-udevd[645]: passed 139 bytes to netlink monitor 0x7f9d53f072e0
Apr 26 04:17:14 localhost systemd-udevd[653]: seq 4413 running
Apr 26 04:17:14 localhost systemd-udevd[652]: passed unknown number of bytes to netlink monitor 0x7f9d53f13c50
Apr 26 04:17:14 localhost systemd-udevd[645]: seq 4414 queued, 'add' 'drivers'
Apr 26 04:17:14 localhost systemd-udevd[653]: sd-device: failed to read uevent file '/sys/bus/pci/drivers/uevent': No such file or directory
Apr 26 04:17:14 localhost systemd-udevd[652]: seq 4412 processed with 0
Apr 26 04:17:14 localhost systemd-udevd[645]: passed 139 bytes to netlink monitor 0x7f9d53f072e0
Apr 26 04:17:14 localhost systemd-udevd[654]: seq 4414 running
Apr 26 04:17:14 localhost systemd-udevd[653]: passed unknown number of bytes to netlink monitor 0x7f9d53f16860
Apr 26 04:17:14 localhost systemd-udevd[645]: seq 4415 queued, 'add' 'drivers'
Apr 26 04:17:14 localhost systemd-udevd[654]: sd-device: failed to read uevent file '/sys/bus/pci/drivers/uevent': No such file or directory
Apr 26 04:17:14 localhost systemd-udevd[653]: seq 4413 processed with 0
Apr 26 04:17:14 localhost systemd-udevd[645]: passed 139 bytes to netlink monitor 0x7f9d53f072e0
Apr 26 04:17:14 localhost systemd-udevd[652]: seq 4415 running
Apr 26 04:17:14 localhost systemd-udevd[654]: passed unknown number of bytes to netlink monitor 0x7f9d53f16ac0
Apr 26 04:17:14 localhost systemd-udevd[645]: seq 4416 queued, 'add' 'drivers'
Apr 26 04:17:14 localhost systemd-udevd[652]: sd-device: failed to read uevent file '/sys/bus/pci/drivers/uevent': No such file or directory
Apr 26 04:17:14 localhost systemd-udevd[654]: seq 4414 processed with 0
Apr 26 04:17:14 localhost systemd-udevd[645]: passed 141 bytes to netlink monitor 0x7f9d53f072e0
Apr 26 04:17:14 localhost systemd-udevd[653]: seq 4416 running
Apr 26 04:17:14 localhost systemd-udevd[652]: passed unknown number of bytes to netlink monitor 0x7f9d53f13c50
Apr 26 04:17:14 localhost systemd-udevd[645]: seq 4417 queued, 'add' 'drivers'
Apr 26 04:17:14 localhost systemd-udevd[653]: sd-device: failed to read uevent file '/sys/bus/pci/drivers/uevent': No such file or directory
Apr 26 04:17:14 localhost systemd-udevd[652]: seq 4415 processed with 0
Apr 26 04:17:14 localhost systemd-udevd[645]: passed 138 bytes to netlink monitor 0x7f9d53f072e0
Apr 26 04:17:14 localhost systemd-udevd[654]: seq 4417 running
Apr 26 04:17:14 localhost systemd-udevd[653]: passed unknown number of bytes to netlink monitor 0x7f9d53f16860
Apr 26 04:17:14 localhost systemd-udevd[645]: seq 4418 queued, 'add' 'drivers'
Apr 26 04:17:14 localhost systemd-udevd[654]: sd-device: failed to read uevent file '/sys/bus/pci/drivers/uevent': No such file or directory
Apr 26 04:17:14 localhost systemd-udevd[653]: seq 4416 processed with 0
Apr 26 04:17:14 localhost systemd-udevd[645]: passed 139 bytes to netlink monitor 0x7f9d53f072e0
Apr 26 04:17:14 localhost systemd-udevd[652]: seq 4418 running
Apr 26 04:17:14 localhost systemd-udevd[654]: passed unknown number of bytes to netlink monitor 0x7f9d53f16ac0
Apr 26 04:17:14 localhost systemd-udevd[645]: seq 4419 queued, 'add' 'drivers'
Apr 26 04:17:14 localhost systemd-udevd[652]: sd-device: failed to read uevent file '/sys/bus/pci/drivers/uevent': No such file or directory
Apr 26 04:17:14 localhost systemd-udevd[654]: seq 4417 processed with 0
Apr 26 04:17:14 localhost systemd-udevd[645]: passed 139 bytes to netlink monitor 0x7f9d53f072e0
Apr 26 04:17:14 localhost systemd-udevd[653]: seq 4419 running
Apr 26 04:17:14 localhost systemd-udevd[652]: passed unknown number of bytes to netlink monitor 0x7f9d53f13c50
Apr 26 04:17:14 localhost systemd-udevd[645]: seq 4420 queued, 'add' 'drivers'
Apr 26 04:17:14 localhost systemd-udevd[653]: sd-device: failed to read uevent file '/sys/bus/pci/drivers/uevent': No such file or directory
Apr 26 04:17:14 localhost systemd-udevd[652]: seq 4418 processed with 0
Apr 26 04:17:14 localhost systemd-udevd[645]: passed 146 bytes to netlink monitor 0x7f9d53f072e0
Apr 26 04:17:14 localhost systemd-udevd[654]: seq 4420 running
Apr 26 04:17:14 localhost systemd-udevd[653]: passed unknown number of bytes to netlink monitor 0x7f9d53f16860
Apr 26 04:17:14 localhost systemd-udevd[645]: seq 4421 queued, 'add' 'drivers'
Apr 26 04:17:14 localhost systemd-udevd[654]: sd-device: failed to read uevent file '/sys/bus/pci/drivers/uevent': No such file or directory
Apr 26 04:17:14 localhost systemd-udevd[653]: seq 4419 processed with 0
Apr 26 04:17:14 localhost systemd-udevd[645]: passed 145 bytes to netlink monitor 0x7f9d53f072e0
Apr 26 04:17:14 localhost systemd-udevd[652]: seq 4421 running
Apr 26 04:17:14 localhost systemd-udevd[654]: passed unknown number of bytes to netlink monitor 0x7f9d53f16ac0
Apr 26 04:17:14 localhost systemd-udevd[645]: seq 4422 queued, 'add' 'drivers'
Apr 26 04:17:14 localhost systemd-udevd[652]: sd-device: failed to read uevent file '/sys/bus/pci/drivers/uevent': No such file or directory
Apr 26 04:17:14 localhost systemd-udevd[654]: seq 4420 processed with 0
Apr 26 04:17:14 localhost systemd-udevd[645]: passed 149 bytes to netlink monitor 0x7f9d53f072e0
Apr 26 04:17:14 localhost systemd-udevd[653]: seq 4422 running
Apr 26 04:17:14 localhost systemd-udevd[652]: passed unknown number of bytes to netlink monitor 0x7f9d53f13c50
Apr 26 04:17:14 localhost systemd-udevd[645]: seq 4423 queued, 'add' 'drivers'
Apr 26 04:17:14 localhost systemd-udevd[653]: sd-device: failed to read uevent file '/sys/bus/pci/drivers/uevent': No such file or directory
Apr 26 04:17:14 localhost systemd-udevd[652]: seq 4421 processed with 0
Apr 26 04:17:14 localhost systemd-udevd[645]: passed 141 bytes to netlink monitor 0x7f9d53f072e0
Apr 26 04:17:14 localhost systemd-udevd[654]: seq 4423 running
Apr 26 04:17:14 localhost systemd-udevd[653]: passed unknown number of bytes to netlink monitor 0x7f9d53f16860
Apr 26 04:17:14 localhost systemd-udevd[653]: seq 4422 processed with 0
Apr 26 04:17:14 localhost systemd-udevd[654]: sd-device: failed to read uevent file '/sys/bus/pci/drivers/uevent': No such file or directory
Apr 26 04:17:14 localhost systemd-udevd[654]: passed unknown number of bytes to netlink monitor 0x7f9d53f16ac0
Apr 26 04:17:14 localhost systemd-udevd[654]: seq 4423 processed with 0
Apr 26 04:17:14 localhost systemd-udevd[645]: seq 4424 queued, 'add' 'bus'
Apr 26 04:17:14 localhost systemd-udevd[645]: passed 128 bytes to netlink monitor 0x7f9d53f072e0
Apr 26 04:17:14 localhost systemd-udevd[652]: seq 4424 running
Apr 26 04:17:14 localhost systemd-udevd[645]: seq 4425 queued, 'add' 'drivers'
Apr 26 04:17:14 localhost systemd-udevd[645]: seq 4426 queued, 'add' 'drivers'
Apr 26 04:17:14 localhost systemd-udevd[652]: sd-device: failed to read uevent file '/sys/bus/uevent': No such file or directory
Apr 26 04:17:14 localhost systemd-udevd[645]: seq 4427 queued, 'add' 'drivers'
Apr 26 04:17:14 localhost systemd-udevd[652]: passed unknown number of bytes to netlink monitor 0x7f9d53f13c50
Apr 26 04:17:14 localhost systemd-udevd[652]: seq 4424 processed with 0
Apr 26 04:17:14 localhost systemd-udevd[645]: seq 4428 queued, 'add' 'bus'
Apr 26 04:17:14 localhost systemd-udevd[645]: passed 125 bytes to netlink monitor 0x7f9d53f072e0
Apr 26 04:17:14 localhost systemd-udevd[653]: seq 4428 running
Apr 26 04:17:14 localhost systemd-udevd[645]: seq 4429 queued, 'add' 'drivers'
Apr 26 04:17:14 localhost systemd-udevd[645]: passed 144 bytes to netlink monitor 0x7f9d53f072e0
Apr 26 04:17:14 localhost systemd-udevd[653]: sd-device: failed to read uevent file '/sys/bus/uevent': No such file or directory
Apr 26 04:17:14 localhost systemd-udevd[652]: seq 4425 running
Apr 26 04:17:14 localhost systemd-udevd[645]: passed 149 bytes to netlink monitor 0x7f9d53f072e0
Apr 26 04:17:14 localhost systemd-udevd[654]: seq 4426 running
Apr 26 04:17:14 localhost systemd-udevd[653]: passed unknown number of bytes to netlink monitor 0x7f9d53f16860
Apr 26 04:17:14 localhost systemd-udevd[652]: sd-device: failed to read uevent file '/sys/bus/pci_express/drivers/uevent': No such file or directory
Apr 26 04:17:14 localhost systemd-udevd[645]: passed 147 bytes to netlink monitor 0x7f9d53f072e0
Apr 26 04:17:14 localhost systemd-udevd[657]: seq 4427 running
Apr 26 04:17:14 localhost systemd-udevd[654]: sd-device: failed to read uevent file '/sys/bus/pci_express/drivers/uevent': No such file or directory
Apr 26 04:17:14 localhost systemd-udevd[653]: seq 4428 processed with 0
Apr 26 04:17:14 localhost systemd-udevd[652]: passed unknown number of bytes to netlink monitor 0x7f9d53f13c50
Apr 26 04:17:14 localhost systemd-udevd[645]: seq 4430 queued, 'add' 'drivers'
Apr 26 04:17:14 localhost systemd-udevd[657]: sd-device: failed to read uevent file '/sys/bus/pci_express/drivers/uevent': No such file or directory
Apr 26 04:17:14 localhost systemd-udevd[645]: seq 4431 queued, 'add' 'drivers'
Apr 26 04:17:14 localhost systemd-udevd[652]: seq 4425 processed with 0
Apr 26 04:17:14 localhost systemd-udevd[657]: passed unknown number of bytes to netlink monitor 0x7f9d53f16d20
Apr 26 04:17:14 localhost systemd-udevd[654]: passed unknown number of bytes to netlink monitor 0x7f9d53f16ac0
Apr 26 04:17:14 localhost systemd-udevd[645]: passed 146 bytes to netlink monitor 0x7f9d53f072e0
Apr 26 04:17:14 localhost systemd-udevd[653]: seq 4429 running
Apr 26 04:17:14 localhost systemd-udevd[657]: seq 4427 processed with 0
Apr 26 04:17:14 localhost systemd-udevd[654]: seq 4426 processed with 0
Apr 26 04:17:14 localhost systemd-udevd[645]: passed 148 bytes to netlink monitor 0x7f9d53f072e0
Apr 26 04:17:14 localhost systemd-udevd[658]: seq 4430 running
Apr 26 04:17:14 localhost systemd-udevd[653]: sd-device: failed to read uevent file '/sys/bus/platform/drivers/uevent': No such file or directory
Apr 26 04:17:14 localhost systemd-udevd[645]: passed 146 bytes to netlink monitor 0x7f9d53f072e0
Apr 26 04:17:14 localhost systemd-udevd[659]: seq 4431 running
Apr 26 04:17:14 localhost systemd-udevd[658]: sd-device: failed to read uevent file '/sys/bus/platform/drivers/uevent': No such file or directory
Apr 26 04:17:14 localhost systemd-udevd[653]: passed unknown number of bytes to netlink monitor 0x7f9d53f16860
Apr 26 04:17:14 localhost systemd-udevd[645]: seq 4432 queued, 'add' 'drivers'
Apr 26 04:17:14 localhost systemd-udevd[659]: sd-device: failed to read uevent file '/sys/bus/platform/drivers/uevent': No such file or directory
Apr 26 04:17:14 localhost systemd-udevd[658]: passed unknown number of bytes to netlink monitor 0x7f9d53f16f80
Apr 26 04:17:14 localhost systemd-udevd[653]: seq 4429 processed with 0
Apr 26 04:17:14 localhost systemd-udevd[645]: passed 145 bytes to netlink monitor 0x7f9d53f072e0
Apr 26 04:17:14 localhost systemd-udevd[652]: seq 4432 running
Apr 26 04:17:14 localhost systemd-udevd[659]: passed unknown number of bytes to netlink monitor 0x7f9d53f171e0
Apr 26 04:17:14 localhost systemd-udevd[658]: seq 4430 processed with 0
Apr 26 04:17:14 localhost systemd-udevd[645]: seq 4433 queued, 'add' 'drivers'
Apr 26 04:17:14 localhost systemd-udevd[652]: sd-device: failed to read uevent file '/sys/bus/platform/drivers/uevent': No such file or directory
Apr 26 04:17:14 localhost systemd-udevd[659]: seq 4431 processed with 0
Apr 26 04:17:14 localhost systemd-udevd[645]: passed 146 bytes to netlink monitor 0x7f9d53f072e0
Apr 26 04:17:14 localhost systemd-udevd[653]: seq 4433 running
Apr 26 04:17:14 localhost systemd-udevd[652]: passed unknown number of bytes to netlink monitor 0x7f9d53f13c50
Apr 26 04:17:14 localhost systemd-udevd[645]: seq 4434 queued, 'add' 'drivers'
Apr 26 04:17:14 localhost systemd-udevd[653]: sd-device: failed to read uevent file '/sys/bus/platform/drivers/uevent': No such file or directory
Apr 26 04:17:14 localhost systemd-udevd[652]: seq 4432 processed with 0
Apr 26 04:17:14 localhost systemd-udevd[645]: passed 147 bytes to netlink monitor 0x7f9d53f072e0
Apr 26 04:17:14 localhost systemd-udevd[654]: seq 4434 running
Apr 26 04:17:14 localhost systemd-udevd[653]: passed unknown number of bytes to netlink monitor 0x7f9d53f16860
Apr 26 04:17:14 localhost systemd-udevd[645]: seq 4435 queued, 'add' 'drivers'
Apr 26 04:17:14 localhost systemd-udevd[654]: sd-device: failed to read uevent file '/sys/bus/platform/drivers/uevent': No such file or directory
Apr 26 04:17:14 localhost systemd-udevd[653]: seq 4433 processed with 0
Apr 26 04:17:14 localhost systemd-udevd[645]: passed 153 bytes to netlink monitor 0x7f9d53f072e0
Apr 26 04:17:14 localhost systemd-udevd[652]: seq 4435 running
Apr 26 04:17:14 localhost systemd-udevd[654]: passed unknown number of bytes to netlink monitor 0x7f9d53f16ac0
Apr 26 04:17:14 localhost systemd-udevd[645]: seq 4436 queued, 'add' 'drivers'
Apr 26 04:17:14 localhost systemd-udevd[652]: sd-device: failed to read uevent file '/sys/bus/platform/drivers/uevent': No such file or directory
Apr 26 04:17:14 localhost systemd-udevd[654]: seq 4434 processed with 0
Apr 26 04:17:14 localhost systemd-udevd[645]: passed 143 bytes to netlink monitor 0x7f9d53f072e0
Apr 26 04:17:14 localhost systemd-udevd[653]: seq 4436 running
Apr 26 04:17:14 localhost systemd-udevd[652]: passed unknown number of bytes to netlink monitor 0x7f9d53f13c50
Apr 26 04:17:14 localhost systemd-udevd[645]: seq 4437 queued, 'add' 'drivers'
Apr 26 04:17:14 localhost systemd-udevd[653]: sd-device: failed to read uevent file '/sys/bus/platform/drivers/uevent': No such file or directory
Apr 26 04:17:14 localhost systemd-udevd[652]: seq 4435 processed with 0
Apr 26 04:17:14 localhost systemd-udevd[645]: passed 146 bytes to netlink monitor 0x7f9d53f072e0
Apr 26 04:17:14 localhost systemd-udevd[654]: seq 4437 running
Apr 26 04:17:14 localhost systemd-udevd[653]: passed unknown number of bytes to netlink monitor 0x7f9d53f16860
Apr 26 04:17:14 localhost systemd-udevd[645]: seq 4438 queued, 'add' 'drivers'
Apr 26 04:17:14 localhost systemd-udevd[654]: sd-device: failed to read uevent file '/sys/bus/platform/drivers/uevent': No such file or directory
Apr 26 04:17:14 localhost systemd-udevd[653]: seq 4436 processed with 0
Apr 26 04:17:14 localhost systemd-udevd[645]: passed 148 bytes to netlink monitor 0x7f9d53f072e0
Apr 26 04:17:14 localhost systemd-udevd[652]: seq 4438 running
Apr 26 04:17:14 localhost systemd-udevd[652]: sd-device: failed to read uevent file '/sys/bus/platform/drivers/uevent': No such file or directory
Apr 26 04:17:14 localhost systemd-udevd[652]: passed unknown number of bytes to netlink monitor 0x7f9d53f13c50
Apr 26 04:17:14 localhost systemd-udevd[652]: seq 4438 processed with 0
Apr 26 04:17:14 localhost systemd-udevd[654]: passed unknown number of bytes to netlink monitor 0x7f9d53f16ac0
Apr 26 04:17:14 localhost systemd-udevd[654]: seq 4437 processed with 0
Apr 26 04:17:14 localhost systemd-udevd[645]: seq 4439 queued, 'add' 'drivers'
Apr 26 04:17:14 localhost systemd-udevd[645]: passed 144 bytes to netlink monitor 0x7f9d53f072e0
Apr 26 04:17:14 localhost systemd-udevd[645]: seq 4440 queued, 'add' 'drivers'
Apr 26 04:17:14 localhost systemd-udevd[645]: passed 154 bytes to netlink monitor 0x7f9d53f072e0
Apr 26 04:17:14 localhost systemd-udevd[645]: seq 4441 queued, 'add' 'bus'
Apr 26 04:17:14 localhost systemd-udevd[645]: passed 120 bytes to netlink monitor 0x7f9d53f072e0
Apr 26 04:17:14 localhost systemd-udevd[645]: seq 4442 queued, 'add' 'drivers'
Apr 26 04:17:14 localhost systemd-udevd[645]: seq 4443 queued, 'add' 'drivers'
Apr 26 04:17:14 localhost systemd-udevd[645]: seq 4444 queued, 'add' 'drivers'
Apr 26 04:17:14 localhost systemd-udevd[645]: seq 4445 queued, 'add' 'bus'
Apr 26 04:17:14 localhost systemd-udevd[652]: seq 4440 running
Apr 26 04:17:14 localhost systemd-udevd[653]: seq 4439 running
Apr 26 04:17:14 localhost systemd-udevd[654]: seq 4441 running
Apr 26 04:17:14 localhost systemd-udevd[645]: passed 121 bytes to netlink monitor 0x7f9d53f072e0
Apr 26 04:17:14 localhost systemd-udevd[657]: seq 4445 running
Apr 26 04:17:14 localhost systemd-udevd[652]: sd-device: failed to read uevent file '/sys/bus/platform/drivers/uevent': No such file or directory
Apr 26 04:17:14 localhost systemd-udevd[653]: sd-device: failed to read uevent file '/sys/bus/platform/drivers/uevent': No such file or directory
Apr 26 04:17:14 localhost systemd-udevd[654]: sd-device: failed to read uevent file '/sys/bus/uevent': No such file or directory
Apr 26 04:17:14 localhost systemd-udevd[645]: seq 4446 queued, 'add' 'drivers'
Apr 26 04:17:14 localhost systemd-udevd[657]: sd-device: failed to read uevent file '/sys/bus/uevent': No such file or directory
Apr 26 04:17:14 localhost systemd-udevd[652]: passed unknown number of bytes to netlink monitor 0x7f9d53f13c50
Apr 26 04:17:14 localhost systemd-udevd[653]: passed unknown number of bytes to netlink monitor 0x7f9d53f16860
Apr 26 04:17:14 localhost systemd-udevd[654]: passed unknown number of bytes to netlink monitor 0x7f9d53f16ac0
Apr 26 04:17:14 localhost systemd-udevd[645]: seq 4447 queued, 'add' 'drivers'
Apr 26 04:17:14 localhost systemd-udevd[657]: passed unknown number of bytes to netlink monitor 0x7f9d53f16d20
Apr 26 04:17:14 localhost systemd-udevd[652]: seq 4440 processed with 0
Apr 26 04:17:14 localhost systemd-udevd[653]: seq 4439 processed with 0
Apr 26 04:17:14 localhost systemd-udevd[654]: seq 4441 processed with 0
Apr 26 04:17:14 localhost systemd-udevd[645]: seq 4448 queued, 'add' 'bus'
Apr 26 04:17:14 localhost systemd-udevd[657]: seq 4445 processed with 0
Apr 26 04:17:14 localhost systemd-udevd[645]: passed 122 bytes to netlink monitor 0x7f9d53f072e0
Apr 26 04:17:14 localhost systemd-udevd[658]: seq 4448 running
Apr 26 04:17:14 localhost systemd-udevd[645]: seq 4449 queued, 'add' 'drivers'
Apr 26 04:17:14 localhost systemd-udevd[658]: sd-device: failed to read uevent file '/sys/bus/uevent': No such file or directory
Apr 26 04:17:14 localhost systemd-udevd[645]: passed 141 bytes to netlink monitor 0x7f9d53f072e0
Apr 26 04:17:14 localhost systemd-udevd[652]: seq 4442 running
Apr 26 04:17:14 localhost systemd-udevd[658]: passed unknown number of bytes to netlink monitor 0x7f9d53f16f80
Apr 26 04:17:14 localhost systemd-udevd[645]: passed 139 bytes to netlink monitor 0x7f9d53f072e0
Apr 26 04:17:14 localhost systemd-udevd[653]: seq 4443 running
Apr 26 04:17:14 localhost systemd-udevd[652]: sd-device: failed to read uevent file '/sys/bus/pnp/drivers/uevent': No such file or directory
Apr 26 04:17:14 localhost systemd-udevd[658]: seq 4448 processed with 0
Apr 26 04:17:14 localhost systemd-udevd[645]: passed 139 bytes to netlink monitor 0x7f9d53f072e0
Apr 26 04:17:14 localhost systemd-udevd[654]: seq 4444 running
Apr 26 04:17:14 localhost systemd-udevd[653]: sd-device: failed to read uevent file '/sys/bus/pnp/drivers/uevent': No such file or directory
Apr 26 04:17:14 localhost systemd-udevd[652]: passed unknown number of bytes to netlink monitor 0x7f9d53f13c50
Apr 26 04:17:14 localhost systemd-udevd[645]: passed 136 bytes to netlink monitor 0x7f9d53f072e0
Apr 26 04:17:14 localhost systemd-udevd[657]: seq 4446 running
Apr 26 04:17:14 localhost systemd-udevd[654]: sd-device: failed to read uevent file '/sys/bus/pnp/drivers/uevent': No such file or directory
Apr 26 04:17:14 localhost systemd-udevd[653]: passed unknown number of bytes to netlink monitor 0x7f9d53f16860
Apr 26 04:17:14 localhost systemd-udevd[652]: seq 4442 processed with 0
Apr 26 04:17:14 localhost systemd-udevd[645]: passed 136 bytes to netlink monitor 0x7f9d53f072e0
Apr 26 04:17:14 localhost systemd-udevd[659]: seq 4447 running
Apr 26 04:17:14 localhost systemd-udevd[657]: sd-device: failed to read uevent file '/sys/bus/scsi/drivers/uevent': No such file or directory
Apr 26 04:17:14 localhost systemd-udevd[654]: passed unknown number of bytes to netlink monitor 0x7f9d53f16ac0
Apr 26 04:17:14 localhost systemd-udevd[653]: seq 4443 processed with 0
Apr 26 04:17:14 localhost systemd-udevd[645]: seq 4450 queued, 'add' 'drivers'
Apr 26 04:17:14 localhost systemd-udevd[659]: sd-device: failed to read uevent file '/sys/bus/scsi/drivers/uevent': No such file or directory
Apr 26 04:17:14 localhost systemd-udevd[657]: passed unknown number of bytes to netlink monitor 0x7f9d53f16d20
Apr 26 04:17:14 localhost systemd-udevd[654]: seq 4444 processed with 0
Apr 26 04:17:14 localhost systemd-udevd[645]: passed 140 bytes to netlink monitor 0x7f9d53f072e0
Apr 26 04:17:14 localhost systemd-udevd[652]: seq 4449 running
Apr 26 04:17:14 localhost systemd-udevd[659]: passed unknown number of bytes to netlink monitor 0x7f9d53f171e0
Apr 26 04:17:14 localhost systemd-udevd[657]: seq 4446 processed with 0
Apr 26 04:17:14 localhost systemd-udevd[645]: passed 142 bytes to netlink monitor 0x7f9d53f072e0
Apr 26 04:17:14 localhost systemd-udevd[658]: seq 4450 running
Apr 26 04:17:14 localhost systemd-udevd[652]: sd-device: failed to read uevent file '/sys/bus/serio/drivers/uevent': No such file or directory
Apr 26 04:17:14 localhost systemd-udevd[659]: seq 4447 processed with 0
Apr 26 04:17:14 localhost systemd-udevd[658]: sd-device: failed to read uevent file '/sys/bus/serio/drivers/uevent': No such file or directory
Apr 26 04:17:14 localhost systemd-udevd[658]: passed unknown number of bytes to netlink monitor 0x7f9d53f16f80
Apr 26 04:17:14 localhost systemd-udevd[652]: passed unknown number of bytes to netlink monitor 0x7f9d53f13c50
Apr 26 04:17:14 localhost systemd-udevd[658]: seq 4450 processed with 0
Apr 26 04:17:14 localhost systemd-udevd[652]: seq 4449 processed with 0
Apr 26 04:17:14 localhost systemd-udevd[645]: seq 4451 queued, 'add' 'drivers'
Apr 26 04:17:14 localhost systemd-udevd[645]: passed 144 bytes to netlink monitor 0x7f9d53f072e0
